{"id":6488,"date":"2023-10-29T18:46:17","date_gmt":"2023-10-29T17:46:17","guid":{"rendered":"https:\/\/zsp1chojna.pl\/?page_id=6488"},"modified":"2023-10-29T18:46:19","modified_gmt":"2023-10-29T17:46:19","slug":"program-edukacyjny-kultura-bezpieczenstwa","status":"publish","type":"page","link":"https:\/\/zsp1chojna.pl\/?page_id=6488","title":{"rendered":"Program edukacyjny \u201eKultura bezpiecze\u0144stwa\u201d"},"content":{"rendered":"\n<p class=\"has-text-align-justify\">\u201eKultura bezpiecze\u0144stwa\u201d jest programem edukacyjnym realizowanym przez&nbsp;Pa\u0144stwow\u0105 Inspekcj\u0119 Pracy w&nbsp;\u015brodowisku uczni\u00f3w szk\u00f3\u0142 ponadpodstawowych oraz&nbsp;student\u00f3w. Nasza szko\u0142a przyst\u0105pi\u0142a do&nbsp;programu w&nbsp;2007&nbsp;roku.<\/p>\n\n\n\n<p>Cele programu:<\/p>\n\n\n\n<ul class=\"wp-block-list\">\n<li>Podniesienie w\u015br\u00f3d m\u0142odzie\u017cy szkolnej i&nbsp;akademickiej poziomu wiedzy z&nbsp;zakresu ochrony pracy oraz&nbsp;bezpiecznych i&nbsp;higienicznych warunk\u00f3w pracy.<\/li>\n\n\n\n<li>Kszta\u0142towanie \u015bwiadomo\u015bci zagro\u017ce\u0144 zawodowych wyst\u0119puj\u0105cych w&nbsp;\u015brodowisku pracy w\u015br\u00f3d uczni\u00f3w powy\u017cej 15&nbsp;roku \u017cycia oraz&nbsp;student\u00f3w (w&nbsp;szczeg\u00f3lno\u015bci kszta\u0142c\u0105cych si\u0119 w&nbsp;zawodach bran\u017c podwy\u017cszonego ryzyka np.&nbsp;w&nbsp;budownictwie).<\/li>\n\n\n\n<li>Popularyzacja zagadnie\u0144 zwi\u0105zanych z&nbsp;przestrzeganiem prawa pracy, zw\u0142aszcza problematyki zawierania um\u00f3w o&nbsp;prac\u0119, w&nbsp;tym cywilnoprawnych, podejmowania pracy sezonowej i&nbsp;wakacyjnej oraz&nbsp;problematyki legalno\u015bci zatrudnienia.<\/li>\n<\/ul>\n\n\n\n<p class=\"has-text-align-justify\">Program jest realizowany przez&nbsp;Pa\u0144stwow\u0105 Inspekcj\u0119 Pracy we&nbsp;wsp\u00f3\u0142pracy z&nbsp;kuratoriami o\u015bwiaty i&nbsp;zainteresowanymi szko\u0142ami ponadpodstawowymi, samorz\u0105dami oraz&nbsp;partnerami spo\u0142ecznymi. Do&nbsp;skorzystania z&nbsp;wiedzy i&nbsp;do\u015bwiadcze\u0144 Pa\u0144stwowej Inspekcji Pracy zapraszane s\u0105 r\u00f3wnie\u017c uczelnie wy\u017csze. Nauczyciele, kt\u00f3rzy&nbsp;zg\u0142aszaj\u0105 gotowo\u015b\u0107 udzia\u0142u w&nbsp;programie, obj\u0119ci s\u0105 szkoleniami Pa\u0144stwowej Inspekcji Pracy. Nauczyciele prowadz\u0105cy lekcje w&nbsp;ramach programu \u201eKultura bezpiecze\u0144stwa\u201d korzystaj\u0105 z&nbsp;mo\u017cliwo\u015bci wnioskowania o&nbsp;przeprowadzenie zaj\u0119\u0107 przez&nbsp;inspektor\u00f3w pracy i&nbsp;innych pracownik\u00f3w PIP. Program realizowany jest w&nbsp;formie wyk\u0142ad\u00f3w, prelekcji, a&nbsp;tematyka ustalana jest w&nbsp;zale\u017cno\u015bci od&nbsp;charakteru szko\u0142y.<\/p>\n\n\n\n<p class=\"has-text-align-justify\">Szko\u0142y przyst\u0119puj\u0105ce do&nbsp;programu otrzymuj\u0105 bezp\u0142atne pomoce edukacyjne dla nauczycieli przygotowane przez&nbsp;Centralny Instytut Ochrony Pracy \u2013 Pa\u0144stwowy Instytut Badawczy oraz&nbsp;poradniki dla uczni\u00f3w.<\/p>\n\n\n\n<p class=\"has-text-align-justify\">W&nbsp;szkole program realizuj\u0105 nast\u0119puj\u0105cy nauczyciele: Andzelika Szkuciak, Emilia Marcinkowska, Joanna Rogacewicz, Andrzej Kuflowski, Adam Bach\u00f3w, S\u0142awomir Soko\u0142owski.<\/p>\n\n\n\n<p class=\"has-text-align-right\">mgr&nbsp;Joanna Rogacewicz<\/p>\n","protected":false},"excerpt":{"rendered":"<p>\u201eKultura bezpiecze\u0144stwa\u201d jest programem edukacyjnym realizowanym przez&nbsp;Pa\u0144stwow\u0105 Inspekcj\u0119 Pracy w&nbsp;\u015brodowisku uczni\u00f3w szk\u00f3\u0142 ponadpodstawowych oraz&nbsp;student\u00f3w. Nasza szko\u0142a przyst\u0105pi\u0142a do&nbsp;programu w&nbsp;2007&nbsp;roku. Cele programu: Program jest realizowany przez&nbsp;Pa\u0144stwow\u0105 Inspekcj\u0119 Pracy we&nbsp;wsp\u00f3\u0142pracy z&nbsp;kuratoriami o\u015bwiaty [&hellip;]<\/p>\n","protected":false},"author":1,"featured_media":0,"parent":0,"menu_order":0,"comment_status":"closed","ping_status":"closed","template":"","meta":{"footnotes":""},"class_list":["post-6488","page","type-page","status-publish","hentry"],"yoast_head":"<!-- This site is optimized with the Yoast SEO plugin v20.13 - https:\/\/yoast.com\/wordpress\/plugins\/seo\/ -->\n<title>Program edukacyjny \u201eKultura bezpiecze\u0144stwa\u201d - ZSP w Chojnie<\/title>\n<meta name=\"robots\" content=\"index, follow, max-snippet:-1, max-image-preview:large, max-video-preview:-1\" \/>\n<link rel=\"canonical\" href=\"https:\/\/zsp1chojna.pl\/?page_id=6488\" \/>\n<meta property=\"og:locale\" content=\"pl_PL\" \/>\n<meta property=\"og:type\" content=\"article\" \/>\n<meta property=\"og:title\" content=\"Program edukacyjny \u201eKultura bezpiecze\u0144stwa\u201d - ZSP w Chojnie\" \/>\n<meta property=\"og:description\" content=\"\u201eKultura bezpiecze\u0144stwa\u201d jest programem edukacyjnym realizowanym przez&nbsp;Pa\u0144stwow\u0105 Inspekcj\u0119 Pracy w&nbsp;\u015brodowisku uczni\u00f3w szk\u00f3\u0142 ponadpodstawowych oraz&nbsp;student\u00f3w. Nasza szko\u0142a przyst\u0105pi\u0142a do&nbsp;programu w&nbsp;2007&nbsp;roku. Cele programu: Program jest realizowany przez&nbsp;Pa\u0144stwow\u0105 Inspekcj\u0119 Pracy we&nbsp;wsp\u00f3\u0142pracy z&nbsp;kuratoriami o\u015bwiaty [&hellip;]\" \/>\n<meta property=\"og:url\" content=\"https:\/\/zsp1chojna.pl\/?page_id=6488\" \/>\n<meta property=\"og:site_name\" content=\"ZSP w Chojnie\" \/>\n<meta property=\"article:modified_time\" content=\"2023-10-29T17:46:19+00:00\" \/>\n<meta name=\"twitter:card\" content=\"summary_large_image\" \/>\n<meta name=\"twitter:label1\" content=\"Szacowany czas czytania\" \/>\n\t<meta name=\"twitter:data1\" content=\"2 minuty\" \/>\n<script type=\"application\/ld+json\" class=\"yoast-schema-graph\">{\"@context\":\"https:\/\/schema.org\",\"@graph\":[{\"@type\":\"WebPage\",\"@id\":\"https:\/\/zsp1chojna.pl\/?page_id=6488\",\"url\":\"https:\/\/zsp1chojna.pl\/?page_id=6488\",\"name\":\"Program edukacyjny \u201eKultura bezpiecze\u0144stwa\u201d - ZSP w Chojnie\",\"isPartOf\":{\"@id\":\"https:\/\/zsp1chojna.pl\/#website\"},\"datePublished\":\"2023-10-29T17:46:17+00:00\",\"dateModified\":\"2023-10-29T17:46:19+00:00\",\"breadcrumb\":{\"@id\":\"https:\/\/zsp1chojna.pl\/?page_id=6488#breadcrumb\"},\"inLanguage\":\"pl-PL\",\"potentialAction\":[{\"@type\":\"ReadAction\",\"target\":[\"https:\/\/zsp1chojna.pl\/?page_id=6488\"]}]},{\"@type\":\"BreadcrumbList\",\"@id\":\"https:\/\/zsp1chojna.pl\/?page_id=6488#breadcrumb\",\"itemListElement\":[{\"@type\":\"ListItem\",\"position\":1,\"name\":\"Home\",\"item\":\"https:\/\/zsp1chojna.pl\/\"},{\"@type\":\"ListItem\",\"position\":2,\"name\":\"Program edukacyjny \u201eKultura bezpiecze\u0144stwa\u201d\"}]},{\"@type\":\"WebSite\",\"@id\":\"https:\/\/zsp1chojna.pl\/#website\",\"url\":\"https:\/\/zsp1chojna.pl\/\",\"name\":\"ZSP w Chojnie\",\"description\":\"\",\"publisher\":{\"@id\":\"https:\/\/zsp1chojna.pl\/#organization\"},\"potentialAction\":[{\"@type\":\"SearchAction\",\"target\":{\"@type\":\"EntryPoint\",\"urlTemplate\":\"https:\/\/zsp1chojna.pl\/?s={search_term_string}\"},\"query-input\":\"required name=search_term_string\"}],\"inLanguage\":\"pl-PL\"},{\"@type\":\"Organization\",\"@id\":\"https:\/\/zsp1chojna.pl\/#organization\",\"name\":\"ZSP w Chojnie\",\"url\":\"https:\/\/zsp1chojna.pl\/\",\"logo\":{\"@type\":\"ImageObject\",\"inLanguage\":\"pl-PL\",\"@id\":\"https:\/\/zsp1chojna.pl\/#\/schema\/logo\/image\/\",\"url\":\"https:\/\/zsp1chojna.pl\/wp-content\/uploads\/2023\/08\/cropped-cropped-cropped-Logo-biale-napis-na-3-wiersze_504-1.png\",\"contentUrl\":\"https:\/\/zsp1chojna.pl\/wp-content\/uploads\/2023\/08\/cropped-cropped-cropped-Logo-biale-napis-na-3-wiersze_504-1.png\",\"width\":504,\"height\":167,\"caption\":\"ZSP w Chojnie\"},\"image\":{\"@id\":\"https:\/\/zsp1chojna.pl\/#\/schema\/logo\/image\/\"}}]}<\/script>\n<!-- \/ Yoast SEO plugin. -->","yoast_head_json":{"title":"Program edukacyjny \u201eKultura bezpiecze\u0144stwa\u201d - ZSP w Chojnie","robots":{"index":"index","follow":"follow","max-snippet":"max-snippet:-1","max-image-preview":"max-image-preview:large","max-video-preview":"max-video-preview:-1"},"canonical":"https:\/\/zsp1chojna.pl\/?page_id=6488","og_locale":"pl_PL","og_type":"article","og_title":"Program edukacyjny \u201eKultura bezpiecze\u0144stwa\u201d - ZSP w Chojnie","og_description":"\u201eKultura bezpiecze\u0144stwa\u201d jest programem edukacyjnym realizowanym przez&nbsp;Pa\u0144stwow\u0105 Inspekcj\u0119 Pracy w&nbsp;\u015brodowisku uczni\u00f3w szk\u00f3\u0142 ponadpodstawowych oraz&nbsp;student\u00f3w. Nasza szko\u0142a przyst\u0105pi\u0142a do&nbsp;programu w&nbsp;2007&nbsp;roku. Cele programu: Program jest realizowany przez&nbsp;Pa\u0144stwow\u0105 Inspekcj\u0119 Pracy we&nbsp;wsp\u00f3\u0142pracy z&nbsp;kuratoriami o\u015bwiaty [&hellip;]","og_url":"https:\/\/zsp1chojna.pl\/?page_id=6488","og_site_name":"ZSP w Chojnie","article_modified_time":"2023-10-29T17:46:19+00:00","twitter_card":"summary_large_image","twitter_misc":{"Szacowany czas czytania":"2 minuty"},"schema":{"@context":"https:\/\/schema.org","@graph":[{"@type":"WebPage","@id":"https:\/\/zsp1chojna.pl\/?page_id=6488","url":"https:\/\/zsp1chojna.pl\/?page_id=6488","name":"Program edukacyjny \u201eKultura bezpiecze\u0144stwa\u201d - ZSP w Chojnie","isPartOf":{"@id":"https:\/\/zsp1chojna.pl\/#website"},"datePublished":"2023-10-29T17:46:17+00:00","dateModified":"2023-10-29T17:46:19+00:00","breadcrumb":{"@id":"https:\/\/zsp1chojna.pl\/?page_id=6488#breadcrumb"},"inLanguage":"pl-PL","potentialAction":[{"@type":"ReadAction","target":["https:\/\/zsp1chojna.pl\/?page_id=6488"]}]},{"@type":"BreadcrumbList","@id":"https:\/\/zsp1chojna.pl\/?page_id=6488#breadcrumb","itemListElement":[{"@type":"ListItem","position":1,"name":"Home","item":"https:\/\/zsp1chojna.pl\/"},{"@type":"ListItem","position":2,"name":"Program edukacyjny \u201eKultura bezpiecze\u0144stwa\u201d"}]},{"@type":"WebSite","@id":"https:\/\/zsp1chojna.pl\/#website","url":"https:\/\/zsp1chojna.pl\/","name":"ZSP w Chojnie","description":"","publisher":{"@id":"https:\/\/zsp1chojna.pl\/#organization"},"potentialAction":[{"@type":"SearchAction","target":{"@type":"EntryPoint","urlTemplate":"https:\/\/zsp1chojna.pl\/?s={search_term_string}"},"query-input":"required name=search_term_string"}],"inLanguage":"pl-PL"},{"@type":"Organization","@id":"https:\/\/zsp1chojna.pl\/#organization","name":"ZSP w Chojnie","url":"https:\/\/zsp1chojna.pl\/","logo":{"@type":"ImageObject","inLanguage":"pl-PL","@id":"https:\/\/zsp1chojna.pl\/#\/schema\/logo\/image\/","url":"https:\/\/zsp1chojna.pl\/wp-content\/uploads\/2023\/08\/cropped-cropped-cropped-Logo-biale-napis-na-3-wiersze_504-1.png","contentUrl":"https:\/\/zsp1chojna.pl\/wp-content\/uploads\/2023\/08\/cropped-cropped-cropped-Logo-biale-napis-na-3-wiersze_504-1.png","width":504,"height":167,"caption":"ZSP w Chojnie"},"image":{"@id":"https:\/\/zsp1chojna.pl\/#\/schema\/logo\/image\/"}}]}},"_links":{"self":[{"href":"https:\/\/zsp1chojna.pl\/index.php?rest_route=\/wp\/v2\/pages\/6488","targetHints":{"allow":["GET"]}}],"collection":[{"href":"https:\/\/zsp1chojna.pl\/index.php?rest_route=\/wp\/v2\/pages"}],"about":[{"href":"https:\/\/zsp1chojna.pl\/index.php?rest_route=\/wp\/v2\/types\/page"}],"author":[{"embeddable":true,"href":"https:\/\/zsp1chojna.pl\/index.php?rest_route=\/wp\/v2\/users\/1"}],"replies":[{"embeddable":true,"href":"https:\/\/zsp1chojna.pl\/index.php?rest_route=%2Fwp%2Fv2%2Fcomments&post=6488"}],"version-history":[{"count":1,"href":"https:\/\/zsp1chojna.pl\/index.php?rest_route=\/wp\/v2\/pages\/6488\/revisions"}],"predecessor-version":[{"id":6489,"href":"https:\/\/zsp1chojna.pl\/index.php?rest_route=\/wp\/v2\/pages\/6488\/revisions\/6489"}],"wp:attachment":[{"href":"https:\/\/zsp1chojna.pl\/index.php?rest_route=%2Fwp%2Fv2%2Fmedia&parent=6488"}],"curies":[{"name":"wp","href":"https:\/\/api.w.org\/{rel}","templated":true}]}}

Program edukacyjny „Kultura bezpieczeństwa”

<p class="has-text-align-justify">„Kultura bezpieczeństwa” jest programem edukacyjnym realizowanym przez&nbsp;Państwową Inspekcję Pracy w&nbsp;środowisku uczniów szkół ponadpodstawowych oraz&nbsp;studentów. Nasza szkoła przystąpiła do&nbsp;programu w&nbsp;2007&nbsp;roku.</p>



<p>Cele programu:</p>



<ul class="wp-block-list">
<li>Podniesienie wśród młodzieży szkolnej i&nbsp;akademickiej poziomu wiedzy z&nbsp;zakresu ochrony pracy oraz&nbsp;bezpiecznych i&nbsp;higienicznych warunków pracy.</li>



<li>Kształtowanie świadomości zagrożeń zawodowych występujących w&nbsp;środowisku pracy wśród uczniów powyżej 15&nbsp;roku życia oraz&nbsp;studentów (w&nbsp;szczególności kształcących się w&nbsp;zawodach branż podwyższonego ryzyka np.&nbsp;w&nbsp;budownictwie).</li>



<li>Popularyzacja zagadnień związanych z&nbsp;przestrzeganiem prawa pracy, zwłaszcza problematyki zawierania umów o&nbsp;pracę, w&nbsp;tym cywilnoprawnych, podejmowania pracy sezonowej i&nbsp;wakacyjnej oraz&nbsp;problematyki legalności zatrudnienia.</li>
</ul>



<p class="has-text-align-justify">Program jest realizowany przez&nbsp;Państwową Inspekcję Pracy we&nbsp;współpracy z&nbsp;kuratoriami oświaty i&nbsp;zainteresowanymi szkołami ponadpodstawowymi, samorządami oraz&nbsp;partnerami społecznymi. Do&nbsp;skorzystania z&nbsp;wiedzy i&nbsp;doświadczeń Państwowej Inspekcji Pracy zapraszane są również uczelnie wyższe. Nauczyciele, którzy&nbsp;zgłaszają gotowość udziału w&nbsp;programie, objęci są szkoleniami Państwowej Inspekcji Pracy. Nauczyciele prowadzący lekcje w&nbsp;ramach programu „Kultura bezpieczeństwa” korzystają z&nbsp;możliwości wnioskowania o&nbsp;przeprowadzenie zajęć przez&nbsp;inspektorów pracy i&nbsp;innych pracowników PIP. Program realizowany jest w&nbsp;formie wykładów, prelekcji, a&nbsp;tematyka ustalana jest w&nbsp;zależności od&nbsp;charakteru szkoły.</p>



<p class="has-text-align-justify">Szkoły przystępujące do&nbsp;programu otrzymują bezpłatne pomoce edukacyjne dla nauczycieli przygotowane przez&nbsp;Centralny Instytut Ochrony Pracy – Państwowy Instytut Badawczy oraz&nbsp;poradniki dla uczniów.</p>



<p class="has-text-align-justify">W&nbsp;szkole program realizują następujący nauczyciele: Andzelika Szkuciak, Emilia Marcinkowska, Joanna Rogacewicz, Andrzej Kuflowski, Adam Bachów, Sławomir Sokołowski.</p>



<p class="has-text-align-right">mgr&nbsp;Joanna Rogacewicz</p>

<p>„Kultura bezpieczeństwa” jest programem edukacyjnym realizowanym przez&nbsp;Państwową Inspekcję Pracy w&nbsp;środowisku uczniów szkół ponadpodstawowych oraz&nbsp;studentów. Nasza szkoła przystąpiła do&nbsp;programu w&nbsp;2007&nbsp;roku. Cele programu: Program jest realizowany przez&nbsp;Państwową Inspekcję Pracy we&nbsp;współpracy z&nbsp;kuratoriami oświaty [&hellip;]</p>

<!-- This site is optimized with the Yoast SEO plugin v20.13 - https://yoast.com/wordpress/plugins/seo/ -->
<title>Program edukacyjny „Kultura bezpieczeństwa” - ZSP w Chojnie</title>
<meta name="robots" content="index, follow, max-snippet:-1, max-image-preview:large, max-video-preview:-1" />
<link rel="canonical" href="https://zsp1chojna.pl/?page_id=6488" />
<meta property="og:locale" content="pl_PL" />
<meta property="og:type" content="article" />
<meta property="og:title" content="Program edukacyjny „Kultura bezpieczeństwa” - ZSP w Chojnie" />
<meta property="og:description" content="„Kultura bezpieczeństwa” jest programem edukacyjnym realizowanym przez&nbsp;Państwową Inspekcję Pracy w&nbsp;środowisku uczniów szkół ponadpodstawowych oraz&nbsp;studentów. Nasza szkoła przystąpiła do&nbsp;programu w&nbsp;2007&nbsp;roku. Cele programu: Program jest realizowany przez&nbsp;Państwową Inspekcję Pracy we&nbsp;współpracy z&nbsp;kuratoriami oświaty [&hellip;]" />
<meta property="og:url" content="https://zsp1chojna.pl/?page_id=6488" />
<meta property="og:site_name" content="ZSP w Chojnie" />
<meta property="article:modified_time" content="2023-10-29T17:46:19+00:00" />
<meta name="twitter:card" content="summary_large_image" />
<meta name="twitter:label1" content="Szacowany czas czytania" />
	<meta name="twitter:data1" content="2 minuty" />
<script type="application/ld+json" class="yoast-schema-graph">{"@context":"https://schema.org","@graph":[{"@type":"WebPage","@id":"https://zsp1chojna.pl/?page_id=6488","url":"https://zsp1chojna.pl/?page_id=6488","name":"Program edukacyjny „Kultura bezpieczeństwa” - ZSP w Chojnie","isPartOf":{"@id":"https://zsp1chojna.pl/#website"},"datePublished":"2023-10-29T17:46:17+00:00","dateModified":"2023-10-29T17:46:19+00:00","breadcrumb":{"@id":"https://zsp1chojna.pl/?page_id=6488#breadcrumb"},"inLanguage":"pl-PL","potentialAction":[{"@type":"ReadAction","target":["https://zsp1chojna.pl/?page_id=6488"]}]},{"@type":"BreadcrumbList","@id":"https://zsp1chojna.pl/?page_id=6488#breadcrumb","itemListElement":[{"@type":"ListItem","position":1,"name":"Home","item":"https://zsp1chojna.pl/"},{"@type":"ListItem","position":2,"name":"Program edukacyjny „Kultura bezpieczeństwa”"}]},{"@type":"WebSite","@id":"https://zsp1chojna.pl/#website","url":"https://zsp1chojna.pl/","name":"ZSP w Chojnie","description":"","publisher":{"@id":"https://zsp1chojna.pl/#organization"},"potentialAction":[{"@type":"SearchAction","target":{"@type":"EntryPoint","urlTemplate":"https://zsp1chojna.pl/?s={search_term_string}"},"query-input":"required name=search_term_string"}],"inLanguage":"pl-PL"},{"@type":"Organization","@id":"https://zsp1chojna.pl/#organization","name":"ZSP w Chojnie","url":"https://zsp1chojna.pl/","logo":{"@type":"ImageObject","inLanguage":"pl-PL","@id":"https://zsp1chojna.pl/#/schema/logo/image/","url":"https://zsp1chojna.pl/wp-content/uploads/2023/08/cropped-cropped-cropped-Logo-biale-napis-na-3-wiersze_504-1.png","contentUrl":"https://zsp1chojna.pl/wp-content/uploads/2023/08/cropped-cropped-cropped-Logo-biale-napis-na-3-wiersze_504-1.png","width":504,"height":167,"caption":"ZSP w Chojnie"},"image":{"@id":"https://zsp1chojna.pl/#/schema/logo/image/"}}]}</script>
<!-- / Yoast SEO plugin. -->

Program edukacyjny „Kultura bezpieczeństwa” - ZSP w Chojnie

„Kultura bezpieczeństwa” jest programem edukacyjnym realizowanym przez&nbsp;Państwową Inspekcję Pracy w&nbsp;środowisku uczniów szkół ponadpodstawowych oraz&nbsp;studentów. Nasza szkoła przystąpiła do&nbsp;programu w&nbsp;2007&nbsp;roku. Cele programu: Program jest realizowany przez&nbsp;Państwową Inspekcję Pracy we&nbsp;współpracy z&nbsp;kuratoriami oświaty [&hellip;]
