{"id":6247,"date":"2023-10-15T21:16:38","date_gmt":"2023-10-15T19:16:38","guid":{"rendered":"https:\/\/zsp1chojna.pl\/?page_id=6247"},"modified":"2023-10-15T21:22:01","modified_gmt":"2023-10-15T19:22:01","slug":"doposazenie-pracowni-szkolnych-w-nowoczesny-sprzet-i-materialy-dydaktyczne","status":"publish","type":"page","link":"https:\/\/zsp1chojna.pl\/?page_id=6247","title":{"rendered":"DOPOSA\u017bENIE PRACOWNI SZKOLNYCH W NOWOCZESNY SPRZ\u0118T I MATERIA\u0141Y DYDAKTYCZNE"},"content":{"rendered":"\n<p class=\"has-text-align-justify\">Diagnoza przygotowana przez Zesp\u00f3\u0142 Szk\u00f3\u0142 Ponadpodstawowych w Chojnie i przeprowadzona w formie ankiet w\u015br\u00f3d uczni\u00f3w i nauczycieli, wy\u0142oni\u0142a kluczowe obszary problemowe wp\u0142ywaj\u0105ce na sytuacj\u0119 edukacyjn\u0105 uczni\u00f3w i jako\u015b\u0107 realizowanego kszta\u0142cenia zawodowego. Jednym z g\u0142\u00f3wnych problem\u00f3w na jakie uczniowie zwr\u00f3cili uwag\u0119 by\u0142o niewystarczaj\u0105ce wyposa\u017cenie pracowni szkolnych. Szczeg\u00f3lne braki zauwa\u017cono w pracowniach: informatycznej, gastronomicznej, budowlanej, hotelarskiej i samochodowej. W zwi\u0105zku z tym zaplanowano w ramach projektu RPO WZ \u201eInwestycja w kszta\u0142cenie zawodowe \u2013 inwestycj\u0105 w przysz\u0142o\u015b\u0107\u201d doposa\u017cenie tych 5 pracowni w nowoczesny i niezb\u0119dny do realizacji kszta\u0142cenia zawodowego sprz\u0119t oraz materia\u0142y dydaktyczne.<\/p>\n\n\n<div class=\"wp-block-image\">\n<figure class=\"aligncenter size-full\"><img loading=\"lazy\" decoding=\"async\" width=\"500\" height=\"355\" data-attachment-id=\"6248\" data-permalink=\"https:\/\/zsp1chojna.pl\/?attachment_id=6248\" data-orig-file=\"https:\/\/zsp1chojna.pl\/wp-content\/uploads\/2023\/10\/ph0_500.jpg\" data-orig-size=\"500,355\" data-comments-opened=\"1\" data-image-meta=\"{&quot;aperture&quot;:&quot;0&quot;,&quot;credit&quot;:&quot;&quot;,&quot;camera&quot;:&quot;&quot;,&quot;caption&quot;:&quot;&quot;,&quot;created_timestamp&quot;:&quot;0&quot;,&quot;copyright&quot;:&quot;&quot;,&quot;focal_length&quot;:&quot;0&quot;,&quot;iso&quot;:&quot;0&quot;,&quot;shutter_speed&quot;:&quot;0&quot;,&quot;title&quot;:&quot;&quot;,&quot;orientation&quot;:&quot;0&quot;}\" data-image-title=\"ph0_500\" data-image-description=\"\" data-image-caption=\"\" data-medium-file=\"https:\/\/zsp1chojna.pl\/wp-content\/uploads\/2023\/10\/ph0_500-300x213.jpg\" data-large-file=\"https:\/\/zsp1chojna.pl\/wp-content\/uploads\/2023\/10\/ph0_500.jpg\" src=\"https:\/\/zsp1chojna.pl\/wp-content\/uploads\/2023\/10\/ph0_500.jpg\" alt=\"\" class=\"wp-image-6248\" srcset=\"https:\/\/zsp1chojna.pl\/wp-content\/uploads\/2023\/10\/ph0_500.jpg 500w, https:\/\/zsp1chojna.pl\/wp-content\/uploads\/2023\/10\/ph0_500-300x213.jpg 300w\" sizes=\"auto, (max-width: 500px) 100vw, 500px\" \/><\/figure>\n<\/div>\n\n\n<div class=\"wp-block-columns is-layout-flex wp-container-core-columns-is-layout-9d6595d7 wp-block-columns-is-layout-flex\">\n<div class=\"wp-block-column is-layout-flow wp-block-column-is-layout-flow\"><div class=\"wp-block-image\">\n<figure class=\"alignright size-full\"><img loading=\"lazy\" decoding=\"async\" width=\"250\" height=\"170\" data-attachment-id=\"6249\" data-permalink=\"https:\/\/zsp1chojna.pl\/?attachment_id=6249\" data-orig-file=\"https:\/\/zsp1chojna.pl\/wp-content\/uploads\/2023\/10\/ph1_250.jpg\" data-orig-size=\"250,170\" data-comments-opened=\"1\" data-image-meta=\"{&quot;aperture&quot;:&quot;0&quot;,&quot;credit&quot;:&quot;&quot;,&quot;camera&quot;:&quot;&quot;,&quot;caption&quot;:&quot;&quot;,&quot;created_timestamp&quot;:&quot;0&quot;,&quot;copyright&quot;:&quot;&quot;,&quot;focal_length&quot;:&quot;0&quot;,&quot;iso&quot;:&quot;0&quot;,&quot;shutter_speed&quot;:&quot;0&quot;,&quot;title&quot;:&quot;&quot;,&quot;orientation&quot;:&quot;0&quot;}\" data-image-title=\"ph1_250\" data-image-description=\"\" data-image-caption=\"\" data-medium-file=\"https:\/\/zsp1chojna.pl\/wp-content\/uploads\/2023\/10\/ph1_250.jpg\" data-large-file=\"https:\/\/zsp1chojna.pl\/wp-content\/uploads\/2023\/10\/ph1_250.jpg\" src=\"https:\/\/zsp1chojna.pl\/wp-content\/uploads\/2023\/10\/ph1_250.jpg\" alt=\"\" class=\"wp-image-6249\" srcset=\"https:\/\/zsp1chojna.pl\/wp-content\/uploads\/2023\/10\/ph1_250.jpg 250w, https:\/\/zsp1chojna.pl\/wp-content\/uploads\/2023\/10\/ph1_250-84x56.jpg 84w\" sizes=\"auto, (max-width: 250px) 100vw, 250px\" \/><\/figure>\n<\/div><\/div>\n\n\n\n<div class=\"wp-block-column is-layout-flow wp-block-column-is-layout-flow\"><div class=\"wp-block-image\">\n<figure class=\"alignleft size-full\"><img loading=\"lazy\" decoding=\"async\" width=\"250\" height=\"170\" data-attachment-id=\"6250\" data-permalink=\"https:\/\/zsp1chojna.pl\/?attachment_id=6250\" data-orig-file=\"https:\/\/zsp1chojna.pl\/wp-content\/uploads\/2023\/10\/ph2_250.jpg\" data-orig-size=\"250,170\" data-comments-opened=\"1\" data-image-meta=\"{&quot;aperture&quot;:&quot;0&quot;,&quot;credit&quot;:&quot;&quot;,&quot;camera&quot;:&quot;&quot;,&quot;caption&quot;:&quot;&quot;,&quot;created_timestamp&quot;:&quot;0&quot;,&quot;copyright&quot;:&quot;&quot;,&quot;focal_length&quot;:&quot;0&quot;,&quot;iso&quot;:&quot;0&quot;,&quot;shutter_speed&quot;:&quot;0&quot;,&quot;title&quot;:&quot;&quot;,&quot;orientation&quot;:&quot;0&quot;}\" data-image-title=\"ph2_250\" data-image-description=\"\" data-image-caption=\"\" data-medium-file=\"https:\/\/zsp1chojna.pl\/wp-content\/uploads\/2023\/10\/ph2_250.jpg\" data-large-file=\"https:\/\/zsp1chojna.pl\/wp-content\/uploads\/2023\/10\/ph2_250.jpg\" src=\"https:\/\/zsp1chojna.pl\/wp-content\/uploads\/2023\/10\/ph2_250.jpg\" alt=\"\" class=\"wp-image-6250\" srcset=\"https:\/\/zsp1chojna.pl\/wp-content\/uploads\/2023\/10\/ph2_250.jpg 250w, https:\/\/zsp1chojna.pl\/wp-content\/uploads\/2023\/10\/ph2_250-84x56.jpg 84w\" sizes=\"auto, (max-width: 250px) 100vw, 250px\" \/><\/figure>\n<\/div><\/div>\n<\/div>\n\n\n\n<p class=\"has-text-align-center\">Pracownia hotelarska w&nbsp;trakcie monta\u017cu kompletu mebli<\/p>\n\n\n\n<p>Przez\u00a0ca\u0142y okres trwania projektu zakupiono do:<br>\u2013 pracowni gastronomicznej: piec konwekcyjno-parowy, 2\u00a0kuchenki elektryczne, 6\u00a0zmywarek, 10\u00a0sto\u0142\u00f3w roboczych w\u00a0tym 6\u00a0ze\u00a0zlewem jednokomorowym, szklany zestaw ekspozycyjny;<br>\u2013 pracowni hotelarskiej: telewizor 43-calowy, system mebli hotelowych, w\u00f3zek room-service, urz\u0105dzenie wielofunkcyjne, 1\u00a0komplet systemu o\u015bwietlenia, 2\u00a0komplety po\u015bcieli, 2\u00a0prze\u015bcierad\u0142a, 4\u00a0poduszki w\u00a02\u00a0rozmiarach, ko\u0142dr\u0119, nak\u0142adk\u0119 na\u00a0materac, narzut\u0119 na\u00a0\u0142\u00f3\u017cko, koc, wyk\u0142adzin\u0119 dywanow\u0105;<br>\u2013 pracowni informatycznej: 15\u00a0laptop\u00f3w, ekran dotykowy, 2\u00a0drukarki 3D z\u00a0materia\u0142ami eksploatacyjnymi, drukarka 3D ze\u00a0skanerem, drukark\u0119 3D z\u00a0automatycznym poziomowaniem i\u00a0magnetycznym podgrzewanym sto\u0142em, drukark\u0119 3D ze\u00a0skanerem i\u00a0modu\u0142em graweruj\u0105cym, 2\u00a0komplety plansz dydaktycznych;<br>\u2013 pracowni budowlanej: 18\u00a0laptop\u00f3w, wyrzynark\u0119, szlifierk\u0119 do\u00a0gipsu z\u00a0wyci\u0105giem, odkurzacz przemys\u0142owy, st\u00f3\u0142 do\u00a0tapetowania;<br>\u2013 pracowni samochodowej: 2\u00a0klucze dynamometryczne, klucz pneumatyczno-udarowy 1\/2cala oraz\u00a0przyrz\u0105d do\u00a0pomiaru luzu uk\u0142adu kierowniczego.<\/p>\n\n\n<div class=\"wp-block-image\">\n<figure class=\"aligncenter size-full\"><img loading=\"lazy\" decoding=\"async\" width=\"350\" height=\"528\" data-attachment-id=\"6251\" data-permalink=\"https:\/\/zsp1chojna.pl\/?attachment_id=6251\" data-orig-file=\"https:\/\/zsp1chojna.pl\/wp-content\/uploads\/2023\/10\/pg_350.jpg\" data-orig-size=\"350,528\" data-comments-opened=\"1\" data-image-meta=\"{&quot;aperture&quot;:&quot;0&quot;,&quot;credit&quot;:&quot;&quot;,&quot;camera&quot;:&quot;&quot;,&quot;caption&quot;:&quot;&quot;,&quot;created_timestamp&quot;:&quot;0&quot;,&quot;copyright&quot;:&quot;&quot;,&quot;focal_length&quot;:&quot;0&quot;,&quot;iso&quot;:&quot;0&quot;,&quot;shutter_speed&quot;:&quot;0&quot;,&quot;title&quot;:&quot;&quot;,&quot;orientation&quot;:&quot;0&quot;}\" data-image-title=\"pg_350\" data-image-description=\"\" data-image-caption=\"\" data-medium-file=\"https:\/\/zsp1chojna.pl\/wp-content\/uploads\/2023\/10\/pg_350-199x300.jpg\" data-large-file=\"https:\/\/zsp1chojna.pl\/wp-content\/uploads\/2023\/10\/pg_350.jpg\" src=\"https:\/\/zsp1chojna.pl\/wp-content\/uploads\/2023\/10\/pg_350.jpg\" alt=\"\" class=\"wp-image-6251\" srcset=\"https:\/\/zsp1chojna.pl\/wp-content\/uploads\/2023\/10\/pg_350.jpg 350w, https:\/\/zsp1chojna.pl\/wp-content\/uploads\/2023\/10\/pg_350-199x300.jpg 199w\" sizes=\"auto, (max-width: 350px) 100vw, 350px\" \/><\/figure>\n<\/div>\n\n<div class=\"wp-block-image\">\n<figure class=\"aligncenter size-full\"><img loading=\"lazy\" decoding=\"async\" width=\"450\" height=\"298\" data-attachment-id=\"6252\" data-permalink=\"https:\/\/zsp1chojna.pl\/?attachment_id=6252\" data-orig-file=\"https:\/\/zsp1chojna.pl\/wp-content\/uploads\/2023\/10\/ps_450.jpg\" data-orig-size=\"450,298\" data-comments-opened=\"1\" data-image-meta=\"{&quot;aperture&quot;:&quot;0&quot;,&quot;credit&quot;:&quot;&quot;,&quot;camera&quot;:&quot;&quot;,&quot;caption&quot;:&quot;&quot;,&quot;created_timestamp&quot;:&quot;0&quot;,&quot;copyright&quot;:&quot;&quot;,&quot;focal_length&quot;:&quot;0&quot;,&quot;iso&quot;:&quot;0&quot;,&quot;shutter_speed&quot;:&quot;0&quot;,&quot;title&quot;:&quot;&quot;,&quot;orientation&quot;:&quot;0&quot;}\" data-image-title=\"ps_450\" data-image-description=\"\" data-image-caption=\"\" data-medium-file=\"https:\/\/zsp1chojna.pl\/wp-content\/uploads\/2023\/10\/ps_450-300x199.jpg\" data-large-file=\"https:\/\/zsp1chojna.pl\/wp-content\/uploads\/2023\/10\/ps_450.jpg\" src=\"https:\/\/zsp1chojna.pl\/wp-content\/uploads\/2023\/10\/ps_450.jpg\" alt=\"\" class=\"wp-image-6252\" srcset=\"https:\/\/zsp1chojna.pl\/wp-content\/uploads\/2023\/10\/ps_450.jpg 450w, https:\/\/zsp1chojna.pl\/wp-content\/uploads\/2023\/10\/ps_450-300x199.jpg 300w, https:\/\/zsp1chojna.pl\/wp-content\/uploads\/2023\/10\/ps_450-84x56.jpg 84w\" sizes=\"auto, (max-width: 450px) 100vw, 450px\" \/><\/figure>\n<\/div>\n\n\n<p class=\"has-text-align-justify\">Doposa\u017cenie pracowni w znacz\u0105cy spos\u00f3b podnios\u0142o ich standard, a co za tym idzie jako\u015b\u0107 kszta\u0142cenia zawodowego. Spe\u0142ni\u0142o r\u00f3wnie\u017c oczekiwania uczni\u00f3w oraz nauczycieli, kt\u00f3rzy nie kryj\u0105 swojego zadowolenia z mo\u017cliwo\u015bci korzystania podczas procesu edukacji z nowych technologii, nowoczesnych sprz\u0119t\u00f3w oraz pracy w warunkach jak najbardziej odzwierciedlaj\u0105cych naturalne.<\/p>\n\n\n\n<div class=\"wp-block-columns is-layout-flex wp-container-core-columns-is-layout-9d6595d7 wp-block-columns-is-layout-flex\">\n<div class=\"wp-block-column is-layout-flow wp-block-column-is-layout-flow\"><div class=\"wp-block-image\">\n<figure class=\"alignright size-full\"><img loading=\"lazy\" decoding=\"async\" width=\"250\" height=\"170\" data-attachment-id=\"6253\" data-permalink=\"https:\/\/zsp1chojna.pl\/?attachment_id=6253\" data-orig-file=\"https:\/\/zsp1chojna.pl\/wp-content\/uploads\/2023\/10\/pi2_250.jpg\" data-orig-size=\"250,170\" data-comments-opened=\"1\" data-image-meta=\"{&quot;aperture&quot;:&quot;0&quot;,&quot;credit&quot;:&quot;&quot;,&quot;camera&quot;:&quot;&quot;,&quot;caption&quot;:&quot;&quot;,&quot;created_timestamp&quot;:&quot;0&quot;,&quot;copyright&quot;:&quot;&quot;,&quot;focal_length&quot;:&quot;0&quot;,&quot;iso&quot;:&quot;0&quot;,&quot;shutter_speed&quot;:&quot;0&quot;,&quot;title&quot;:&quot;&quot;,&quot;orientation&quot;:&quot;0&quot;}\" data-image-title=\"pi2_250\" data-image-description=\"\" data-image-caption=\"\" data-medium-file=\"https:\/\/zsp1chojna.pl\/wp-content\/uploads\/2023\/10\/pi2_250.jpg\" data-large-file=\"https:\/\/zsp1chojna.pl\/wp-content\/uploads\/2023\/10\/pi2_250.jpg\" src=\"https:\/\/zsp1chojna.pl\/wp-content\/uploads\/2023\/10\/pi2_250.jpg\" alt=\"\" class=\"wp-image-6253\" srcset=\"https:\/\/zsp1chojna.pl\/wp-content\/uploads\/2023\/10\/pi2_250.jpg 250w, https:\/\/zsp1chojna.pl\/wp-content\/uploads\/2023\/10\/pi2_250-84x56.jpg 84w\" sizes=\"auto, (max-width: 250px) 100vw, 250px\" \/><\/figure>\n<\/div><\/div>\n\n\n\n<div class=\"wp-block-column is-layout-flow wp-block-column-is-layout-flow\"><div class=\"wp-block-image\">\n<figure class=\"alignleft size-full\"><img loading=\"lazy\" decoding=\"async\" width=\"250\" height=\"170\" data-attachment-id=\"6254\" data-permalink=\"https:\/\/zsp1chojna.pl\/?attachment_id=6254\" data-orig-file=\"https:\/\/zsp1chojna.pl\/wp-content\/uploads\/2023\/10\/pi1_250.png\" data-orig-size=\"250,170\" data-comments-opened=\"1\" data-image-meta=\"{&quot;aperture&quot;:&quot;0&quot;,&quot;credit&quot;:&quot;&quot;,&quot;camera&quot;:&quot;&quot;,&quot;caption&quot;:&quot;&quot;,&quot;created_timestamp&quot;:&quot;0&quot;,&quot;copyright&quot;:&quot;&quot;,&quot;focal_length&quot;:&quot;0&quot;,&quot;iso&quot;:&quot;0&quot;,&quot;shutter_speed&quot;:&quot;0&quot;,&quot;title&quot;:&quot;&quot;,&quot;orientation&quot;:&quot;0&quot;}\" data-image-title=\"pi1_250\" data-image-description=\"\" data-image-caption=\"\" data-medium-file=\"https:\/\/zsp1chojna.pl\/wp-content\/uploads\/2023\/10\/pi1_250.png\" data-large-file=\"https:\/\/zsp1chojna.pl\/wp-content\/uploads\/2023\/10\/pi1_250.png\" src=\"https:\/\/zsp1chojna.pl\/wp-content\/uploads\/2023\/10\/pi1_250.png\" alt=\"\" class=\"wp-image-6254\" srcset=\"https:\/\/zsp1chojna.pl\/wp-content\/uploads\/2023\/10\/pi1_250.png 250w, https:\/\/zsp1chojna.pl\/wp-content\/uploads\/2023\/10\/pi1_250-84x56.png 84w\" sizes=\"auto, (max-width: 250px) 100vw, 250px\" \/><\/figure>\n<\/div><\/div>\n<\/div>\n\n\n\n<div class=\"wp-block-columns is-layout-flex wp-container-core-columns-is-layout-9d6595d7 wp-block-columns-is-layout-flex\">\n<div class=\"wp-block-column is-layout-flow wp-block-column-is-layout-flow\"><div class=\"wp-block-image\">\n<figure class=\"aligncenter size-full\"><img loading=\"lazy\" decoding=\"async\" width=\"700\" height=\"438\" data-attachment-id=\"6255\" data-permalink=\"https:\/\/zsp1chojna.pl\/?attachment_id=6255\" data-orig-file=\"https:\/\/zsp1chojna.pl\/wp-content\/uploads\/2023\/10\/drukarki3d_700.png\" data-orig-size=\"700,438\" data-comments-opened=\"1\" data-image-meta=\"{&quot;aperture&quot;:&quot;0&quot;,&quot;credit&quot;:&quot;&quot;,&quot;camera&quot;:&quot;&quot;,&quot;caption&quot;:&quot;&quot;,&quot;created_timestamp&quot;:&quot;0&quot;,&quot;copyright&quot;:&quot;&quot;,&quot;focal_length&quot;:&quot;0&quot;,&quot;iso&quot;:&quot;0&quot;,&quot;shutter_speed&quot;:&quot;0&quot;,&quot;title&quot;:&quot;&quot;,&quot;orientation&quot;:&quot;0&quot;}\" data-image-title=\"drukarki3d_700\" data-image-description=\"\" data-image-caption=\"\" data-medium-file=\"https:\/\/zsp1chojna.pl\/wp-content\/uploads\/2023\/10\/drukarki3d_700-300x188.png\" data-large-file=\"https:\/\/zsp1chojna.pl\/wp-content\/uploads\/2023\/10\/drukarki3d_700.png\" src=\"https:\/\/zsp1chojna.pl\/wp-content\/uploads\/2023\/10\/drukarki3d_700.png\" alt=\"\" class=\"wp-image-6255\" srcset=\"https:\/\/zsp1chojna.pl\/wp-content\/uploads\/2023\/10\/drukarki3d_700.png 700w, https:\/\/zsp1chojna.pl\/wp-content\/uploads\/2023\/10\/drukarki3d_700-300x188.png 300w, https:\/\/zsp1chojna.pl\/wp-content\/uploads\/2023\/10\/drukarki3d_700-624x390.png 624w\" sizes=\"auto, (max-width: 700px) 100vw, 700px\" \/><\/figure>\n<\/div><\/div>\n<\/div>\n\n\n<div class=\"wp-block-image\">\n<figure class=\"aligncenter size-full\"><img loading=\"lazy\" decoding=\"async\" width=\"450\" height=\"273\" data-attachment-id=\"6256\" data-permalink=\"https:\/\/zsp1chojna.pl\/?attachment_id=6256\" data-orig-file=\"https:\/\/zsp1chojna.pl\/wp-content\/uploads\/2023\/10\/druk3_450.jpg\" data-orig-size=\"450,273\" data-comments-opened=\"1\" data-image-meta=\"{&quot;aperture&quot;:&quot;0&quot;,&quot;credit&quot;:&quot;&quot;,&quot;camera&quot;:&quot;&quot;,&quot;caption&quot;:&quot;&quot;,&quot;created_timestamp&quot;:&quot;0&quot;,&quot;copyright&quot;:&quot;&quot;,&quot;focal_length&quot;:&quot;0&quot;,&quot;iso&quot;:&quot;0&quot;,&quot;shutter_speed&quot;:&quot;0&quot;,&quot;title&quot;:&quot;&quot;,&quot;orientation&quot;:&quot;0&quot;}\" data-image-title=\"druk3_450\" data-image-description=\"\" data-image-caption=\"\" data-medium-file=\"https:\/\/zsp1chojna.pl\/wp-content\/uploads\/2023\/10\/druk3_450-300x182.jpg\" data-large-file=\"https:\/\/zsp1chojna.pl\/wp-content\/uploads\/2023\/10\/druk3_450.jpg\" src=\"https:\/\/zsp1chojna.pl\/wp-content\/uploads\/2023\/10\/druk3_450.jpg\" alt=\"\" class=\"wp-image-6256\" srcset=\"https:\/\/zsp1chojna.pl\/wp-content\/uploads\/2023\/10\/druk3_450.jpg 450w, https:\/\/zsp1chojna.pl\/wp-content\/uploads\/2023\/10\/druk3_450-300x182.jpg 300w\" sizes=\"auto, (max-width: 450px) 100vw, 450px\" \/><\/figure>\n<\/div>\n\n\n<p class=\"has-text-align-right\">Alicja Linkiewicz<\/p>\n","protected":false},"excerpt":{"rendered":"<p>Diagnoza przygotowana przez Zesp\u00f3\u0142 Szk\u00f3\u0142 Ponadpodstawowych w Chojnie i przeprowadzona w formie ankiet w\u015br\u00f3d uczni\u00f3w i nauczycieli, wy\u0142oni\u0142a kluczowe obszary problemowe wp\u0142ywaj\u0105ce na sytuacj\u0119 edukacyjn\u0105 uczni\u00f3w i jako\u015b\u0107 realizowanego kszta\u0142cenia [&hellip;]<\/p>\n","protected":false},"author":1,"featured_media":0,"parent":0,"menu_order":0,"comment_status":"closed","ping_status":"closed","template":"","meta":{"footnotes":""},"class_list":["post-6247","page","type-page","status-publish","hentry"],"yoast_head":"<!-- This site is optimized with the Yoast SEO plugin v20.13 - https:\/\/yoast.com\/wordpress\/plugins\/seo\/ -->\n<title>DOPOSA\u017bENIE PRACOWNI SZKOLNYCH W NOWOCZESNY SPRZ\u0118T I MATERIA\u0141Y DYDAKTYCZNE - ZSP w Chojnie<\/title>\n<meta name=\"robots\" content=\"index, follow, max-snippet:-1, max-image-preview:large, max-video-preview:-1\" \/>\n<link rel=\"canonical\" href=\"https:\/\/zsp1chojna.pl\/?page_id=6247\" \/>\n<meta property=\"og:locale\" content=\"pl_PL\" \/>\n<meta property=\"og:type\" content=\"article\" \/>\n<meta property=\"og:title\" content=\"DOPOSA\u017bENIE PRACOWNI SZKOLNYCH W NOWOCZESNY SPRZ\u0118T I MATERIA\u0141Y DYDAKTYCZNE - ZSP w Chojnie\" \/>\n<meta property=\"og:description\" content=\"Diagnoza przygotowana przez Zesp\u00f3\u0142 Szk\u00f3\u0142 Ponadpodstawowych w Chojnie i przeprowadzona w formie ankiet w\u015br\u00f3d uczni\u00f3w i nauczycieli, wy\u0142oni\u0142a kluczowe obszary problemowe wp\u0142ywaj\u0105ce na sytuacj\u0119 edukacyjn\u0105 uczni\u00f3w i jako\u015b\u0107 realizowanego kszta\u0142cenia [&hellip;]\" \/>\n<meta property=\"og:url\" content=\"https:\/\/zsp1chojna.pl\/?page_id=6247\" \/>\n<meta property=\"og:site_name\" content=\"ZSP w Chojnie\" \/>\n<meta property=\"article:modified_time\" content=\"2023-10-15T19:22:01+00:00\" \/>\n<meta property=\"og:image\" content=\"https:\/\/zsp1chojna.pl\/wp-content\/uploads\/2023\/10\/ph0_500.jpg\" \/>\n<meta name=\"twitter:card\" content=\"summary_large_image\" \/>\n<meta name=\"twitter:label1\" content=\"Szacowany czas czytania\" \/>\n\t<meta name=\"twitter:data1\" content=\"4 minuty\" \/>\n<script type=\"application\/ld+json\" class=\"yoast-schema-graph\">{\"@context\":\"https:\/\/schema.org\",\"@graph\":[{\"@type\":\"WebPage\",\"@id\":\"https:\/\/zsp1chojna.pl\/?page_id=6247\",\"url\":\"https:\/\/zsp1chojna.pl\/?page_id=6247\",\"name\":\"DOPOSA\u017bENIE PRACOWNI SZKOLNYCH W NOWOCZESNY SPRZ\u0118T I MATERIA\u0141Y DYDAKTYCZNE - ZSP w Chojnie\",\"isPartOf\":{\"@id\":\"https:\/\/zsp1chojna.pl\/#website\"},\"datePublished\":\"2023-10-15T19:16:38+00:00\",\"dateModified\":\"2023-10-15T19:22:01+00:00\",\"breadcrumb\":{\"@id\":\"https:\/\/zsp1chojna.pl\/?page_id=6247#breadcrumb\"},\"inLanguage\":\"pl-PL\",\"potentialAction\":[{\"@type\":\"ReadAction\",\"target\":[\"https:\/\/zsp1chojna.pl\/?page_id=6247\"]}]},{\"@type\":\"BreadcrumbList\",\"@id\":\"https:\/\/zsp1chojna.pl\/?page_id=6247#breadcrumb\",\"itemListElement\":[{\"@type\":\"ListItem\",\"position\":1,\"name\":\"Home\",\"item\":\"https:\/\/zsp1chojna.pl\/\"},{\"@type\":\"ListItem\",\"position\":2,\"name\":\"DOPOSA\u017bENIE PRACOWNI SZKOLNYCH W&nbsp;NOWOCZESNY SPRZ\u0118T I&nbsp;MATERIA\u0141Y DYDAKTYCZNE\"}]},{\"@type\":\"WebSite\",\"@id\":\"https:\/\/zsp1chojna.pl\/#website\",\"url\":\"https:\/\/zsp1chojna.pl\/\",\"name\":\"ZSP w Chojnie\",\"description\":\"\",\"publisher\":{\"@id\":\"https:\/\/zsp1chojna.pl\/#organization\"},\"potentialAction\":[{\"@type\":\"SearchAction\",\"target\":{\"@type\":\"EntryPoint\",\"urlTemplate\":\"https:\/\/zsp1chojna.pl\/?s={search_term_string}\"},\"query-input\":\"required name=search_term_string\"}],\"inLanguage\":\"pl-PL\"},{\"@type\":\"Organization\",\"@id\":\"https:\/\/zsp1chojna.pl\/#organization\",\"name\":\"ZSP w Chojnie\",\"url\":\"https:\/\/zsp1chojna.pl\/\",\"logo\":{\"@type\":\"ImageObject\",\"inLanguage\":\"pl-PL\",\"@id\":\"https:\/\/zsp1chojna.pl\/#\/schema\/logo\/image\/\",\"url\":\"https:\/\/zsp1chojna.pl\/wp-content\/uploads\/2023\/08\/cropped-cropped-cropped-Logo-biale-napis-na-3-wiersze_504-1.png\",\"contentUrl\":\"https:\/\/zsp1chojna.pl\/wp-content\/uploads\/2023\/08\/cropped-cropped-cropped-Logo-biale-napis-na-3-wiersze_504-1.png\",\"width\":504,\"height\":167,\"caption\":\"ZSP w Chojnie\"},\"image\":{\"@id\":\"https:\/\/zsp1chojna.pl\/#\/schema\/logo\/image\/\"}}]}<\/script>\n<!-- \/ Yoast SEO plugin. -->","yoast_head_json":{"title":"DOPOSA\u017bENIE PRACOWNI SZKOLNYCH W NOWOCZESNY SPRZ\u0118T I MATERIA\u0141Y DYDAKTYCZNE - ZSP w Chojnie","robots":{"index":"index","follow":"follow","max-snippet":"max-snippet:-1","max-image-preview":"max-image-preview:large","max-video-preview":"max-video-preview:-1"},"canonical":"https:\/\/zsp1chojna.pl\/?page_id=6247","og_locale":"pl_PL","og_type":"article","og_title":"DOPOSA\u017bENIE PRACOWNI SZKOLNYCH W NOWOCZESNY SPRZ\u0118T I MATERIA\u0141Y DYDAKTYCZNE - ZSP w Chojnie","og_description":"Diagnoza przygotowana przez Zesp\u00f3\u0142 Szk\u00f3\u0142 Ponadpodstawowych w Chojnie i przeprowadzona w formie ankiet w\u015br\u00f3d uczni\u00f3w i nauczycieli, wy\u0142oni\u0142a kluczowe obszary problemowe wp\u0142ywaj\u0105ce na sytuacj\u0119 edukacyjn\u0105 uczni\u00f3w i jako\u015b\u0107 realizowanego kszta\u0142cenia [&hellip;]","og_url":"https:\/\/zsp1chojna.pl\/?page_id=6247","og_site_name":"ZSP w Chojnie","article_modified_time":"2023-10-15T19:22:01+00:00","og_image":[{"url":"https:\/\/zsp1chojna.pl\/wp-content\/uploads\/2023\/10\/ph0_500.jpg"}],"twitter_card":"summary_large_image","twitter_misc":{"Szacowany czas czytania":"4 minuty"},"schema":{"@context":"https:\/\/schema.org","@graph":[{"@type":"WebPage","@id":"https:\/\/zsp1chojna.pl\/?page_id=6247","url":"https:\/\/zsp1chojna.pl\/?page_id=6247","name":"DOPOSA\u017bENIE PRACOWNI SZKOLNYCH W NOWOCZESNY SPRZ\u0118T I MATERIA\u0141Y DYDAKTYCZNE - ZSP w Chojnie","isPartOf":{"@id":"https:\/\/zsp1chojna.pl\/#website"},"datePublished":"2023-10-15T19:16:38+00:00","dateModified":"2023-10-15T19:22:01+00:00","breadcrumb":{"@id":"https:\/\/zsp1chojna.pl\/?page_id=6247#breadcrumb"},"inLanguage":"pl-PL","potentialAction":[{"@type":"ReadAction","target":["https:\/\/zsp1chojna.pl\/?page_id=6247"]}]},{"@type":"BreadcrumbList","@id":"https:\/\/zsp1chojna.pl\/?page_id=6247#breadcrumb","itemListElement":[{"@type":"ListItem","position":1,"name":"Home","item":"https:\/\/zsp1chojna.pl\/"},{"@type":"ListItem","position":2,"name":"DOPOSA\u017bENIE PRACOWNI SZKOLNYCH W&nbsp;NOWOCZESNY SPRZ\u0118T I&nbsp;MATERIA\u0141Y DYDAKTYCZNE"}]},{"@type":"WebSite","@id":"https:\/\/zsp1chojna.pl\/#website","url":"https:\/\/zsp1chojna.pl\/","name":"ZSP w Chojnie","description":"","publisher":{"@id":"https:\/\/zsp1chojna.pl\/#organization"},"potentialAction":[{"@type":"SearchAction","target":{"@type":"EntryPoint","urlTemplate":"https:\/\/zsp1chojna.pl\/?s={search_term_string}"},"query-input":"required name=search_term_string"}],"inLanguage":"pl-PL"},{"@type":"Organization","@id":"https:\/\/zsp1chojna.pl\/#organization","name":"ZSP w Chojnie","url":"https:\/\/zsp1chojna.pl\/","logo":{"@type":"ImageObject","inLanguage":"pl-PL","@id":"https:\/\/zsp1chojna.pl\/#\/schema\/logo\/image\/","url":"https:\/\/zsp1chojna.pl\/wp-content\/uploads\/2023\/08\/cropped-cropped-cropped-Logo-biale-napis-na-3-wiersze_504-1.png","contentUrl":"https:\/\/zsp1chojna.pl\/wp-content\/uploads\/2023\/08\/cropped-cropped-cropped-Logo-biale-napis-na-3-wiersze_504-1.png","width":504,"height":167,"caption":"ZSP w Chojnie"},"image":{"@id":"https:\/\/zsp1chojna.pl\/#\/schema\/logo\/image\/"}}]}},"_links":{"self":[{"href":"https:\/\/zsp1chojna.pl\/index.php?rest_route=\/wp\/v2\/pages\/6247","targetHints":{"allow":["GET"]}}],"collection":[{"href":"https:\/\/zsp1chojna.pl\/index.php?rest_route=\/wp\/v2\/pages"}],"about":[{"href":"https:\/\/zsp1chojna.pl\/index.php?rest_route=\/wp\/v2\/types\/page"}],"author":[{"embeddable":true,"href":"https:\/\/zsp1chojna.pl\/index.php?rest_route=\/wp\/v2\/users\/1"}],"replies":[{"embeddable":true,"href":"https:\/\/zsp1chojna.pl\/index.php?rest_route=%2Fwp%2Fv2%2Fcomments&post=6247"}],"version-history":[{"count":1,"href":"https:\/\/zsp1chojna.pl\/index.php?rest_route=\/wp\/v2\/pages\/6247\/revisions"}],"predecessor-version":[{"id":6257,"href":"https:\/\/zsp1chojna.pl\/index.php?rest_route=\/wp\/v2\/pages\/6247\/revisions\/6257"}],"wp:attachment":[{"href":"https:\/\/zsp1chojna.pl\/index.php?rest_route=%2Fwp%2Fv2%2Fmedia&parent=6247"}],"curies":[{"name":"wp","href":"https:\/\/api.w.org\/{rel}","templated":true}]}}