{"id":6229,"date":"2023-10-15T18:57:00","date_gmt":"2023-10-15T16:57:00","guid":{"rendered":"https:\/\/zsp1chojna.pl\/?page_id=6229"},"modified":"2023-10-15T18:58:03","modified_gmt":"2023-10-15T16:58:03","slug":"projekt-inwestycja-w-ksztalcenie-zawodowe-inwestycja-w-przyszlosc-2","status":"publish","type":"page","link":"https:\/\/zsp1chojna.pl\/?page_id=6229","title":{"rendered":"Projekt \u201eInwestycja w kszta\u0142cenie zawodowe\u2013 inwestycj\u0105 w przysz\u0142o\u015b\u0107!\u201d"},"content":{"rendered":"\n<p class=\"has-text-align-justify\">Od\u00a01\u00a0wrze\u015bnia 2018\u00a0r. Zesp\u00f3\u0142 Szk\u00f3\u0142 Ponadpodstawowych w\u00a0Chojnie realizuje projekt pt.\u00a0\u201eInwestycja w\u00a0kszta\u0142cenie zawodowe \u2013 inwestycj\u0105 w\u00a0przysz\u0142o\u015b\u0107!\u201d, finansowany przez\u00a0Uni\u0119 Europejsk\u0105 w\u00a0ramach Regionalnego Programu Operacyjnego Wojew\u00f3dztwa Zachodniopomorskiego na\u00a0lata 2014-2020, Dzia\u0142anie 8.6 \u2013 Wsparcie szk\u00f3\u0142 i\u00a0plac\u00f3wek prowadz\u0105cych kszta\u0142cenie zawodowe oraz\u00a0uczni\u00f3w uczestnicz\u0105cych w\u00a0kszta\u0142ceniu zawodowym i\u00a0os\u00f3b doros\u0142ych uczestnicz\u0105cych w\u00a0pozaszkolnych formach kszta\u0142cenia zawodowego.<\/p>\n\n\n\n<p class=\"has-text-align-justify\">Celem projektu jest wzrost konkurencyjno\u015bci na&nbsp;rynku pracy uczni\u00f3w technikum i&nbsp;bran\u017cowej szko\u0142y I&nbsp;st. z&nbsp;oddzia\u0142ami zasadniczej szko\u0142y zawodowej, dzi\u0119ki podniesieniu ich umiej\u0119tno\u015bci i&nbsp;kompetencji zawodowych oraz&nbsp;zdobyciu nowych kwalifikacji zawodowych.<\/p>\n\n\n\n<p>Cel zostanie osi\u0105gni\u0119ty poprzez realizacj\u0119 zada\u0144:<br>1. Podniesienie umiej\u0119tno\u015bci oraz\u00a0uzyskiwanie kwalifikacji zawodowych przez\u00a0uczni\u00f3w uczestnicz\u0105cych w\u00a0formach wsparcia:<br>\u2013 praktyki\/sta\u017ce u\u00a0pracodawc\u00f3w,<br>\u2013 pomoc stypendialna dla uczni\u00f3w uzdolnionych w\u00a0zakresie przedmiot\u00f3w zawodowych,<br>\u2013 dodatkowe zaj\u0119cia specjalistyczne,<br>\u2013 kursy i\u00a0szkolenia zawodowe,<br>\u2013 kursy przygotowuj\u0105ce do\u00a0egzaminu czeladniczego, op\u0142ata za\u00a0egzamin,<br>\u2013 zaj\u0119cia w\u00a0szko\u0142ach wy\u017cszych,<br>\u2013 utworzenie klasy patronackiej.<br>2. Doposa\u017cenie pi\u0119ciu pracowni szkolnych w\u00a0specjalistyczny sprz\u0119t i\u00a0pomoce dydaktyczne.<br>3. Wsparcie kompetencyjne nauczycieli poprzez studia podyplomowe, kursy, szkolenia, warsztaty, sta\u017ce u\u00a0pracodawc\u00f3w.<br>4. Doradztwo edukacyjno-zawodowe<br>\u2013 zaj\u0119cia grupowe i\u00a0indywidualne,<br>5. Utworzenie Szkolnego Punktu Przedsi\u0119biorczo\u015bci.<\/p>\n\n\n\n<p class=\"has-text-align-center\"><strong>Termin realizacji:<\/strong><br>1.09.2018 \u2013 31.03.2021<br><strong>Warto\u015b\u0107 projektu:<\/strong><br>Warto\u015b\u0107 projektu \u2013 1\u00a0980\u00a0933, 08\u00a0PLN<br>Dofinansowanie z\u00a0UE \u2013 1\u00a0683\u00a0793,11\u00a0PLN<\/p>\n","protected":false},"excerpt":{"rendered":"<p>Od\u00a01\u00a0wrze\u015bnia 2018\u00a0r. Zesp\u00f3\u0142 Szk\u00f3\u0142 Ponadpodstawowych w\u00a0Chojnie realizuje projekt pt.\u00a0\u201eInwestycja w\u00a0kszta\u0142cenie zawodowe \u2013 inwestycj\u0105 w\u00a0przysz\u0142o\u015b\u0107!\u201d, finansowany przez\u00a0Uni\u0119 Europejsk\u0105 w\u00a0ramach Regionalnego Programu Operacyjnego Wojew\u00f3dztwa Zachodniopomorskiego na\u00a0lata 2014-2020, Dzia\u0142anie 8.6 \u2013 Wsparcie szk\u00f3\u0142 [&hellip;]<\/p>\n","protected":false},"author":1,"featured_media":0,"parent":0,"menu_order":0,"comment_status":"closed","ping_status":"closed","template":"","meta":{"footnotes":""},"class_list":["post-6229","page","type-page","status-publish","hentry"],"yoast_head":"<!-- This site is optimized with the Yoast SEO plugin v20.13 - https:\/\/yoast.com\/wordpress\/plugins\/seo\/ -->\n<title>Projekt \u201eInwestycja w kszta\u0142cenie zawodowe\u2013 inwestycj\u0105 w przysz\u0142o\u015b\u0107!\u201d - ZSP w Chojnie<\/title>\n<meta name=\"robots\" content=\"index, follow, max-snippet:-1, max-image-preview:large, max-video-preview:-1\" \/>\n<link rel=\"canonical\" href=\"https:\/\/zsp1chojna.pl\/?page_id=6229\" \/>\n<meta property=\"og:locale\" content=\"pl_PL\" \/>\n<meta property=\"og:type\" content=\"article\" \/>\n<meta property=\"og:title\" content=\"Projekt \u201eInwestycja w kszta\u0142cenie zawodowe\u2013 inwestycj\u0105 w przysz\u0142o\u015b\u0107!\u201d - ZSP w Chojnie\" \/>\n<meta property=\"og:description\" content=\"Od\u00a01\u00a0wrze\u015bnia 2018\u00a0r. Zesp\u00f3\u0142 Szk\u00f3\u0142 Ponadpodstawowych w\u00a0Chojnie realizuje projekt pt.\u00a0\u201eInwestycja w\u00a0kszta\u0142cenie zawodowe \u2013 inwestycj\u0105 w\u00a0przysz\u0142o\u015b\u0107!\u201d, finansowany przez\u00a0Uni\u0119 Europejsk\u0105 w\u00a0ramach Regionalnego Programu Operacyjnego Wojew\u00f3dztwa Zachodniopomorskiego na\u00a0lata 2014-2020, Dzia\u0142anie 8.6 \u2013 Wsparcie szk\u00f3\u0142 [&hellip;]\" \/>\n<meta property=\"og:url\" content=\"https:\/\/zsp1chojna.pl\/?page_id=6229\" \/>\n<meta property=\"og:site_name\" content=\"ZSP w Chojnie\" \/>\n<meta property=\"article:modified_time\" content=\"2023-10-15T16:58:03+00:00\" \/>\n<meta name=\"twitter:card\" content=\"summary_large_image\" \/>\n<meta name=\"twitter:label1\" content=\"Szacowany czas czytania\" \/>\n\t<meta name=\"twitter:data1\" content=\"2 minuty\" \/>\n<script type=\"application\/ld+json\" class=\"yoast-schema-graph\">{\"@context\":\"https:\/\/schema.org\",\"@graph\":[{\"@type\":\"WebPage\",\"@id\":\"https:\/\/zsp1chojna.pl\/?page_id=6229\",\"url\":\"https:\/\/zsp1chojna.pl\/?page_id=6229\",\"name\":\"Projekt \u201eInwestycja w kszta\u0142cenie zawodowe\u2013 inwestycj\u0105 w przysz\u0142o\u015b\u0107!\u201d - ZSP w Chojnie\",\"isPartOf\":{\"@id\":\"https:\/\/zsp1chojna.pl\/#website\"},\"datePublished\":\"2023-10-15T16:57:00+00:00\",\"dateModified\":\"2023-10-15T16:58:03+00:00\",\"breadcrumb\":{\"@id\":\"https:\/\/zsp1chojna.pl\/?page_id=6229#breadcrumb\"},\"inLanguage\":\"pl-PL\",\"potentialAction\":[{\"@type\":\"ReadAction\",\"target\":[\"https:\/\/zsp1chojna.pl\/?page_id=6229\"]}]},{\"@type\":\"BreadcrumbList\",\"@id\":\"https:\/\/zsp1chojna.pl\/?page_id=6229#breadcrumb\",\"itemListElement\":[{\"@type\":\"ListItem\",\"position\":1,\"name\":\"Home\",\"item\":\"https:\/\/zsp1chojna.pl\/\"},{\"@type\":\"ListItem\",\"position\":2,\"name\":\"Projekt \u201eInwestycja w&nbsp;kszta\u0142cenie zawodowe\u2013 inwestycj\u0105 w&nbsp;przysz\u0142o\u015b\u0107!\u201d\"}]},{\"@type\":\"WebSite\",\"@id\":\"https:\/\/zsp1chojna.pl\/#website\",\"url\":\"https:\/\/zsp1chojna.pl\/\",\"name\":\"ZSP w Chojnie\",\"description\":\"\",\"publisher\":{\"@id\":\"https:\/\/zsp1chojna.pl\/#organization\"},\"potentialAction\":[{\"@type\":\"SearchAction\",\"target\":{\"@type\":\"EntryPoint\",\"urlTemplate\":\"https:\/\/zsp1chojna.pl\/?s={search_term_string}\"},\"query-input\":\"required name=search_term_string\"}],\"inLanguage\":\"pl-PL\"},{\"@type\":\"Organization\",\"@id\":\"https:\/\/zsp1chojna.pl\/#organization\",\"name\":\"ZSP w Chojnie\",\"url\":\"https:\/\/zsp1chojna.pl\/\",\"logo\":{\"@type\":\"ImageObject\",\"inLanguage\":\"pl-PL\",\"@id\":\"https:\/\/zsp1chojna.pl\/#\/schema\/logo\/image\/\",\"url\":\"https:\/\/zsp1chojna.pl\/wp-content\/uploads\/2023\/08\/cropped-cropped-cropped-Logo-biale-napis-na-3-wiersze_504-1.png\",\"contentUrl\":\"https:\/\/zsp1chojna.pl\/wp-content\/uploads\/2023\/08\/cropped-cropped-cropped-Logo-biale-napis-na-3-wiersze_504-1.png\",\"width\":504,\"height\":167,\"caption\":\"ZSP w Chojnie\"},\"image\":{\"@id\":\"https:\/\/zsp1chojna.pl\/#\/schema\/logo\/image\/\"}}]}<\/script>\n<!-- \/ Yoast SEO plugin. -->","yoast_head_json":{"title":"Projekt \u201eInwestycja w kszta\u0142cenie zawodowe\u2013 inwestycj\u0105 w przysz\u0142o\u015b\u0107!\u201d - ZSP w Chojnie","robots":{"index":"index","follow":"follow","max-snippet":"max-snippet:-1","max-image-preview":"max-image-preview:large","max-video-preview":"max-video-preview:-1"},"canonical":"https:\/\/zsp1chojna.pl\/?page_id=6229","og_locale":"pl_PL","og_type":"article","og_title":"Projekt \u201eInwestycja w kszta\u0142cenie zawodowe\u2013 inwestycj\u0105 w przysz\u0142o\u015b\u0107!\u201d - ZSP w Chojnie","og_description":"Od\u00a01\u00a0wrze\u015bnia 2018\u00a0r. Zesp\u00f3\u0142 Szk\u00f3\u0142 Ponadpodstawowych w\u00a0Chojnie realizuje projekt pt.\u00a0\u201eInwestycja w\u00a0kszta\u0142cenie zawodowe \u2013 inwestycj\u0105 w\u00a0przysz\u0142o\u015b\u0107!\u201d, finansowany przez\u00a0Uni\u0119 Europejsk\u0105 w\u00a0ramach Regionalnego Programu Operacyjnego Wojew\u00f3dztwa Zachodniopomorskiego na\u00a0lata 2014-2020, Dzia\u0142anie 8.6 \u2013 Wsparcie szk\u00f3\u0142 [&hellip;]","og_url":"https:\/\/zsp1chojna.pl\/?page_id=6229","og_site_name":"ZSP w Chojnie","article_modified_time":"2023-10-15T16:58:03+00:00","twitter_card":"summary_large_image","twitter_misc":{"Szacowany czas czytania":"2 minuty"},"schema":{"@context":"https:\/\/schema.org","@graph":[{"@type":"WebPage","@id":"https:\/\/zsp1chojna.pl\/?page_id=6229","url":"https:\/\/zsp1chojna.pl\/?page_id=6229","name":"Projekt \u201eInwestycja w kszta\u0142cenie zawodowe\u2013 inwestycj\u0105 w przysz\u0142o\u015b\u0107!\u201d - ZSP w Chojnie","isPartOf":{"@id":"https:\/\/zsp1chojna.pl\/#website"},"datePublished":"2023-10-15T16:57:00+00:00","dateModified":"2023-10-15T16:58:03+00:00","breadcrumb":{"@id":"https:\/\/zsp1chojna.pl\/?page_id=6229#breadcrumb"},"inLanguage":"pl-PL","potentialAction":[{"@type":"ReadAction","target":["https:\/\/zsp1chojna.pl\/?page_id=6229"]}]},{"@type":"BreadcrumbList","@id":"https:\/\/zsp1chojna.pl\/?page_id=6229#breadcrumb","itemListElement":[{"@type":"ListItem","position":1,"name":"Home","item":"https:\/\/zsp1chojna.pl\/"},{"@type":"ListItem","position":2,"name":"Projekt \u201eInwestycja w&nbsp;kszta\u0142cenie zawodowe\u2013 inwestycj\u0105 w&nbsp;przysz\u0142o\u015b\u0107!\u201d"}]},{"@type":"WebSite","@id":"https:\/\/zsp1chojna.pl\/#website","url":"https:\/\/zsp1chojna.pl\/","name":"ZSP w Chojnie","description":"","publisher":{"@id":"https:\/\/zsp1chojna.pl\/#organization"},"potentialAction":[{"@type":"SearchAction","target":{"@type":"EntryPoint","urlTemplate":"https:\/\/zsp1chojna.pl\/?s={search_term_string}"},"query-input":"required name=search_term_string"}],"inLanguage":"pl-PL"},{"@type":"Organization","@id":"https:\/\/zsp1chojna.pl\/#organization","name":"ZSP w Chojnie","url":"https:\/\/zsp1chojna.pl\/","logo":{"@type":"ImageObject","inLanguage":"pl-PL","@id":"https:\/\/zsp1chojna.pl\/#\/schema\/logo\/image\/","url":"https:\/\/zsp1chojna.pl\/wp-content\/uploads\/2023\/08\/cropped-cropped-cropped-Logo-biale-napis-na-3-wiersze_504-1.png","contentUrl":"https:\/\/zsp1chojna.pl\/wp-content\/uploads\/2023\/08\/cropped-cropped-cropped-Logo-biale-napis-na-3-wiersze_504-1.png","width":504,"height":167,"caption":"ZSP w Chojnie"},"image":{"@id":"https:\/\/zsp1chojna.pl\/#\/schema\/logo\/image\/"}}]}},"_links":{"self":[{"href":"https:\/\/zsp1chojna.pl\/index.php?rest_route=\/wp\/v2\/pages\/6229","targetHints":{"allow":["GET"]}}],"collection":[{"href":"https:\/\/zsp1chojna.pl\/index.php?rest_route=\/wp\/v2\/pages"}],"about":[{"href":"https:\/\/zsp1chojna.pl\/index.php?rest_route=\/wp\/v2\/types\/page"}],"author":[{"embeddable":true,"href":"https:\/\/zsp1chojna.pl\/index.php?rest_route=\/wp\/v2\/users\/1"}],"replies":[{"embeddable":true,"href":"https:\/\/zsp1chojna.pl\/index.php?rest_route=%2Fwp%2Fv2%2Fcomments&post=6229"}],"version-history":[{"count":3,"href":"https:\/\/zsp1chojna.pl\/index.php?rest_route=\/wp\/v2\/pages\/6229\/revisions"}],"predecessor-version":[{"id":6233,"href":"https:\/\/zsp1chojna.pl\/index.php?rest_route=\/wp\/v2\/pages\/6229\/revisions\/6233"}],"wp:attachment":[{"href":"https:\/\/zsp1chojna.pl\/index.php?rest_route=%2Fwp%2Fv2%2Fmedia&parent=6229"}],"curies":[{"name":"wp","href":"https:\/\/api.w.org\/{rel}","templated":true}]}}

Projekt „Inwestycja w kształcenie zawodowe– inwestycją w przyszłość!”

<p class="has-text-align-justify">Od 1 września 2018 r. Zespół Szkół Ponadpodstawowych w Chojnie realizuje projekt pt. „Inwestycja w kształcenie zawodowe – inwestycją w przyszłość!”, finansowany przez Unię Europejską w ramach Regionalnego Programu Operacyjnego Województwa Zachodniopomorskiego na lata 2014-2020, Działanie 8.6 – Wsparcie szkół i placówek prowadzących kształcenie zawodowe oraz uczniów uczestniczących w kształceniu zawodowym i osób dorosłych uczestniczących w pozaszkolnych formach kształcenia zawodowego.</p>



<p class="has-text-align-justify">Celem projektu jest wzrost konkurencyjności na&nbsp;rynku pracy uczniów technikum i&nbsp;branżowej szkoły I&nbsp;st. z&nbsp;oddziałami zasadniczej szkoły zawodowej, dzięki podniesieniu ich umiejętności i&nbsp;kompetencji zawodowych oraz&nbsp;zdobyciu nowych kwalifikacji zawodowych.</p>



<p>Cel zostanie osiągnięty poprzez realizację zadań:<br>1. Podniesienie umiejętności oraz uzyskiwanie kwalifikacji zawodowych przez uczniów uczestniczących w formach wsparcia:<br>– praktyki/staże u pracodawców,<br>– pomoc stypendialna dla uczniów uzdolnionych w zakresie przedmiotów zawodowych,<br>– dodatkowe zajęcia specjalistyczne,<br>– kursy i szkolenia zawodowe,<br>– kursy przygotowujące do egzaminu czeladniczego, opłata za egzamin,<br>– zajęcia w szkołach wyższych,<br>– utworzenie klasy patronackiej.<br>2. Doposażenie pięciu pracowni szkolnych w specjalistyczny sprzęt i pomoce dydaktyczne.<br>3. Wsparcie kompetencyjne nauczycieli poprzez studia podyplomowe, kursy, szkolenia, warsztaty, staże u pracodawców.<br>4. Doradztwo edukacyjno-zawodowe<br>– zajęcia grupowe i indywidualne,<br>5. Utworzenie Szkolnego Punktu Przedsiębiorczości.</p>



<p class="has-text-align-center"><strong>Termin realizacji:</strong><br>1.09.2018 – 31.03.2021<br><strong>Wartość projektu:</strong><br>Wartość projektu – 1 980 933, 08 PLN<br>Dofinansowanie z UE – 1 683 793,11 PLN</p>

<p>Od 1 września 2018 r. Zespół Szkół Ponadpodstawowych w Chojnie realizuje projekt pt. „Inwestycja w kształcenie zawodowe – inwestycją w przyszłość!”, finansowany przez Unię Europejską w ramach Regionalnego Programu Operacyjnego Województwa Zachodniopomorskiego na lata 2014-2020, Działanie 8.6 – Wsparcie szkół [&hellip;]</p>

<!-- This site is optimized with the Yoast SEO plugin v20.13 - https://yoast.com/wordpress/plugins/seo/ -->
<title>Projekt „Inwestycja w kształcenie zawodowe– inwestycją w przyszłość!” - ZSP w Chojnie</title>
<meta name="robots" content="index, follow, max-snippet:-1, max-image-preview:large, max-video-preview:-1" />
<link rel="canonical" href="https://zsp1chojna.pl/?page_id=6229" />
<meta property="og:locale" content="pl_PL" />
<meta property="og:type" content="article" />
<meta property="og:title" content="Projekt „Inwestycja w kształcenie zawodowe– inwestycją w przyszłość!” - ZSP w Chojnie" />
<meta property="og:description" content="Od 1 września 2018 r. Zespół Szkół Ponadpodstawowych w Chojnie realizuje projekt pt. „Inwestycja w kształcenie zawodowe – inwestycją w przyszłość!”, finansowany przez Unię Europejską w ramach Regionalnego Programu Operacyjnego Województwa Zachodniopomorskiego na lata 2014-2020, Działanie 8.6 – Wsparcie szkół [&hellip;]" />
<meta property="og:url" content="https://zsp1chojna.pl/?page_id=6229" />
<meta property="og:site_name" content="ZSP w Chojnie" />
<meta property="article:modified_time" content="2023-10-15T16:58:03+00:00" />
<meta name="twitter:card" content="summary_large_image" />
<meta name="twitter:label1" content="Szacowany czas czytania" />
	<meta name="twitter:data1" content="2 minuty" />
<script type="application/ld+json" class="yoast-schema-graph">{"@context":"https://schema.org","@graph":[{"@type":"WebPage","@id":"https://zsp1chojna.pl/?page_id=6229","url":"https://zsp1chojna.pl/?page_id=6229","name":"Projekt „Inwestycja w kształcenie zawodowe– inwestycją w przyszłość!” - ZSP w Chojnie","isPartOf":{"@id":"https://zsp1chojna.pl/#website"},"datePublished":"2023-10-15T16:57:00+00:00","dateModified":"2023-10-15T16:58:03+00:00","breadcrumb":{"@id":"https://zsp1chojna.pl/?page_id=6229#breadcrumb"},"inLanguage":"pl-PL","potentialAction":[{"@type":"ReadAction","target":["https://zsp1chojna.pl/?page_id=6229"]}]},{"@type":"BreadcrumbList","@id":"https://zsp1chojna.pl/?page_id=6229#breadcrumb","itemListElement":[{"@type":"ListItem","position":1,"name":"Home","item":"https://zsp1chojna.pl/"},{"@type":"ListItem","position":2,"name":"Projekt „Inwestycja w&nbsp;kształcenie zawodowe– inwestycją w&nbsp;przyszłość!”"}]},{"@type":"WebSite","@id":"https://zsp1chojna.pl/#website","url":"https://zsp1chojna.pl/","name":"ZSP w Chojnie","description":"","publisher":{"@id":"https://zsp1chojna.pl/#organization"},"potentialAction":[{"@type":"SearchAction","target":{"@type":"EntryPoint","urlTemplate":"https://zsp1chojna.pl/?s={search_term_string}"},"query-input":"required name=search_term_string"}],"inLanguage":"pl-PL"},{"@type":"Organization","@id":"https://zsp1chojna.pl/#organization","name":"ZSP w Chojnie","url":"https://zsp1chojna.pl/","logo":{"@type":"ImageObject","inLanguage":"pl-PL","@id":"https://zsp1chojna.pl/#/schema/logo/image/","url":"https://zsp1chojna.pl/wp-content/uploads/2023/08/cropped-cropped-cropped-Logo-biale-napis-na-3-wiersze_504-1.png","contentUrl":"https://zsp1chojna.pl/wp-content/uploads/2023/08/cropped-cropped-cropped-Logo-biale-napis-na-3-wiersze_504-1.png","width":504,"height":167,"caption":"ZSP w Chojnie"},"image":{"@id":"https://zsp1chojna.pl/#/schema/logo/image/"}}]}</script>
<!-- / Yoast SEO plugin. -->

Projekt „Inwestycja w kształcenie zawodowe– inwestycją w przyszłość!” - ZSP w Chojnie

Od 1 września 2018 r. Zespół Szkół Ponadpodstawowych w Chojnie realizuje projekt pt. „Inwestycja w kształcenie zawodowe – inwestycją w przyszłość!”, finansowany przez Unię Europejską w ramach Regionalnego Programu Operacyjnego Województwa Zachodniopomorskiego na lata 2014-2020, Działanie 8.6 – Wsparcie szkół [&hellip;]

Projekt „Inwestycja w&nbsp;kształcenie zawodowe– inwestycją w&nbsp;przyszłość!”
