{"id":5916,"date":"2023-10-01T14:38:46","date_gmt":"2023-10-01T12:38:46","guid":{"rendered":"https:\/\/zsp1chojna.pl\/?page_id=5916"},"modified":"2023-10-01T14:38:48","modified_gmt":"2023-10-01T12:38:48","slug":"absolwenci-technikum-hodowlanego-1986","status":"publish","type":"page","link":"https:\/\/zsp1chojna.pl\/?page_id=5916","title":{"rendered":"Absolwenci Technikum Hodowlanego 1986"},"content":{"rendered":"\n<p>Dzier\u017ca Dorota<br>Fr\u0105ckowiak Adam<br>Juzyszyn Piotr<br>Karkowska Leokadia<br>Korsak Lidia<br>Kozio\u0142 El\u017cbieta<br>Krasowska Krystyna<br>Kurpiel S\u0142awomir<br>Labuda Marzena<br>Majdan Andrzej<br>Marek S\u0142awomir<br>Ma\u015blak Zdzis\u0142aw<br>Pawlak Roman<br>Rosalska Teresa<br>Rozkrut Maria<br>Siekierska Maria<br>Skowron Beata<br>Sobczak El\u017cbieta<br>Sroka Marek<br>\u015awi\u0105tnicka Ewa<br>Wnuczek Magorzata<br>Zio\u0142a Leszek<\/p>\n","protected":false},"excerpt":{"rendered":"<p>Dzier\u017ca DorotaFr\u0105ckowiak AdamJuzyszyn PiotrKarkowska LeokadiaKorsak LidiaKozio\u0142 El\u017cbietaKrasowska KrystynaKurpiel S\u0142awomirLabuda MarzenaMajdan AndrzejMarek S\u0142awomirMa\u015blak Zdzis\u0142awPawlak RomanRosalska TeresaRozkrut MariaSiekierska MariaSkowron BeataSobczak El\u017cbietaSroka Marek\u015awi\u0105tnicka EwaWnuczek MagorzataZio\u0142a Leszek<\/p>\n","protected":false},"author":1,"featured_media":0,"parent":0,"menu_order":0,"comment_status":"closed","ping_status":"closed","template":"","meta":{"footnotes":""},"class_list":["post-5916","page","type-page","status-publish","hentry"],"yoast_head":"<!-- This site is optimized with the Yoast SEO plugin v20.13 - https:\/\/yoast.com\/wordpress\/plugins\/seo\/ -->\n<title>Absolwenci Technikum Hodowlanego 1986 - ZSP w Chojnie<\/title>\n<meta name=\"robots\" content=\"index, follow, max-snippet:-1, max-image-preview:large, max-video-preview:-1\" \/>\n<link rel=\"canonical\" href=\"https:\/\/zsp1chojna.pl\/?page_id=5916\" \/>\n<meta property=\"og:locale\" content=\"pl_PL\" \/>\n<meta property=\"og:type\" content=\"article\" \/>\n<meta property=\"og:title\" content=\"Absolwenci Technikum Hodowlanego 1986 - ZSP w Chojnie\" \/>\n<meta property=\"og:description\" content=\"Dzier\u017ca DorotaFr\u0105ckowiak AdamJuzyszyn PiotrKarkowska LeokadiaKorsak LidiaKozio\u0142 El\u017cbietaKrasowska KrystynaKurpiel S\u0142awomirLabuda MarzenaMajdan AndrzejMarek S\u0142awomirMa\u015blak Zdzis\u0142awPawlak RomanRosalska TeresaRozkrut MariaSiekierska MariaSkowron BeataSobczak El\u017cbietaSroka Marek\u015awi\u0105tnicka EwaWnuczek MagorzataZio\u0142a Leszek\" \/>\n<meta property=\"og:url\" content=\"https:\/\/zsp1chojna.pl\/?page_id=5916\" \/>\n<meta property=\"og:site_name\" content=\"ZSP w Chojnie\" \/>\n<meta property=\"article:modified_time\" content=\"2023-10-01T12:38:48+00:00\" \/>\n<meta name=\"twitter:card\" content=\"summary_large_image\" \/>\n<meta name=\"twitter:label1\" content=\"Szacowany czas czytania\" \/>\n\t<meta name=\"twitter:data1\" content=\"1 minuta\" \/>\n<script type=\"application\/ld+json\" class=\"yoast-schema-graph\">{\"@context\":\"https:\/\/schema.org\",\"@graph\":[{\"@type\":\"WebPage\",\"@id\":\"https:\/\/zsp1chojna.pl\/?page_id=5916\",\"url\":\"https:\/\/zsp1chojna.pl\/?page_id=5916\",\"name\":\"Absolwenci Technikum Hodowlanego 1986 - ZSP w Chojnie\",\"isPartOf\":{\"@id\":\"https:\/\/zsp1chojna.pl\/#website\"},\"datePublished\":\"2023-10-01T12:38:46+00:00\",\"dateModified\":\"2023-10-01T12:38:48+00:00\",\"breadcrumb\":{\"@id\":\"https:\/\/zsp1chojna.pl\/?page_id=5916#breadcrumb\"},\"inLanguage\":\"pl-PL\",\"potentialAction\":[{\"@type\":\"ReadAction\",\"target\":[\"https:\/\/zsp1chojna.pl\/?page_id=5916\"]}]},{\"@type\":\"BreadcrumbList\",\"@id\":\"https:\/\/zsp1chojna.pl\/?page_id=5916#breadcrumb\",\"itemListElement\":[{\"@type\":\"ListItem\",\"position\":1,\"name\":\"Home\",\"item\":\"https:\/\/zsp1chojna.pl\/\"},{\"@type\":\"ListItem\",\"position\":2,\"name\":\"Absolwenci Technikum Hodowlanego 1986\"}]},{\"@type\":\"WebSite\",\"@id\":\"https:\/\/zsp1chojna.pl\/#website\",\"url\":\"https:\/\/zsp1chojna.pl\/\",\"name\":\"ZSP w Chojnie\",\"description\":\"\",\"publisher\":{\"@id\":\"https:\/\/zsp1chojna.pl\/#organization\"},\"potentialAction\":[{\"@type\":\"SearchAction\",\"target\":{\"@type\":\"EntryPoint\",\"urlTemplate\":\"https:\/\/zsp1chojna.pl\/?s={search_term_string}\"},\"query-input\":\"required name=search_term_string\"}],\"inLanguage\":\"pl-PL\"},{\"@type\":\"Organization\",\"@id\":\"https:\/\/zsp1chojna.pl\/#organization\",\"name\":\"ZSP w Chojnie\",\"url\":\"https:\/\/zsp1chojna.pl\/\",\"logo\":{\"@type\":\"ImageObject\",\"inLanguage\":\"pl-PL\",\"@id\":\"https:\/\/zsp1chojna.pl\/#\/schema\/logo\/image\/\",\"url\":\"https:\/\/zsp1chojna.pl\/wp-content\/uploads\/2023\/08\/cropped-cropped-cropped-Logo-biale-napis-na-3-wiersze_504-1.png\",\"contentUrl\":\"https:\/\/zsp1chojna.pl\/wp-content\/uploads\/2023\/08\/cropped-cropped-cropped-Logo-biale-napis-na-3-wiersze_504-1.png\",\"width\":504,\"height\":167,\"caption\":\"ZSP w Chojnie\"},\"image\":{\"@id\":\"https:\/\/zsp1chojna.pl\/#\/schema\/logo\/image\/\"}}]}<\/script>\n<!-- \/ Yoast SEO plugin. -->","yoast_head_json":{"title":"Absolwenci Technikum Hodowlanego 1986 - ZSP w Chojnie","robots":{"index":"index","follow":"follow","max-snippet":"max-snippet:-1","max-image-preview":"max-image-preview:large","max-video-preview":"max-video-preview:-1"},"canonical":"https:\/\/zsp1chojna.pl\/?page_id=5916","og_locale":"pl_PL","og_type":"article","og_title":"Absolwenci Technikum Hodowlanego 1986 - ZSP w Chojnie","og_description":"Dzier\u017ca DorotaFr\u0105ckowiak AdamJuzyszyn PiotrKarkowska LeokadiaKorsak LidiaKozio\u0142 El\u017cbietaKrasowska KrystynaKurpiel S\u0142awomirLabuda MarzenaMajdan AndrzejMarek S\u0142awomirMa\u015blak Zdzis\u0142awPawlak RomanRosalska TeresaRozkrut MariaSiekierska MariaSkowron BeataSobczak El\u017cbietaSroka Marek\u015awi\u0105tnicka EwaWnuczek MagorzataZio\u0142a Leszek","og_url":"https:\/\/zsp1chojna.pl\/?page_id=5916","og_site_name":"ZSP w Chojnie","article_modified_time":"2023-10-01T12:38:48+00:00","twitter_card":"summary_large_image","twitter_misc":{"Szacowany czas czytania":"1 minuta"},"schema":{"@context":"https:\/\/schema.org","@graph":[{"@type":"WebPage","@id":"https:\/\/zsp1chojna.pl\/?page_id=5916","url":"https:\/\/zsp1chojna.pl\/?page_id=5916","name":"Absolwenci Technikum Hodowlanego 1986 - ZSP w Chojnie","isPartOf":{"@id":"https:\/\/zsp1chojna.pl\/#website"},"datePublished":"2023-10-01T12:38:46+00:00","dateModified":"2023-10-01T12:38:48+00:00","breadcrumb":{"@id":"https:\/\/zsp1chojna.pl\/?page_id=5916#breadcrumb"},"inLanguage":"pl-PL","potentialAction":[{"@type":"ReadAction","target":["https:\/\/zsp1chojna.pl\/?page_id=5916"]}]},{"@type":"BreadcrumbList","@id":"https:\/\/zsp1chojna.pl\/?page_id=5916#breadcrumb","itemListElement":[{"@type":"ListItem","position":1,"name":"Home","item":"https:\/\/zsp1chojna.pl\/"},{"@type":"ListItem","position":2,"name":"Absolwenci Technikum Hodowlanego 1986"}]},{"@type":"WebSite","@id":"https:\/\/zsp1chojna.pl\/#website","url":"https:\/\/zsp1chojna.pl\/","name":"ZSP w Chojnie","description":"","publisher":{"@id":"https:\/\/zsp1chojna.pl\/#organization"},"potentialAction":[{"@type":"SearchAction","target":{"@type":"EntryPoint","urlTemplate":"https:\/\/zsp1chojna.pl\/?s={search_term_string}"},"query-input":"required name=search_term_string"}],"inLanguage":"pl-PL"},{"@type":"Organization","@id":"https:\/\/zsp1chojna.pl\/#organization","name":"ZSP w Chojnie","url":"https:\/\/zsp1chojna.pl\/","logo":{"@type":"ImageObject","inLanguage":"pl-PL","@id":"https:\/\/zsp1chojna.pl\/#\/schema\/logo\/image\/","url":"https:\/\/zsp1chojna.pl\/wp-content\/uploads\/2023\/08\/cropped-cropped-cropped-Logo-biale-napis-na-3-wiersze_504-1.png","contentUrl":"https:\/\/zsp1chojna.pl\/wp-content\/uploads\/2023\/08\/cropped-cropped-cropped-Logo-biale-napis-na-3-wiersze_504-1.png","width":504,"height":167,"caption":"ZSP w Chojnie"},"image":{"@id":"https:\/\/zsp1chojna.pl\/#\/schema\/logo\/image\/"}}]}},"_links":{"self":[{"href":"https:\/\/zsp1chojna.pl\/index.php?rest_route=\/wp\/v2\/pages\/5916","targetHints":{"allow":["GET"]}}],"collection":[{"href":"https:\/\/zsp1chojna.pl\/index.php?rest_route=\/wp\/v2\/pages"}],"about":[{"href":"https:\/\/zsp1chojna.pl\/index.php?rest_route=\/wp\/v2\/types\/page"}],"author":[{"embeddable":true,"href":"https:\/\/zsp1chojna.pl\/index.php?rest_route=\/wp\/v2\/users\/1"}],"replies":[{"embeddable":true,"href":"https:\/\/zsp1chojna.pl\/index.php?rest_route=%2Fwp%2Fv2%2Fcomments&post=5916"}],"version-history":[{"count":1,"href":"https:\/\/zsp1chojna.pl\/index.php?rest_route=\/wp\/v2\/pages\/5916\/revisions"}],"predecessor-version":[{"id":5917,"href":"https:\/\/zsp1chojna.pl\/index.php?rest_route=\/wp\/v2\/pages\/5916\/revisions\/5917"}],"wp:attachment":[{"href":"https:\/\/zsp1chojna.pl\/index.php?rest_route=%2Fwp%2Fv2%2Fmedia&parent=5916"}],"curies":[{"name":"wp","href":"https:\/\/api.w.org\/{rel}","templated":true}]}}