{"id":5663,"date":"2023-09-24T15:19:34","date_gmt":"2023-09-24T13:19:34","guid":{"rendered":"https:\/\/zsp1chojna.pl\/?page_id=5663"},"modified":"2023-09-24T15:19:37","modified_gmt":"2023-09-24T13:19:37","slug":"global-warming","status":"publish","type":"page","link":"https:\/\/zsp1chojna.pl\/?page_id=5663","title":{"rendered":"&#8220;Global warming&#8221;"},"content":{"rendered":"\n<p class=\"has-text-align-justify\">Szwedzka  miejscowo\u015b\u0107 Oxel\u00f6sund, kt\u00f3ra podobnie jak Chojna nale\u017cy  do  organizacji Douzelage, w dniach od 30 do 31 maja by\u0142a miejscem   spotkania przedstawicieli 9 pa\u0144stw w ramach przygotowania do  projektu <strong>Global  Warming 2008<\/strong>,kt\u00f3ry  odb\u0119dzie si\u0119 na pocz\u0105tku sierpnia.<strong> <\/strong>W  mityngu opr\u00f3cz strony Polskiej, kt\u00f3r\u0105 reprezentowa\u0142y <strong>Pani<\/strong> <strong>Gabriela  Kafar<\/strong> oraz <strong>Magdalena  Rusek <\/strong>z <strong>ZSP  nr 1 w Chojnie<\/strong>,  wzi\u0119\u0142y udzia\u0142 delegacje ze Szwecji, Anglii, Francji, Niemiec,  Holandii, Estonii, W\u0119gier i S\u0142owacji. Celem projektu <strong>Global  Warming 2008<\/strong> jest ustalenie co m\u0142odzi Europejczycy mog\u0105 zrobi\u0107 w zwi\u0105zku z  ogromnym problemem, jaki stanowi globalne ocieplenie. <\/p>\n\n\n<div class=\"wp-block-image\">\n<figure class=\"aligncenter size-full\"><img loading=\"lazy\" decoding=\"async\" width=\"350\" height=\"232\" data-attachment-id=\"5664\" data-permalink=\"https:\/\/zsp1chojna.pl\/?attachment_id=5664\" data-orig-file=\"https:\/\/zsp1chojna.pl\/wp-content\/uploads\/2023\/09\/szwecja_3_350.jpg\" data-orig-size=\"350,232\" data-comments-opened=\"1\" data-image-meta=\"{&quot;aperture&quot;:&quot;2.8&quot;,&quot;credit&quot;:&quot;&quot;,&quot;camera&quot;:&quot;DMC-LZ6&quot;,&quot;caption&quot;:&quot;&quot;,&quot;created_timestamp&quot;:&quot;1212139479&quot;,&quot;copyright&quot;:&quot;&quot;,&quot;focal_length&quot;:&quot;6.1&quot;,&quot;iso&quot;:&quot;320&quot;,&quot;shutter_speed&quot;:&quot;0.033333333333333&quot;,&quot;title&quot;:&quot;&quot;,&quot;orientation&quot;:&quot;1&quot;}\" data-image-title=\"szwecja_3_350\" data-image-description=\"\" data-image-caption=\"\" data-medium-file=\"https:\/\/zsp1chojna.pl\/wp-content\/uploads\/2023\/09\/szwecja_3_350-300x199.jpg\" data-large-file=\"https:\/\/zsp1chojna.pl\/wp-content\/uploads\/2023\/09\/szwecja_3_350.jpg\" src=\"https:\/\/zsp1chojna.pl\/wp-content\/uploads\/2023\/09\/szwecja_3_350.jpg\" alt=\"\" class=\"wp-image-5664\" srcset=\"https:\/\/zsp1chojna.pl\/wp-content\/uploads\/2023\/09\/szwecja_3_350.jpg 350w, https:\/\/zsp1chojna.pl\/wp-content\/uploads\/2023\/09\/szwecja_3_350-300x199.jpg 300w, https:\/\/zsp1chojna.pl\/wp-content\/uploads\/2023\/09\/szwecja_3_350-84x56.jpg 84w\" sizes=\"auto, (max-width: 350px) 100vw, 350px\" \/><\/figure>\n<\/div>\n\n\n<p class=\"has-text-align-justify\">Majowe spotkanie dotyczy\u0142o ustalenia zasad, rozwi\u0105zania kwestii logistycznych oraz problem\u00f3w zwi\u0105zanych z zapewnieniem bezpiecze\u0144stwa uczestnikom sierpniowego zjazdu. Opr\u00f3cz pracy i przygotowa\u0144 by\u0142 tak\u017ce czas na rozrywk\u0119. Sporo czasu zaj\u0119\u0142o zwiedzanie przepi\u0119knego Oxel\u00f6sund, kt\u00f3re jest po\u0142o\u017cone w po\u0142udniowej cz\u0119\u015bci Szwecji tu\u017c nad Morzem Ba\u0142tyckim. Pogoda dopisa\u0142a, dlatego uczestnicy mogli si\u0119 lepiej pozna\u0107 dzi\u0119ki zabawom integracyjnym oraz zawodom sportowym.<\/p>\n\n\n<div class=\"wp-block-image\">\n<figure class=\"aligncenter size-full\"><img loading=\"lazy\" decoding=\"async\" width=\"350\" height=\"232\" data-attachment-id=\"5665\" data-permalink=\"https:\/\/zsp1chojna.pl\/?attachment_id=5665\" data-orig-file=\"https:\/\/zsp1chojna.pl\/wp-content\/uploads\/2023\/09\/szwecja_2_350.jpg\" data-orig-size=\"350,232\" data-comments-opened=\"1\" data-image-meta=\"{&quot;aperture&quot;:&quot;8&quot;,&quot;credit&quot;:&quot;&quot;,&quot;camera&quot;:&quot;DMC-LZ6&quot;,&quot;caption&quot;:&quot;&quot;,&quot;created_timestamp&quot;:&quot;1212152212&quot;,&quot;copyright&quot;:&quot;&quot;,&quot;focal_length&quot;:&quot;6.1&quot;,&quot;iso&quot;:&quot;100&quot;,&quot;shutter_speed&quot;:&quot;0.004&quot;,&quot;title&quot;:&quot;&quot;,&quot;orientation&quot;:&quot;1&quot;}\" data-image-title=\"szwecja_2_350\" data-image-description=\"\" data-image-caption=\"\" data-medium-file=\"https:\/\/zsp1chojna.pl\/wp-content\/uploads\/2023\/09\/szwecja_2_350-300x199.jpg\" data-large-file=\"https:\/\/zsp1chojna.pl\/wp-content\/uploads\/2023\/09\/szwecja_2_350.jpg\" src=\"https:\/\/zsp1chojna.pl\/wp-content\/uploads\/2023\/09\/szwecja_2_350.jpg\" alt=\"\" class=\"wp-image-5665\" srcset=\"https:\/\/zsp1chojna.pl\/wp-content\/uploads\/2023\/09\/szwecja_2_350.jpg 350w, https:\/\/zsp1chojna.pl\/wp-content\/uploads\/2023\/09\/szwecja_2_350-300x199.jpg 300w, https:\/\/zsp1chojna.pl\/wp-content\/uploads\/2023\/09\/szwecja_2_350-84x56.jpg 84w\" sizes=\"auto, (max-width: 350px) 100vw, 350px\" \/><\/figure>\n<\/div>\n\n\n<p class=\"has-text-align-justify\">W sierpniu zaproszeni go\u015bcie b\u0119d\u0105 natomiast w wi\u0119kszym gronie dyskutowa\u0107 o zmianach klimatycznych i szuka\u0107 na nie recepty. Opr\u00f3cz tego b\u0119d\u0105 zapewnione takie atrakcje jak sp\u0142yw kajakowy, wizyta w domu przyg\u00f3d Boda Borg, ca\u0142odniowa wycieczka do Sztokholmu oraz r\u00f3\u017cnego rodzaju zabawy maj\u0105ce na celu zacie\u015bnienie stosunk\u00f3w mi\u0119dzy m\u0142odzie\u017c\u0105 z r\u00f3\u017cnych kraj\u00f3w.<\/p>\n\n\n<div class=\"wp-block-image\">\n<figure class=\"aligncenter size-full\"><img loading=\"lazy\" decoding=\"async\" width=\"300\" height=\"452\" data-attachment-id=\"5666\" data-permalink=\"https:\/\/zsp1chojna.pl\/?attachment_id=5666\" data-orig-file=\"https:\/\/zsp1chojna.pl\/wp-content\/uploads\/2023\/09\/szwecja_1_300.jpg\" data-orig-size=\"300,452\" data-comments-opened=\"1\" data-image-meta=\"{&quot;aperture&quot;:&quot;4.5&quot;,&quot;credit&quot;:&quot;&quot;,&quot;camera&quot;:&quot;DMC-LZ6&quot;,&quot;caption&quot;:&quot;&quot;,&quot;created_timestamp&quot;:&quot;1212157138&quot;,&quot;copyright&quot;:&quot;&quot;,&quot;focal_length&quot;:&quot;36.6&quot;,&quot;iso&quot;:&quot;100&quot;,&quot;shutter_speed&quot;:&quot;0.00125&quot;,&quot;title&quot;:&quot;&quot;,&quot;orientation&quot;:&quot;1&quot;}\" data-image-title=\"szwecja_1_300\" data-image-description=\"\" data-image-caption=\"\" data-medium-file=\"https:\/\/zsp1chojna.pl\/wp-content\/uploads\/2023\/09\/szwecja_1_300-199x300.jpg\" data-large-file=\"https:\/\/zsp1chojna.pl\/wp-content\/uploads\/2023\/09\/szwecja_1_300.jpg\" src=\"https:\/\/zsp1chojna.pl\/wp-content\/uploads\/2023\/09\/szwecja_1_300.jpg\" alt=\"\" class=\"wp-image-5666\" srcset=\"https:\/\/zsp1chojna.pl\/wp-content\/uploads\/2023\/09\/szwecja_1_300.jpg 300w, https:\/\/zsp1chojna.pl\/wp-content\/uploads\/2023\/09\/szwecja_1_300-199x300.jpg 199w\" sizes=\"auto, (max-width: 300px) 100vw, 300px\" \/><\/figure>\n<\/div>\n\n\n<p class=\"has-text-align-justify\">Projekt <strong>Global Warming 2008 <\/strong>uzyska\u0142 akceptacj\u0119 i wsparcie finansowe ze \u015brodk\u00f3w Unii Europejskiej. Jest to okazja dla m\u0142odzie\u017cy do poznania nowych kraj\u00f3w, wykazania si\u0119 umiej\u0119tno\u015bci\u0105 pos\u0142ugiwania si\u0119 j\u0119zykiem angielskim oraz nawi\u0105zania mi\u0119dzynarodowych znajomo\u015bci.<\/p>\n","protected":false},"excerpt":{"rendered":"<p>Szwedzka miejscowo\u015b\u0107 Oxel\u00f6sund, kt\u00f3ra podobnie jak Chojna nale\u017cy do organizacji Douzelage, w dniach od 30 do 31 maja by\u0142a miejscem spotkania przedstawicieli 9 pa\u0144stw w ramach przygotowania do projektu Global [&hellip;]<\/p>\n","protected":false},"author":1,"featured_media":0,"parent":0,"menu_order":0,"comment_status":"closed","ping_status":"closed","template":"","meta":{"footnotes":""},"class_list":["post-5663","page","type-page","status-publish","hentry"],"yoast_head":"<!-- This site is optimized with the Yoast SEO plugin v20.13 - https:\/\/yoast.com\/wordpress\/plugins\/seo\/ -->\n<title>&quot;Global warming&quot; - ZSP w Chojnie<\/title>\n<meta name=\"robots\" content=\"index, follow, max-snippet:-1, max-image-preview:large, max-video-preview:-1\" \/>\n<link rel=\"canonical\" href=\"https:\/\/zsp1chojna.pl\/?page_id=5663\" \/>\n<meta property=\"og:locale\" content=\"pl_PL\" \/>\n<meta property=\"og:type\" content=\"article\" \/>\n<meta property=\"og:title\" content=\"&quot;Global warming&quot; - ZSP w Chojnie\" \/>\n<meta property=\"og:description\" content=\"Szwedzka miejscowo\u015b\u0107 Oxel\u00f6sund, kt\u00f3ra podobnie jak Chojna nale\u017cy do organizacji Douzelage, w dniach od 30 do 31 maja by\u0142a miejscem spotkania przedstawicieli 9 pa\u0144stw w ramach przygotowania do projektu Global [&hellip;]\" \/>\n<meta property=\"og:url\" content=\"https:\/\/zsp1chojna.pl\/?page_id=5663\" \/>\n<meta property=\"og:site_name\" content=\"ZSP w Chojnie\" \/>\n<meta property=\"article:modified_time\" content=\"2023-09-24T13:19:37+00:00\" \/>\n<meta property=\"og:image\" content=\"https:\/\/zsp1chojna.pl\/wp-content\/uploads\/2023\/09\/szwecja_3_350.jpg\" \/>\n<meta name=\"twitter:card\" content=\"summary_large_image\" \/>\n<meta name=\"twitter:label1\" content=\"Szacowany czas czytania\" \/>\n\t<meta name=\"twitter:data1\" content=\"2 minuty\" \/>\n<script type=\"application\/ld+json\" class=\"yoast-schema-graph\">{\"@context\":\"https:\/\/schema.org\",\"@graph\":[{\"@type\":\"WebPage\",\"@id\":\"https:\/\/zsp1chojna.pl\/?page_id=5663\",\"url\":\"https:\/\/zsp1chojna.pl\/?page_id=5663\",\"name\":\"\\\"Global warming\\\" - ZSP w Chojnie\",\"isPartOf\":{\"@id\":\"https:\/\/zsp1chojna.pl\/#website\"},\"datePublished\":\"2023-09-24T13:19:34+00:00\",\"dateModified\":\"2023-09-24T13:19:37+00:00\",\"breadcrumb\":{\"@id\":\"https:\/\/zsp1chojna.pl\/?page_id=5663#breadcrumb\"},\"inLanguage\":\"pl-PL\",\"potentialAction\":[{\"@type\":\"ReadAction\",\"target\":[\"https:\/\/zsp1chojna.pl\/?page_id=5663\"]}]},{\"@type\":\"BreadcrumbList\",\"@id\":\"https:\/\/zsp1chojna.pl\/?page_id=5663#breadcrumb\",\"itemListElement\":[{\"@type\":\"ListItem\",\"position\":1,\"name\":\"Home\",\"item\":\"https:\/\/zsp1chojna.pl\/\"},{\"@type\":\"ListItem\",\"position\":2,\"name\":\"&#8220;Global warming&#8221;\"}]},{\"@type\":\"WebSite\",\"@id\":\"https:\/\/zsp1chojna.pl\/#website\",\"url\":\"https:\/\/zsp1chojna.pl\/\",\"name\":\"ZSP w Chojnie\",\"description\":\"\",\"publisher\":{\"@id\":\"https:\/\/zsp1chojna.pl\/#organization\"},\"potentialAction\":[{\"@type\":\"SearchAction\",\"target\":{\"@type\":\"EntryPoint\",\"urlTemplate\":\"https:\/\/zsp1chojna.pl\/?s={search_term_string}\"},\"query-input\":\"required name=search_term_string\"}],\"inLanguage\":\"pl-PL\"},{\"@type\":\"Organization\",\"@id\":\"https:\/\/zsp1chojna.pl\/#organization\",\"name\":\"ZSP w Chojnie\",\"url\":\"https:\/\/zsp1chojna.pl\/\",\"logo\":{\"@type\":\"ImageObject\",\"inLanguage\":\"pl-PL\",\"@id\":\"https:\/\/zsp1chojna.pl\/#\/schema\/logo\/image\/\",\"url\":\"https:\/\/zsp1chojna.pl\/wp-content\/uploads\/2023\/08\/cropped-cropped-cropped-Logo-biale-napis-na-3-wiersze_504-1.png\",\"contentUrl\":\"https:\/\/zsp1chojna.pl\/wp-content\/uploads\/2023\/08\/cropped-cropped-cropped-Logo-biale-napis-na-3-wiersze_504-1.png\",\"width\":504,\"height\":167,\"caption\":\"ZSP w Chojnie\"},\"image\":{\"@id\":\"https:\/\/zsp1chojna.pl\/#\/schema\/logo\/image\/\"}}]}<\/script>\n<!-- \/ Yoast SEO plugin. -->","yoast_head_json":{"title":"\"Global warming\" - ZSP w Chojnie","robots":{"index":"index","follow":"follow","max-snippet":"max-snippet:-1","max-image-preview":"max-image-preview:large","max-video-preview":"max-video-preview:-1"},"canonical":"https:\/\/zsp1chojna.pl\/?page_id=5663","og_locale":"pl_PL","og_type":"article","og_title":"\"Global warming\" - ZSP w Chojnie","og_description":"Szwedzka miejscowo\u015b\u0107 Oxel\u00f6sund, kt\u00f3ra podobnie jak Chojna nale\u017cy do organizacji Douzelage, w dniach od 30 do 31 maja by\u0142a miejscem spotkania przedstawicieli 9 pa\u0144stw w ramach przygotowania do projektu Global [&hellip;]","og_url":"https:\/\/zsp1chojna.pl\/?page_id=5663","og_site_name":"ZSP w Chojnie","article_modified_time":"2023-09-24T13:19:37+00:00","og_image":[{"url":"https:\/\/zsp1chojna.pl\/wp-content\/uploads\/2023\/09\/szwecja_3_350.jpg"}],"twitter_card":"summary_large_image","twitter_misc":{"Szacowany czas czytania":"2 minuty"},"schema":{"@context":"https:\/\/schema.org","@graph":[{"@type":"WebPage","@id":"https:\/\/zsp1chojna.pl\/?page_id=5663","url":"https:\/\/zsp1chojna.pl\/?page_id=5663","name":"\"Global warming\" - ZSP w Chojnie","isPartOf":{"@id":"https:\/\/zsp1chojna.pl\/#website"},"datePublished":"2023-09-24T13:19:34+00:00","dateModified":"2023-09-24T13:19:37+00:00","breadcrumb":{"@id":"https:\/\/zsp1chojna.pl\/?page_id=5663#breadcrumb"},"inLanguage":"pl-PL","potentialAction":[{"@type":"ReadAction","target":["https:\/\/zsp1chojna.pl\/?page_id=5663"]}]},{"@type":"BreadcrumbList","@id":"https:\/\/zsp1chojna.pl\/?page_id=5663#breadcrumb","itemListElement":[{"@type":"ListItem","position":1,"name":"Home","item":"https:\/\/zsp1chojna.pl\/"},{"@type":"ListItem","position":2,"name":"&#8220;Global warming&#8221;"}]},{"@type":"WebSite","@id":"https:\/\/zsp1chojna.pl\/#website","url":"https:\/\/zsp1chojna.pl\/","name":"ZSP w Chojnie","description":"","publisher":{"@id":"https:\/\/zsp1chojna.pl\/#organization"},"potentialAction":[{"@type":"SearchAction","target":{"@type":"EntryPoint","urlTemplate":"https:\/\/zsp1chojna.pl\/?s={search_term_string}"},"query-input":"required name=search_term_string"}],"inLanguage":"pl-PL"},{"@type":"Organization","@id":"https:\/\/zsp1chojna.pl\/#organization","name":"ZSP w Chojnie","url":"https:\/\/zsp1chojna.pl\/","logo":{"@type":"ImageObject","inLanguage":"pl-PL","@id":"https:\/\/zsp1chojna.pl\/#\/schema\/logo\/image\/","url":"https:\/\/zsp1chojna.pl\/wp-content\/uploads\/2023\/08\/cropped-cropped-cropped-Logo-biale-napis-na-3-wiersze_504-1.png","contentUrl":"https:\/\/zsp1chojna.pl\/wp-content\/uploads\/2023\/08\/cropped-cropped-cropped-Logo-biale-napis-na-3-wiersze_504-1.png","width":504,"height":167,"caption":"ZSP w Chojnie"},"image":{"@id":"https:\/\/zsp1chojna.pl\/#\/schema\/logo\/image\/"}}]}},"_links":{"self":[{"href":"https:\/\/zsp1chojna.pl\/index.php?rest_route=\/wp\/v2\/pages\/5663","targetHints":{"allow":["GET"]}}],"collection":[{"href":"https:\/\/zsp1chojna.pl\/index.php?rest_route=\/wp\/v2\/pages"}],"about":[{"href":"https:\/\/zsp1chojna.pl\/index.php?rest_route=\/wp\/v2\/types\/page"}],"author":[{"embeddable":true,"href":"https:\/\/zsp1chojna.pl\/index.php?rest_route=\/wp\/v2\/users\/1"}],"replies":[{"embeddable":true,"href":"https:\/\/zsp1chojna.pl\/index.php?rest_route=%2Fwp%2Fv2%2Fcomments&post=5663"}],"version-history":[{"count":1,"href":"https:\/\/zsp1chojna.pl\/index.php?rest_route=\/wp\/v2\/pages\/5663\/revisions"}],"predecessor-version":[{"id":5667,"href":"https:\/\/zsp1chojna.pl\/index.php?rest_route=\/wp\/v2\/pages\/5663\/revisions\/5667"}],"wp:attachment":[{"href":"https:\/\/zsp1chojna.pl\/index.php?rest_route=%2Fwp%2Fv2%2Fmedia&parent=5663"}],"curies":[{"name":"wp","href":"https:\/\/api.w.org\/{rel}","templated":true}]}}