{"id":5356,"date":"2023-09-22T08:13:29","date_gmt":"2023-09-22T06:13:29","guid":{"rendered":"https:\/\/zsp1chojna.pl\/?page_id=5356"},"modified":"2024-11-06T09:05:49","modified_gmt":"2024-11-06T08:05:49","slug":"1964-lo","status":"publish","type":"page","link":"https:\/\/zsp1chojna.pl\/?page_id=5356","title":{"rendered":"Rok 1964"},"content":{"rendered":"<style>.kadence-column5356_adc9f2-b9 > .kt-inside-inner-col,.kadence-column5356_adc9f2-b9 > .kt-inside-inner-col:before{border-top-left-radius:0px;border-top-right-radius:0px;border-bottom-right-radius:0px;border-bottom-left-radius:0px;}.kadence-column5356_adc9f2-b9 > .kt-inside-inner-col:before{opacity:0.3;}.kadence-column5356_adc9f2-b9{position:relative;}<\/style>\n<div class=\"wp-block-kadence-column kadence-column5356_adc9f2-b9\"><div class=\"kt-inside-inner-col\">\n<div class=\"wp-block-columns is-layout-flex wp-container-core-columns-is-layout-9d6595d7 wp-block-columns-is-layout-flex\">\n<div class=\"wp-block-column is-layout-flow wp-block-column-is-layout-flow\">\n<p>Andreatto Halina<br>Ataman Dauta<br>Barticzka Stanis\u0142aw<br>Berezowski Zygmunt<br>Bujek Helena<br>Bulman Renata<br>Bylewska Regina<br>Char\u0119za Anna<br>Chlebnikow Lucyna<br>Czajka Danuta<br>Depa Krystyna<br>Derwich Janina<br>Dworczyk Krystyna<br>Dziedzic Jerzy<br>Flamer Aleksander<br>Gagatek Kazimierz<br>Galimski Antoni<br>Ga\u0142ka Krystyna<br>Grochowski Janusz<br>Ho\u0142y\u0144ski Stanis\u0142aw<br>Jakubowska Barbara<br>Jednacz Irena<br>Kardasz Janina<br>Kazimierczak Wiktoria<br>Kirylczuk W\u0142adys\u0142aw<br>Kiwilsza Stanis\u0142aw<br>Klepajczuk Wac\u0142aw<br>Kleszczy\u0144ski Marian<br>Konkiel Regina<br>Kozbur Wanda<br>Ku\u0142aga Ryszard<\/p>\n<\/div>\n\n\n\n<div class=\"wp-block-column is-layout-flow wp-block-column-is-layout-flow\">\n<p>Kunat J\u00f3zef<br>\u0141aszczyk Wies\u0142aw<br>\u0141azarz Krystyna<br>Ma\u0142olepsza Krystyna<br>Ma\u0144ko Urszula<br>Mikucka Irena<br>Mozolewska Alicja<br>Ojrzanowska Telesfora<br>Olszewski Tadeusz<br>Parchiniak Bogumi\u0142a<br>Piniecki Tadeusz<br>P\u0142achta Helena<br>Podniesi\u0144ska Hanna<br>Po\u015bniak Krystyna<br>Przybylska Aleksandra<br>Sawicki Jan<br>Sawicki J\u00f3zef<br>Sumis\u0142awski Gustaw<br>Susicka Barbara<br>\u015aliwi\u0144ska Irena<br>\u015alubowska Stanis\u0142awa<br>Tyszkiewicz J\u00f3zefa<br>Wajzerska Jolanta<br>Weczera W\u0142adys\u0142aw<br>W\u0142odarczyk Krystyna<br>Wojciechowska El\u017cbieta<br>Zakrzewski Bogdan<br>Zbr\u00f3g Kazimiera<br>\u017bukowska Wies\u0142awa<br>\u017bukowski Henryk<br>\u017byli\u0144ski Jerzy<\/p>\n<\/div>\n<\/div>\n<\/div><\/div>\n","protected":false},"excerpt":{"rendered":"<p>Andreatto HalinaAtaman DautaBarticzka Stanis\u0142awBerezowski ZygmuntBujek HelenaBulman RenataBylewska ReginaChar\u0119za AnnaChlebnikow LucynaCzajka DanutaDepa KrystynaDerwich JaninaDworczyk KrystynaDziedzic JerzyFlamer AleksanderGagatek KazimierzGalimski AntoniGa\u0142ka KrystynaGrochowski JanuszHo\u0142y\u0144ski Stanis\u0142awJakubowska BarbaraJednacz IrenaKardasz JaninaKazimierczak WiktoriaKirylczuk W\u0142adys\u0142awKiwilsza Stanis\u0142awKlepajczuk Wac\u0142awKleszczy\u0144ski MarianKonkiel ReginaKozbur [&hellip;]<\/p>\n","protected":false},"author":1,"featured_media":0,"parent":0,"menu_order":0,"comment_status":"closed","ping_status":"closed","template":"","meta":{"footnotes":""},"class_list":["post-5356","page","type-page","status-publish","hentry"],"yoast_head":"<!-- This site is optimized with the Yoast SEO plugin v20.13 - https:\/\/yoast.com\/wordpress\/plugins\/seo\/ -->\n<title>Rok 1964 - ZSP w Chojnie<\/title>\n<meta name=\"robots\" content=\"index, follow, max-snippet:-1, max-image-preview:large, max-video-preview:-1\" \/>\n<link rel=\"canonical\" href=\"https:\/\/zsp1chojna.pl\/?page_id=5356\" \/>\n<meta property=\"og:locale\" content=\"pl_PL\" \/>\n<meta property=\"og:type\" content=\"article\" \/>\n<meta property=\"og:title\" content=\"Rok 1964 - ZSP w Chojnie\" \/>\n<meta property=\"og:description\" content=\"Andreatto HalinaAtaman DautaBarticzka Stanis\u0142awBerezowski ZygmuntBujek HelenaBulman RenataBylewska ReginaChar\u0119za AnnaChlebnikow LucynaCzajka DanutaDepa KrystynaDerwich JaninaDworczyk KrystynaDziedzic JerzyFlamer AleksanderGagatek KazimierzGalimski AntoniGa\u0142ka KrystynaGrochowski JanuszHo\u0142y\u0144ski Stanis\u0142awJakubowska BarbaraJednacz IrenaKardasz JaninaKazimierczak WiktoriaKirylczuk W\u0142adys\u0142awKiwilsza Stanis\u0142awKlepajczuk Wac\u0142awKleszczy\u0144ski MarianKonkiel ReginaKozbur [&hellip;]\" \/>\n<meta property=\"og:url\" content=\"https:\/\/zsp1chojna.pl\/?page_id=5356\" \/>\n<meta property=\"og:site_name\" content=\"ZSP w Chojnie\" \/>\n<meta property=\"article:modified_time\" content=\"2024-11-06T08:05:49+00:00\" \/>\n<meta name=\"twitter:card\" content=\"summary_large_image\" \/>\n<meta name=\"twitter:label1\" content=\"Szacowany czas czytania\" \/>\n\t<meta name=\"twitter:data1\" content=\"1 minuta\" \/>\n<script type=\"application\/ld+json\" class=\"yoast-schema-graph\">{\"@context\":\"https:\/\/schema.org\",\"@graph\":[{\"@type\":\"WebPage\",\"@id\":\"https:\/\/zsp1chojna.pl\/?page_id=5356\",\"url\":\"https:\/\/zsp1chojna.pl\/?page_id=5356\",\"name\":\"Rok 1964 - ZSP w Chojnie\",\"isPartOf\":{\"@id\":\"https:\/\/zsp1chojna.pl\/#website\"},\"datePublished\":\"2023-09-22T06:13:29+00:00\",\"dateModified\":\"2024-11-06T08:05:49+00:00\",\"breadcrumb\":{\"@id\":\"https:\/\/zsp1chojna.pl\/?page_id=5356#breadcrumb\"},\"inLanguage\":\"pl-PL\",\"potentialAction\":[{\"@type\":\"ReadAction\",\"target\":[\"https:\/\/zsp1chojna.pl\/?page_id=5356\"]}]},{\"@type\":\"BreadcrumbList\",\"@id\":\"https:\/\/zsp1chojna.pl\/?page_id=5356#breadcrumb\",\"itemListElement\":[{\"@type\":\"ListItem\",\"position\":1,\"name\":\"Home\",\"item\":\"https:\/\/zsp1chojna.pl\/\"},{\"@type\":\"ListItem\",\"position\":2,\"name\":\"Rok 1964\"}]},{\"@type\":\"WebSite\",\"@id\":\"https:\/\/zsp1chojna.pl\/#website\",\"url\":\"https:\/\/zsp1chojna.pl\/\",\"name\":\"ZSP w Chojnie\",\"description\":\"\",\"publisher\":{\"@id\":\"https:\/\/zsp1chojna.pl\/#organization\"},\"potentialAction\":[{\"@type\":\"SearchAction\",\"target\":{\"@type\":\"EntryPoint\",\"urlTemplate\":\"https:\/\/zsp1chojna.pl\/?s={search_term_string}\"},\"query-input\":\"required name=search_term_string\"}],\"inLanguage\":\"pl-PL\"},{\"@type\":\"Organization\",\"@id\":\"https:\/\/zsp1chojna.pl\/#organization\",\"name\":\"ZSP w Chojnie\",\"url\":\"https:\/\/zsp1chojna.pl\/\",\"logo\":{\"@type\":\"ImageObject\",\"inLanguage\":\"pl-PL\",\"@id\":\"https:\/\/zsp1chojna.pl\/#\/schema\/logo\/image\/\",\"url\":\"https:\/\/zsp1chojna.pl\/wp-content\/uploads\/2023\/08\/cropped-cropped-cropped-Logo-biale-napis-na-3-wiersze_504-1.png\",\"contentUrl\":\"https:\/\/zsp1chojna.pl\/wp-content\/uploads\/2023\/08\/cropped-cropped-cropped-Logo-biale-napis-na-3-wiersze_504-1.png\",\"width\":504,\"height\":167,\"caption\":\"ZSP w Chojnie\"},\"image\":{\"@id\":\"https:\/\/zsp1chojna.pl\/#\/schema\/logo\/image\/\"}}]}<\/script>\n<!-- \/ Yoast SEO plugin. -->","yoast_head_json":{"title":"Rok 1964 - ZSP w Chojnie","robots":{"index":"index","follow":"follow","max-snippet":"max-snippet:-1","max-image-preview":"max-image-preview:large","max-video-preview":"max-video-preview:-1"},"canonical":"https:\/\/zsp1chojna.pl\/?page_id=5356","og_locale":"pl_PL","og_type":"article","og_title":"Rok 1964 - ZSP w Chojnie","og_description":"Andreatto HalinaAtaman DautaBarticzka Stanis\u0142awBerezowski ZygmuntBujek HelenaBulman RenataBylewska ReginaChar\u0119za AnnaChlebnikow LucynaCzajka DanutaDepa KrystynaDerwich JaninaDworczyk KrystynaDziedzic JerzyFlamer AleksanderGagatek KazimierzGalimski AntoniGa\u0142ka KrystynaGrochowski JanuszHo\u0142y\u0144ski Stanis\u0142awJakubowska BarbaraJednacz IrenaKardasz JaninaKazimierczak WiktoriaKirylczuk W\u0142adys\u0142awKiwilsza Stanis\u0142awKlepajczuk Wac\u0142awKleszczy\u0144ski MarianKonkiel ReginaKozbur [&hellip;]","og_url":"https:\/\/zsp1chojna.pl\/?page_id=5356","og_site_name":"ZSP w Chojnie","article_modified_time":"2024-11-06T08:05:49+00:00","twitter_card":"summary_large_image","twitter_misc":{"Szacowany czas czytania":"1 minuta"},"schema":{"@context":"https:\/\/schema.org","@graph":[{"@type":"WebPage","@id":"https:\/\/zsp1chojna.pl\/?page_id=5356","url":"https:\/\/zsp1chojna.pl\/?page_id=5356","name":"Rok 1964 - ZSP w Chojnie","isPartOf":{"@id":"https:\/\/zsp1chojna.pl\/#website"},"datePublished":"2023-09-22T06:13:29+00:00","dateModified":"2024-11-06T08:05:49+00:00","breadcrumb":{"@id":"https:\/\/zsp1chojna.pl\/?page_id=5356#breadcrumb"},"inLanguage":"pl-PL","potentialAction":[{"@type":"ReadAction","target":["https:\/\/zsp1chojna.pl\/?page_id=5356"]}]},{"@type":"BreadcrumbList","@id":"https:\/\/zsp1chojna.pl\/?page_id=5356#breadcrumb","itemListElement":[{"@type":"ListItem","position":1,"name":"Home","item":"https:\/\/zsp1chojna.pl\/"},{"@type":"ListItem","position":2,"name":"Rok 1964"}]},{"@type":"WebSite","@id":"https:\/\/zsp1chojna.pl\/#website","url":"https:\/\/zsp1chojna.pl\/","name":"ZSP w Chojnie","description":"","publisher":{"@id":"https:\/\/zsp1chojna.pl\/#organization"},"potentialAction":[{"@type":"SearchAction","target":{"@type":"EntryPoint","urlTemplate":"https:\/\/zsp1chojna.pl\/?s={search_term_string}"},"query-input":"required name=search_term_string"}],"inLanguage":"pl-PL"},{"@type":"Organization","@id":"https:\/\/zsp1chojna.pl\/#organization","name":"ZSP w Chojnie","url":"https:\/\/zsp1chojna.pl\/","logo":{"@type":"ImageObject","inLanguage":"pl-PL","@id":"https:\/\/zsp1chojna.pl\/#\/schema\/logo\/image\/","url":"https:\/\/zsp1chojna.pl\/wp-content\/uploads\/2023\/08\/cropped-cropped-cropped-Logo-biale-napis-na-3-wiersze_504-1.png","contentUrl":"https:\/\/zsp1chojna.pl\/wp-content\/uploads\/2023\/08\/cropped-cropped-cropped-Logo-biale-napis-na-3-wiersze_504-1.png","width":504,"height":167,"caption":"ZSP w Chojnie"},"image":{"@id":"https:\/\/zsp1chojna.pl\/#\/schema\/logo\/image\/"}}]}},"_links":{"self":[{"href":"https:\/\/zsp1chojna.pl\/index.php?rest_route=\/wp\/v2\/pages\/5356","targetHints":{"allow":["GET"]}}],"collection":[{"href":"https:\/\/zsp1chojna.pl\/index.php?rest_route=\/wp\/v2\/pages"}],"about":[{"href":"https:\/\/zsp1chojna.pl\/index.php?rest_route=\/wp\/v2\/types\/page"}],"author":[{"embeddable":true,"href":"https:\/\/zsp1chojna.pl\/index.php?rest_route=\/wp\/v2\/users\/1"}],"replies":[{"embeddable":true,"href":"https:\/\/zsp1chojna.pl\/index.php?rest_route=%2Fwp%2Fv2%2Fcomments&post=5356"}],"version-history":[{"count":2,"href":"https:\/\/zsp1chojna.pl\/index.php?rest_route=\/wp\/v2\/pages\/5356\/revisions"}],"predecessor-version":[{"id":11412,"href":"https:\/\/zsp1chojna.pl\/index.php?rest_route=\/wp\/v2\/pages\/5356\/revisions\/11412"}],"wp:attachment":[{"href":"https:\/\/zsp1chojna.pl\/index.php?rest_route=%2Fwp%2Fv2%2Fmedia&parent=5356"}],"curies":[{"name":"wp","href":"https:\/\/api.w.org\/{rel}","templated":true}]}}