{"id":5001,"date":"2023-09-13T21:08:07","date_gmt":"2023-09-13T19:08:07","guid":{"rendered":"https:\/\/zsp1chojna.pl\/?page_id=5001"},"modified":"2023-09-13T21:15:15","modified_gmt":"2023-09-13T19:15:15","slug":"60-lat-liceum-ogolnoksztalcacego-im-bohaterow-spod-siekierek-w-chojnie","status":"publish","type":"page","link":"https:\/\/zsp1chojna.pl\/?page_id=5001","title":{"rendered":"60\u00a0lat Liceum Og\u00f3lnokszta\u0142c\u0105cego im.\u00a0Bohater\u00f3w spod Siekierek\u00a0 w\u00a0Chojnie"},"content":{"rendered":"\n<p class=\"has-text-align-justify\"><strong>Dyrektor, Grono Pedagogiczne oraz\u00a0Uczniowie\u00a0 ZSP\u00a0 w\u00a0Chojnie <\/strong>zapraszaj\u0105 absolwent\u00f3w, by\u0142ych pracownik\u00f3w i\u00a0sympatyk\u00f3w szko\u0142y na\u00a0obchody <strong>Jubileuszu 60-lecia Liceum Og\u00f3lnokszta\u0142c\u0105cego,<\/strong> kt\u00f3re odb\u0119d\u0105 si\u0119 <strong>28\u00a0wrze\u015bnia 2018\u00a0roku<\/strong>.<\/p>\n\n\n\n<div class=\"wp-block-columns is-layout-flex wp-container-core-columns-is-layout-9d6595d7 wp-block-columns-is-layout-flex\">\n<div class=\"wp-block-column is-layout-flow wp-block-column-is-layout-flow\">\n<p>Program:<br>10:00 \u2013 msza \u015bw. w Ko\u015bciele Mariackim w Chojnie<br>11.00 \u2013 uroczysty przemarsz z Ko\u015bcio\u0142a Mariackiego do budynku szko\u0142y<br>11.20 \u2013 po\u015bwi\u0119cenie pami\u0105tkowej tablicy<br>11.30 \u2013 cz\u0119\u015b\u0107 oficjalna i artystyczna w auli szkolnej<br>13.00 \u2013 zwiedzanie szko\u0142y i okoliczno\u015bciowych wystaw<br>14.00 \u2013 pokaz musztry paradnej w wykonaniu uczni\u00f3w klas mundurowych<br>14.15 \u2013 pocz\u0119stunek w \u015bwietlicy internatu, ul. \u017b\u00f3\u0142kiewskiego 5<\/p>\n<\/div>\n\n\n\n<div class=\"wp-block-column is-layout-flow wp-block-column-is-layout-flow\" style=\"flex-basis:30%\"><div class=\"wp-block-image\">\n<figure class=\"alignright size-full is-resized\"><img loading=\"lazy\" decoding=\"async\" data-attachment-id=\"5002\" data-permalink=\"https:\/\/zsp1chojna.pl\/?attachment_id=5002\" data-orig-file=\"https:\/\/zsp1chojna.pl\/wp-content\/uploads\/2023\/09\/lo1_200.jpg\" data-orig-size=\"200,129\" data-comments-opened=\"1\" data-image-meta=\"{&quot;aperture&quot;:&quot;0&quot;,&quot;credit&quot;:&quot;&quot;,&quot;camera&quot;:&quot;&quot;,&quot;caption&quot;:&quot;&quot;,&quot;created_timestamp&quot;:&quot;0&quot;,&quot;copyright&quot;:&quot;&quot;,&quot;focal_length&quot;:&quot;0&quot;,&quot;iso&quot;:&quot;0&quot;,&quot;shutter_speed&quot;:&quot;0&quot;,&quot;title&quot;:&quot;&quot;,&quot;orientation&quot;:&quot;0&quot;}\" data-image-title=\"lo1_200\" data-image-description=\"\" data-image-caption=\"\" data-medium-file=\"https:\/\/zsp1chojna.pl\/wp-content\/uploads\/2023\/09\/lo1_200.jpg\" data-large-file=\"https:\/\/zsp1chojna.pl\/wp-content\/uploads\/2023\/09\/lo1_200.jpg\" src=\"https:\/\/zsp1chojna.pl\/wp-content\/uploads\/2023\/09\/lo1_200.jpg\" alt=\"\" class=\"wp-image-5002\" style=\"width:282px;height:182px\" width=\"282\" height=\"182\"\/><\/figure>\n<\/div><\/div>\n\n\n\n<div class=\"wp-block-column is-layout-flow wp-block-column-is-layout-flow\" style=\"flex-basis:30%\"><div class=\"wp-block-image\">\n<figure class=\"alignleft size-full is-resized\"><img loading=\"lazy\" decoding=\"async\" data-attachment-id=\"5003\" data-permalink=\"https:\/\/zsp1chojna.pl\/?attachment_id=5003\" data-orig-file=\"https:\/\/zsp1chojna.pl\/wp-content\/uploads\/2023\/09\/lo2_200.png\" data-orig-size=\"200,128\" data-comments-opened=\"1\" data-image-meta=\"{&quot;aperture&quot;:&quot;0&quot;,&quot;credit&quot;:&quot;&quot;,&quot;camera&quot;:&quot;&quot;,&quot;caption&quot;:&quot;&quot;,&quot;created_timestamp&quot;:&quot;0&quot;,&quot;copyright&quot;:&quot;&quot;,&quot;focal_length&quot;:&quot;0&quot;,&quot;iso&quot;:&quot;0&quot;,&quot;shutter_speed&quot;:&quot;0&quot;,&quot;title&quot;:&quot;&quot;,&quot;orientation&quot;:&quot;0&quot;}\" data-image-title=\"lo2_200\" data-image-description=\"\" data-image-caption=\"\" data-medium-file=\"https:\/\/zsp1chojna.pl\/wp-content\/uploads\/2023\/09\/lo2_200.png\" data-large-file=\"https:\/\/zsp1chojna.pl\/wp-content\/uploads\/2023\/09\/lo2_200.png\" src=\"https:\/\/zsp1chojna.pl\/wp-content\/uploads\/2023\/09\/lo2_200.png\" alt=\"\" class=\"wp-image-5003\" style=\"width:290px;height:186px\" width=\"290\" height=\"186\"\/><\/figure>\n<\/div><\/div>\n<\/div>\n","protected":false},"excerpt":{"rendered":"<p>Dyrektor, Grono Pedagogiczne oraz\u00a0Uczniowie\u00a0 ZSP\u00a0 w\u00a0Chojnie zapraszaj\u0105 absolwent\u00f3w, by\u0142ych pracownik\u00f3w i\u00a0sympatyk\u00f3w szko\u0142y na\u00a0obchody Jubileuszu 60-lecia Liceum Og\u00f3lnokszta\u0142c\u0105cego, kt\u00f3re odb\u0119d\u0105 si\u0119 28\u00a0wrze\u015bnia 2018\u00a0roku. Program:10:00 \u2013 msza \u015bw. w Ko\u015bciele Mariackim w [&hellip;]<\/p>\n","protected":false},"author":1,"featured_media":0,"parent":0,"menu_order":0,"comment_status":"closed","ping_status":"closed","template":"","meta":{"footnotes":""},"class_list":["post-5001","page","type-page","status-publish","hentry"],"yoast_head":"<!-- This site is optimized with the Yoast SEO plugin v20.13 - https:\/\/yoast.com\/wordpress\/plugins\/seo\/ -->\n<title>60\u00a0lat Liceum Og\u00f3lnokszta\u0142c\u0105cego im.\u00a0Bohater\u00f3w spod Siekierek\u00a0 w\u00a0Chojnie - ZSP w Chojnie<\/title>\n<meta name=\"robots\" content=\"index, follow, max-snippet:-1, max-image-preview:large, max-video-preview:-1\" \/>\n<link rel=\"canonical\" href=\"https:\/\/zsp1chojna.pl\/?page_id=5001\" \/>\n<meta property=\"og:locale\" content=\"pl_PL\" \/>\n<meta property=\"og:type\" content=\"article\" \/>\n<meta property=\"og:title\" content=\"60\u00a0lat Liceum Og\u00f3lnokszta\u0142c\u0105cego im.\u00a0Bohater\u00f3w spod Siekierek\u00a0 w\u00a0Chojnie - ZSP w Chojnie\" \/>\n<meta property=\"og:description\" content=\"Dyrektor, Grono Pedagogiczne oraz\u00a0Uczniowie\u00a0 ZSP\u00a0 w\u00a0Chojnie zapraszaj\u0105 absolwent\u00f3w, by\u0142ych pracownik\u00f3w i\u00a0sympatyk\u00f3w szko\u0142y na\u00a0obchody Jubileuszu 60-lecia Liceum Og\u00f3lnokszta\u0142c\u0105cego, kt\u00f3re odb\u0119d\u0105 si\u0119 28\u00a0wrze\u015bnia 2018\u00a0roku. Program:10:00 \u2013 msza \u015bw. w Ko\u015bciele Mariackim w [&hellip;]\" \/>\n<meta property=\"og:url\" content=\"https:\/\/zsp1chojna.pl\/?page_id=5001\" \/>\n<meta property=\"og:site_name\" content=\"ZSP w Chojnie\" \/>\n<meta property=\"article:modified_time\" content=\"2023-09-13T19:15:15+00:00\" \/>\n<meta property=\"og:image\" content=\"https:\/\/zsp1chojna.pl\/wp-content\/uploads\/2023\/09\/lo1_200.jpg\" \/>\n<meta name=\"twitter:card\" content=\"summary_large_image\" \/>\n<meta name=\"twitter:label1\" content=\"Szacowany czas czytania\" \/>\n\t<meta name=\"twitter:data1\" content=\"1 minuta\" \/>\n<script type=\"application\/ld+json\" class=\"yoast-schema-graph\">{\"@context\":\"https:\/\/schema.org\",\"@graph\":[{\"@type\":\"WebPage\",\"@id\":\"https:\/\/zsp1chojna.pl\/?page_id=5001\",\"url\":\"https:\/\/zsp1chojna.pl\/?page_id=5001\",\"name\":\"60\u00a0lat Liceum Og\u00f3lnokszta\u0142c\u0105cego im.\u00a0Bohater\u00f3w spod Siekierek\u00a0 w\u00a0Chojnie - ZSP w Chojnie\",\"isPartOf\":{\"@id\":\"https:\/\/zsp1chojna.pl\/#website\"},\"datePublished\":\"2023-09-13T19:08:07+00:00\",\"dateModified\":\"2023-09-13T19:15:15+00:00\",\"breadcrumb\":{\"@id\":\"https:\/\/zsp1chojna.pl\/?page_id=5001#breadcrumb\"},\"inLanguage\":\"pl-PL\",\"potentialAction\":[{\"@type\":\"ReadAction\",\"target\":[\"https:\/\/zsp1chojna.pl\/?page_id=5001\"]}]},{\"@type\":\"BreadcrumbList\",\"@id\":\"https:\/\/zsp1chojna.pl\/?page_id=5001#breadcrumb\",\"itemListElement\":[{\"@type\":\"ListItem\",\"position\":1,\"name\":\"Home\",\"item\":\"https:\/\/zsp1chojna.pl\/\"},{\"@type\":\"ListItem\",\"position\":2,\"name\":\"60\u00a0lat Liceum Og\u00f3lnokszta\u0142c\u0105cego im.\u00a0Bohater\u00f3w spod Siekierek\u00a0 w\u00a0Chojnie\"}]},{\"@type\":\"WebSite\",\"@id\":\"https:\/\/zsp1chojna.pl\/#website\",\"url\":\"https:\/\/zsp1chojna.pl\/\",\"name\":\"ZSP w Chojnie\",\"description\":\"\",\"publisher\":{\"@id\":\"https:\/\/zsp1chojna.pl\/#organization\"},\"potentialAction\":[{\"@type\":\"SearchAction\",\"target\":{\"@type\":\"EntryPoint\",\"urlTemplate\":\"https:\/\/zsp1chojna.pl\/?s={search_term_string}\"},\"query-input\":\"required name=search_term_string\"}],\"inLanguage\":\"pl-PL\"},{\"@type\":\"Organization\",\"@id\":\"https:\/\/zsp1chojna.pl\/#organization\",\"name\":\"ZSP w Chojnie\",\"url\":\"https:\/\/zsp1chojna.pl\/\",\"logo\":{\"@type\":\"ImageObject\",\"inLanguage\":\"pl-PL\",\"@id\":\"https:\/\/zsp1chojna.pl\/#\/schema\/logo\/image\/\",\"url\":\"https:\/\/zsp1chojna.pl\/wp-content\/uploads\/2023\/08\/cropped-cropped-cropped-Logo-biale-napis-na-3-wiersze_504-1.png\",\"contentUrl\":\"https:\/\/zsp1chojna.pl\/wp-content\/uploads\/2023\/08\/cropped-cropped-cropped-Logo-biale-napis-na-3-wiersze_504-1.png\",\"width\":504,\"height\":167,\"caption\":\"ZSP w Chojnie\"},\"image\":{\"@id\":\"https:\/\/zsp1chojna.pl\/#\/schema\/logo\/image\/\"}}]}<\/script>\n<!-- \/ Yoast SEO plugin. -->","yoast_head_json":{"title":"60\u00a0lat Liceum Og\u00f3lnokszta\u0142c\u0105cego im.\u00a0Bohater\u00f3w spod Siekierek\u00a0 w\u00a0Chojnie - ZSP w Chojnie","robots":{"index":"index","follow":"follow","max-snippet":"max-snippet:-1","max-image-preview":"max-image-preview:large","max-video-preview":"max-video-preview:-1"},"canonical":"https:\/\/zsp1chojna.pl\/?page_id=5001","og_locale":"pl_PL","og_type":"article","og_title":"60\u00a0lat Liceum Og\u00f3lnokszta\u0142c\u0105cego im.\u00a0Bohater\u00f3w spod Siekierek\u00a0 w\u00a0Chojnie - ZSP w Chojnie","og_description":"Dyrektor, Grono Pedagogiczne oraz\u00a0Uczniowie\u00a0 ZSP\u00a0 w\u00a0Chojnie zapraszaj\u0105 absolwent\u00f3w, by\u0142ych pracownik\u00f3w i\u00a0sympatyk\u00f3w szko\u0142y na\u00a0obchody Jubileuszu 60-lecia Liceum Og\u00f3lnokszta\u0142c\u0105cego, kt\u00f3re odb\u0119d\u0105 si\u0119 28\u00a0wrze\u015bnia 2018\u00a0roku. Program:10:00 \u2013 msza \u015bw. w Ko\u015bciele Mariackim w [&hellip;]","og_url":"https:\/\/zsp1chojna.pl\/?page_id=5001","og_site_name":"ZSP w Chojnie","article_modified_time":"2023-09-13T19:15:15+00:00","og_image":[{"url":"https:\/\/zsp1chojna.pl\/wp-content\/uploads\/2023\/09\/lo1_200.jpg"}],"twitter_card":"summary_large_image","twitter_misc":{"Szacowany czas czytania":"1 minuta"},"schema":{"@context":"https:\/\/schema.org","@graph":[{"@type":"WebPage","@id":"https:\/\/zsp1chojna.pl\/?page_id=5001","url":"https:\/\/zsp1chojna.pl\/?page_id=5001","name":"60\u00a0lat Liceum Og\u00f3lnokszta\u0142c\u0105cego im.\u00a0Bohater\u00f3w spod Siekierek\u00a0 w\u00a0Chojnie - ZSP w Chojnie","isPartOf":{"@id":"https:\/\/zsp1chojna.pl\/#website"},"datePublished":"2023-09-13T19:08:07+00:00","dateModified":"2023-09-13T19:15:15+00:00","breadcrumb":{"@id":"https:\/\/zsp1chojna.pl\/?page_id=5001#breadcrumb"},"inLanguage":"pl-PL","potentialAction":[{"@type":"ReadAction","target":["https:\/\/zsp1chojna.pl\/?page_id=5001"]}]},{"@type":"BreadcrumbList","@id":"https:\/\/zsp1chojna.pl\/?page_id=5001#breadcrumb","itemListElement":[{"@type":"ListItem","position":1,"name":"Home","item":"https:\/\/zsp1chojna.pl\/"},{"@type":"ListItem","position":2,"name":"60\u00a0lat Liceum Og\u00f3lnokszta\u0142c\u0105cego im.\u00a0Bohater\u00f3w spod Siekierek\u00a0 w\u00a0Chojnie"}]},{"@type":"WebSite","@id":"https:\/\/zsp1chojna.pl\/#website","url":"https:\/\/zsp1chojna.pl\/","name":"ZSP w Chojnie","description":"","publisher":{"@id":"https:\/\/zsp1chojna.pl\/#organization"},"potentialAction":[{"@type":"SearchAction","target":{"@type":"EntryPoint","urlTemplate":"https:\/\/zsp1chojna.pl\/?s={search_term_string}"},"query-input":"required name=search_term_string"}],"inLanguage":"pl-PL"},{"@type":"Organization","@id":"https:\/\/zsp1chojna.pl\/#organization","name":"ZSP w Chojnie","url":"https:\/\/zsp1chojna.pl\/","logo":{"@type":"ImageObject","inLanguage":"pl-PL","@id":"https:\/\/zsp1chojna.pl\/#\/schema\/logo\/image\/","url":"https:\/\/zsp1chojna.pl\/wp-content\/uploads\/2023\/08\/cropped-cropped-cropped-Logo-biale-napis-na-3-wiersze_504-1.png","contentUrl":"https:\/\/zsp1chojna.pl\/wp-content\/uploads\/2023\/08\/cropped-cropped-cropped-Logo-biale-napis-na-3-wiersze_504-1.png","width":504,"height":167,"caption":"ZSP w Chojnie"},"image":{"@id":"https:\/\/zsp1chojna.pl\/#\/schema\/logo\/image\/"}}]}},"_links":{"self":[{"href":"https:\/\/zsp1chojna.pl\/index.php?rest_route=\/wp\/v2\/pages\/5001","targetHints":{"allow":["GET"]}}],"collection":[{"href":"https:\/\/zsp1chojna.pl\/index.php?rest_route=\/wp\/v2\/pages"}],"about":[{"href":"https:\/\/zsp1chojna.pl\/index.php?rest_route=\/wp\/v2\/types\/page"}],"author":[{"embeddable":true,"href":"https:\/\/zsp1chojna.pl\/index.php?rest_route=\/wp\/v2\/users\/1"}],"replies":[{"embeddable":true,"href":"https:\/\/zsp1chojna.pl\/index.php?rest_route=%2Fwp%2Fv2%2Fcomments&post=5001"}],"version-history":[{"count":16,"href":"https:\/\/zsp1chojna.pl\/index.php?rest_route=\/wp\/v2\/pages\/5001\/revisions"}],"predecessor-version":[{"id":5021,"href":"https:\/\/zsp1chojna.pl\/index.php?rest_route=\/wp\/v2\/pages\/5001\/revisions\/5021"}],"wp:attachment":[{"href":"https:\/\/zsp1chojna.pl\/index.php?rest_route=%2Fwp%2Fv2%2Fmedia&parent=5001"}],"curies":[{"name":"wp","href":"https:\/\/api.w.org\/{rel}","templated":true}]}}