{"id":3705,"date":"2023-08-31T14:49:12","date_gmt":"2023-08-31T12:49:12","guid":{"rendered":"https:\/\/zsp1chojna.pl\/?page_id=3705"},"modified":"2023-08-31T14:49:14","modified_gmt":"2023-08-31T12:49:14","slug":"i-ogolnopolska-konferencja-naukowa-liderzy-w-edukacji-w-lodzi","status":"publish","type":"page","link":"https:\/\/zsp1chojna.pl\/?page_id=3705","title":{"rendered":"I\u00a0og\u00f3lnopolska konferencja naukowa \u201eLiderzy w\u00a0edukacji\u201d w\u00a0\u0141odzi"},"content":{"rendered":"\n<p class=\"has-text-align-justify\">&nbsp;W dniach 14-15&nbsp;czerwca 2010&nbsp;r. w&nbsp;gmachu Wydzia\u0142u Zarz\u0105dzania Uniwersytetu \u0141\u00f3dzkiego odby\u0142a si\u0119 og\u00f3lnopolska konferencja naukowa pt.&nbsp;\u201eLiderzy w&nbsp;edukacji\u201d, zorganizowana przez&nbsp;Wydzia\u0142 Nauk o&nbsp;Wychowaniu Uniwersytetu \u0141\u00f3dzkiego we&nbsp;wsp\u00f3\u0142pracy z&nbsp;Wydzia\u0142em Zarz\u0105dzania U\u0141 i&nbsp;Fundacj\u0105 Rozwoju Systemu Edukacji pod&nbsp;patronatem Ministerstwa Nauki i&nbsp;Szkolnictwa Wy\u017cszego, Ministra Edukacji oraz&nbsp;Polskiej Akademii Nauk. Celem konferencji by\u0142o stworzenie platformy dla szerokiej dyskusji nad&nbsp;teoretycznymi i&nbsp;praktycznymi aspektami przyw\u00f3dztwa edukacyjnego, a&nbsp;tak\u017ce upowszechnienie dobrych praktyk i&nbsp;ciekawych rozwi\u0105za\u0144 w&nbsp;dzia\u0142aniach pedagogiczno-wychowawczych. Tematem wielu rozm\u00f3w \u2013 zar\u00f3wno podczas obrad plenarnych, w&nbsp;sekcjach tematycznych, jak i&nbsp;w&nbsp;czasie mniej formalnych spotka\u0144 \u2013 by\u0142y kwestie zwi\u0105zane z&nbsp;realizacj\u0105 mi\u0119dzynarodowych projekt\u00f3w edukacyjnych w&nbsp;ramach program\u00f3w \u201eUczenie si\u0119 przez&nbsp;ca\u0142e \u017cycie\u201d i&nbsp;\u201eM\u0142odzie\u017c w&nbsp;dzia\u0142aniu\u201d.<\/p>\n\n\n\n<p class=\"has-text-align-justify\">Swoje tezy na\u00a0temat sposob\u00f3w kszta\u0142towania postaw liderskich przedstawili akademicy i\u00a0praktycy, m.in.\u00a0prof.\u00a0zw. dr\u00a0hab. Stefan M. Kwiatkowski, prof.\u00a0nadzw. dr\u00a0hab. Krzysztof Szmidt, prof.\u00a0nadzw. dr\u00a0hab. Joanna Michalak, Janusz Moos \u2013 dyrektor \u0141\u00f3dzkiego Centrum Doskonalenia Nauczycieli i\u00a0Kszta\u0142cenia Praktycznego, Krzysztof Kaczmar z\u00a0Fundacji Kronenberga, Alina Kozi\u0144ska-Ba\u0142dyga z\u00a0Federacji Inicjatyw O\u015bwiatowych.<\/p>\n\n\n\n<p class=\"has-text-align-justify\">Pan J. Cezary Salamo\u0144czyk, nauczyciel j\u0119zyka angielskiego w\u00a0naszej szkole, a\u00a0tak\u017ce autor i\u00a0koordynator wielu projekt\u00f3w mi\u0119dzynarodowych realizowanych w\u00a0ZSP Nr\u00a01\u00a0w\u00a0Chojnie, na\u00a0zaproszenie organizator\u00f3w uczestniczy\u0142 w\u00a0konferencji przedstawiaj\u0105c realizowane w\u00a0naszej szkole projekty jako przyk\u0142ad dobrej praktyki.<\/p>\n","protected":false},"excerpt":{"rendered":"<p>&nbsp;W dniach 14-15&nbsp;czerwca 2010&nbsp;r. w&nbsp;gmachu Wydzia\u0142u Zarz\u0105dzania Uniwersytetu \u0141\u00f3dzkiego odby\u0142a si\u0119 og\u00f3lnopolska konferencja naukowa pt.&nbsp;\u201eLiderzy w&nbsp;edukacji\u201d, zorganizowana przez&nbsp;Wydzia\u0142 Nauk o&nbsp;Wychowaniu Uniwersytetu \u0141\u00f3dzkiego we&nbsp;wsp\u00f3\u0142pracy z&nbsp;Wydzia\u0142em Zarz\u0105dzania U\u0141 i&nbsp;Fundacj\u0105 Rozwoju Systemu Edukacji [&hellip;]<\/p>\n","protected":false},"author":1,"featured_media":0,"parent":0,"menu_order":0,"comment_status":"closed","ping_status":"closed","template":"","meta":{"footnotes":""},"class_list":["post-3705","page","type-page","status-publish","hentry"],"yoast_head":"<!-- This site is optimized with the Yoast SEO plugin v20.13 - https:\/\/yoast.com\/wordpress\/plugins\/seo\/ -->\n<title>I\u00a0og\u00f3lnopolska konferencja naukowa \u201eLiderzy w\u00a0edukacji\u201d w\u00a0\u0141odzi - ZSP w Chojnie<\/title>\n<meta name=\"robots\" content=\"index, follow, max-snippet:-1, max-image-preview:large, max-video-preview:-1\" \/>\n<link rel=\"canonical\" href=\"https:\/\/zsp1chojna.pl\/?page_id=3705\" \/>\n<meta property=\"og:locale\" content=\"pl_PL\" \/>\n<meta property=\"og:type\" content=\"article\" \/>\n<meta property=\"og:title\" content=\"I\u00a0og\u00f3lnopolska konferencja naukowa \u201eLiderzy w\u00a0edukacji\u201d w\u00a0\u0141odzi - ZSP w Chojnie\" \/>\n<meta property=\"og:description\" content=\"&nbsp;W dniach 14-15&nbsp;czerwca 2010&nbsp;r. w&nbsp;gmachu Wydzia\u0142u Zarz\u0105dzania Uniwersytetu \u0141\u00f3dzkiego odby\u0142a si\u0119 og\u00f3lnopolska konferencja naukowa pt.&nbsp;\u201eLiderzy w&nbsp;edukacji\u201d, zorganizowana przez&nbsp;Wydzia\u0142 Nauk o&nbsp;Wychowaniu Uniwersytetu \u0141\u00f3dzkiego we&nbsp;wsp\u00f3\u0142pracy z&nbsp;Wydzia\u0142em Zarz\u0105dzania U\u0141 i&nbsp;Fundacj\u0105 Rozwoju Systemu Edukacji [&hellip;]\" \/>\n<meta property=\"og:url\" content=\"https:\/\/zsp1chojna.pl\/?page_id=3705\" \/>\n<meta property=\"og:site_name\" content=\"ZSP w Chojnie\" \/>\n<meta property=\"article:modified_time\" content=\"2023-08-31T12:49:14+00:00\" \/>\n<meta name=\"twitter:card\" content=\"summary_large_image\" \/>\n<meta name=\"twitter:label1\" content=\"Szacowany czas czytania\" \/>\n\t<meta name=\"twitter:data1\" content=\"2 minuty\" \/>\n<script type=\"application\/ld+json\" class=\"yoast-schema-graph\">{\"@context\":\"https:\/\/schema.org\",\"@graph\":[{\"@type\":\"WebPage\",\"@id\":\"https:\/\/zsp1chojna.pl\/?page_id=3705\",\"url\":\"https:\/\/zsp1chojna.pl\/?page_id=3705\",\"name\":\"I\u00a0og\u00f3lnopolska konferencja naukowa \u201eLiderzy w\u00a0edukacji\u201d w\u00a0\u0141odzi - ZSP w Chojnie\",\"isPartOf\":{\"@id\":\"https:\/\/zsp1chojna.pl\/#website\"},\"datePublished\":\"2023-08-31T12:49:12+00:00\",\"dateModified\":\"2023-08-31T12:49:14+00:00\",\"breadcrumb\":{\"@id\":\"https:\/\/zsp1chojna.pl\/?page_id=3705#breadcrumb\"},\"inLanguage\":\"pl-PL\",\"potentialAction\":[{\"@type\":\"ReadAction\",\"target\":[\"https:\/\/zsp1chojna.pl\/?page_id=3705\"]}]},{\"@type\":\"BreadcrumbList\",\"@id\":\"https:\/\/zsp1chojna.pl\/?page_id=3705#breadcrumb\",\"itemListElement\":[{\"@type\":\"ListItem\",\"position\":1,\"name\":\"Home\",\"item\":\"https:\/\/zsp1chojna.pl\/\"},{\"@type\":\"ListItem\",\"position\":2,\"name\":\"I\u00a0og\u00f3lnopolska konferencja naukowa \u201eLiderzy w\u00a0edukacji\u201d w\u00a0\u0141odzi\"}]},{\"@type\":\"WebSite\",\"@id\":\"https:\/\/zsp1chojna.pl\/#website\",\"url\":\"https:\/\/zsp1chojna.pl\/\",\"name\":\"ZSP w Chojnie\",\"description\":\"\",\"publisher\":{\"@id\":\"https:\/\/zsp1chojna.pl\/#organization\"},\"potentialAction\":[{\"@type\":\"SearchAction\",\"target\":{\"@type\":\"EntryPoint\",\"urlTemplate\":\"https:\/\/zsp1chojna.pl\/?s={search_term_string}\"},\"query-input\":\"required name=search_term_string\"}],\"inLanguage\":\"pl-PL\"},{\"@type\":\"Organization\",\"@id\":\"https:\/\/zsp1chojna.pl\/#organization\",\"name\":\"ZSP w Chojnie\",\"url\":\"https:\/\/zsp1chojna.pl\/\",\"logo\":{\"@type\":\"ImageObject\",\"inLanguage\":\"pl-PL\",\"@id\":\"https:\/\/zsp1chojna.pl\/#\/schema\/logo\/image\/\",\"url\":\"https:\/\/zsp1chojna.pl\/wp-content\/uploads\/2023\/08\/cropped-cropped-cropped-Logo-biale-napis-na-3-wiersze_504-1.png\",\"contentUrl\":\"https:\/\/zsp1chojna.pl\/wp-content\/uploads\/2023\/08\/cropped-cropped-cropped-Logo-biale-napis-na-3-wiersze_504-1.png\",\"width\":504,\"height\":167,\"caption\":\"ZSP w Chojnie\"},\"image\":{\"@id\":\"https:\/\/zsp1chojna.pl\/#\/schema\/logo\/image\/\"}}]}<\/script>\n<!-- \/ Yoast SEO plugin. -->","yoast_head_json":{"title":"I\u00a0og\u00f3lnopolska konferencja naukowa \u201eLiderzy w\u00a0edukacji\u201d w\u00a0\u0141odzi - ZSP w Chojnie","robots":{"index":"index","follow":"follow","max-snippet":"max-snippet:-1","max-image-preview":"max-image-preview:large","max-video-preview":"max-video-preview:-1"},"canonical":"https:\/\/zsp1chojna.pl\/?page_id=3705","og_locale":"pl_PL","og_type":"article","og_title":"I\u00a0og\u00f3lnopolska konferencja naukowa \u201eLiderzy w\u00a0edukacji\u201d w\u00a0\u0141odzi - ZSP w Chojnie","og_description":"&nbsp;W dniach 14-15&nbsp;czerwca 2010&nbsp;r. w&nbsp;gmachu Wydzia\u0142u Zarz\u0105dzania Uniwersytetu \u0141\u00f3dzkiego odby\u0142a si\u0119 og\u00f3lnopolska konferencja naukowa pt.&nbsp;\u201eLiderzy w&nbsp;edukacji\u201d, zorganizowana przez&nbsp;Wydzia\u0142 Nauk o&nbsp;Wychowaniu Uniwersytetu \u0141\u00f3dzkiego we&nbsp;wsp\u00f3\u0142pracy z&nbsp;Wydzia\u0142em Zarz\u0105dzania U\u0141 i&nbsp;Fundacj\u0105 Rozwoju Systemu Edukacji [&hellip;]","og_url":"https:\/\/zsp1chojna.pl\/?page_id=3705","og_site_name":"ZSP w Chojnie","article_modified_time":"2023-08-31T12:49:14+00:00","twitter_card":"summary_large_image","twitter_misc":{"Szacowany czas czytania":"2 minuty"},"schema":{"@context":"https:\/\/schema.org","@graph":[{"@type":"WebPage","@id":"https:\/\/zsp1chojna.pl\/?page_id=3705","url":"https:\/\/zsp1chojna.pl\/?page_id=3705","name":"I\u00a0og\u00f3lnopolska konferencja naukowa \u201eLiderzy w\u00a0edukacji\u201d w\u00a0\u0141odzi - ZSP w Chojnie","isPartOf":{"@id":"https:\/\/zsp1chojna.pl\/#website"},"datePublished":"2023-08-31T12:49:12+00:00","dateModified":"2023-08-31T12:49:14+00:00","breadcrumb":{"@id":"https:\/\/zsp1chojna.pl\/?page_id=3705#breadcrumb"},"inLanguage":"pl-PL","potentialAction":[{"@type":"ReadAction","target":["https:\/\/zsp1chojna.pl\/?page_id=3705"]}]},{"@type":"BreadcrumbList","@id":"https:\/\/zsp1chojna.pl\/?page_id=3705#breadcrumb","itemListElement":[{"@type":"ListItem","position":1,"name":"Home","item":"https:\/\/zsp1chojna.pl\/"},{"@type":"ListItem","position":2,"name":"I\u00a0og\u00f3lnopolska konferencja naukowa \u201eLiderzy w\u00a0edukacji\u201d w\u00a0\u0141odzi"}]},{"@type":"WebSite","@id":"https:\/\/zsp1chojna.pl\/#website","url":"https:\/\/zsp1chojna.pl\/","name":"ZSP w Chojnie","description":"","publisher":{"@id":"https:\/\/zsp1chojna.pl\/#organization"},"potentialAction":[{"@type":"SearchAction","target":{"@type":"EntryPoint","urlTemplate":"https:\/\/zsp1chojna.pl\/?s={search_term_string}"},"query-input":"required name=search_term_string"}],"inLanguage":"pl-PL"},{"@type":"Organization","@id":"https:\/\/zsp1chojna.pl\/#organization","name":"ZSP w Chojnie","url":"https:\/\/zsp1chojna.pl\/","logo":{"@type":"ImageObject","inLanguage":"pl-PL","@id":"https:\/\/zsp1chojna.pl\/#\/schema\/logo\/image\/","url":"https:\/\/zsp1chojna.pl\/wp-content\/uploads\/2023\/08\/cropped-cropped-cropped-Logo-biale-napis-na-3-wiersze_504-1.png","contentUrl":"https:\/\/zsp1chojna.pl\/wp-content\/uploads\/2023\/08\/cropped-cropped-cropped-Logo-biale-napis-na-3-wiersze_504-1.png","width":504,"height":167,"caption":"ZSP w Chojnie"},"image":{"@id":"https:\/\/zsp1chojna.pl\/#\/schema\/logo\/image\/"}}]}},"_links":{"self":[{"href":"https:\/\/zsp1chojna.pl\/index.php?rest_route=\/wp\/v2\/pages\/3705","targetHints":{"allow":["GET"]}}],"collection":[{"href":"https:\/\/zsp1chojna.pl\/index.php?rest_route=\/wp\/v2\/pages"}],"about":[{"href":"https:\/\/zsp1chojna.pl\/index.php?rest_route=\/wp\/v2\/types\/page"}],"author":[{"embeddable":true,"href":"https:\/\/zsp1chojna.pl\/index.php?rest_route=\/wp\/v2\/users\/1"}],"replies":[{"embeddable":true,"href":"https:\/\/zsp1chojna.pl\/index.php?rest_route=%2Fwp%2Fv2%2Fcomments&post=3705"}],"version-history":[{"count":1,"href":"https:\/\/zsp1chojna.pl\/index.php?rest_route=\/wp\/v2\/pages\/3705\/revisions"}],"predecessor-version":[{"id":3706,"href":"https:\/\/zsp1chojna.pl\/index.php?rest_route=\/wp\/v2\/pages\/3705\/revisions\/3706"}],"wp:attachment":[{"href":"https:\/\/zsp1chojna.pl\/index.php?rest_route=%2Fwp%2Fv2%2Fmedia&parent=3705"}],"curies":[{"name":"wp","href":"https:\/\/api.w.org\/{rel}","templated":true}]}}