{"id":12537,"date":"2025-01-05T17:01:40","date_gmt":"2025-01-05T16:01:40","guid":{"rendered":"https:\/\/zsp1chojna.pl\/?page_id=12537"},"modified":"2025-01-05T17:20:23","modified_gmt":"2025-01-05T16:20:23","slug":"rok-2018-3","status":"publish","type":"page","link":"https:\/\/zsp1chojna.pl\/?page_id=12537","title":{"rendered":"Rok 2018 &#8211; Zasadnicza Szko\u0142a Zawodowa"},"content":{"rendered":"<style>.kadence-column12537_465409-5b > .kt-inside-inner-col,.kadence-column12537_465409-5b > .kt-inside-inner-col:before{border-top-left-radius:0px;border-top-right-radius:0px;border-bottom-right-radius:0px;border-bottom-left-radius:0px;}.kadence-column12537_465409-5b > .kt-inside-inner-col:before{opacity:0.3;}.kadence-column12537_465409-5b{position:relative;}<\/style>\n<div class=\"wp-block-kadence-column kadence-column12537_465409-5b\"><div class=\"kt-inside-inner-col\">\n<div class=\"wp-block-columns is-layout-flex wp-container-core-columns-is-layout-9d6595d7 wp-block-columns-is-layout-flex\">\n<div class=\"wp-block-column is-layout-flow wp-block-column-is-layout-flow\">\n<p><strong>klasa 3 MMS<\/strong><br><strong><strong>monter zabudowy i rob\u00f3t wyko\u0144czeniowych w budownictwie<\/strong><\/strong><br><strong>wychowawca: mgr Aneta \u017burawska-Rusek<br><\/strong><\/p>\n\n\n\n<p>Baczy\u0144ski Kacper<br>D\u0119bowski Wojciech<br>Klimek Daniel<br>\u0141uczyszyn Kamil<br>Madera Eryk<br>Marczak Micha\u0142<br>Nesterowicz Szymon<br>Niena\u0142towski Kamil<br>Pawlicjka Patrycja<br>Soroczy\u0144ski Jakub<br>Stanejko Sebastian<br>Stelmach Hubert<br>Studzi\u0144ski Marek<br>Ta\u0142andzis \u0141ukasz<br>Tr\u0119bacz Piotr<\/p>\n<\/div>\n\n\n\n<div class=\"wp-block-column is-layout-flow wp-block-column-is-layout-flow\">\n<p><strong>klasa 3 MMS<\/strong><br><strong>mechanik pojazd\u00f3w samochodowych<\/strong><br><strong>wychowawca mgr Aneta \u017burawska-Rusek<br><\/strong><\/p>\n\n\n\n<p>Drapaluk Bart\u0142omiej<br>Jaworski Mateusz<br>Ka\u0142u\u017ca Hubert<br>Majer Jakub<br>Tomaszewski Adam<\/p>\n<\/div>\n\n\n\n<div class=\"wp-block-column is-layout-flow wp-block-column-is-layout-flow\">\n<p><strong>klasa 3 MMS<\/strong><br><strong>stolarz<\/strong><br><strong>wychowawca mgr <strong>Aneta \u017burawska-Rusek<\/strong><br><\/strong><\/p>\n\n\n\n<p>Franczak Patryk<br>\u0141agoda Rados\u0142aw<br>Mirkiewicz Szymon<\/p>\n<\/div>\n\n\n\n<div class=\"wp-block-column is-layout-flow wp-block-column-is-layout-flow\">\n<p><strong>klasa 3 WZ<\/strong><br><strong>wielozawodowa<\/strong><br>w<strong>ychowawca mgr <strong>Barbara Zubala<\/strong><br><\/strong><\/p>\n\n\n\n<p>Cio\u0142ek Ewelina<br>Galant Wiktoria<br>Gil Jan<br>Graniczna Klaudia<br>Gutowska Monika<br>Hamka\u0142o Wioleta<br>Kabzi\u0144ska Roksana<br>Kinast Weronika<br>Klasowska Wiktoria<br>Klisowska And\u017celika<br>Liput Karolina<br>Ma\u0107kowycz Patryk<br>Marczewska Wiktoria<br>Mielcarek Klaudia<br>Nowak Magdalena<br>Prucnal Joanna<br>Sowi\u0144ska Daria<br>Szatan Kamila<br>Szczepa\u0144ska Karolina<br>Tkaczuk Adriana<br>Tkaczuk Paula<br>To\u017cewska Anna<br>Ulacha Klaudia<br>Wolska Klaudia<\/p>\n<\/div>\n<\/div>\n<\/div><\/div>\n\n\n\n<p><\/p>\n","protected":false},"excerpt":{"rendered":"<p>klasa 3 MMSmonter zabudowy i rob\u00f3t wyko\u0144czeniowych w budownictwiewychowawca: mgr Aneta \u017burawska-Rusek Baczy\u0144ski KacperD\u0119bowski WojciechKlimek Daniel\u0141uczyszyn KamilMadera ErykMarczak Micha\u0142Nesterowicz SzymonNiena\u0142towski KamilPawlicjka PatrycjaSoroczy\u0144ski JakubStanejko SebastianStelmach HubertStudzi\u0144ski MarekTa\u0142andzis \u0141ukaszTr\u0119bacz Piotr klasa 3 [&hellip;]<\/p>\n","protected":false},"author":1,"featured_media":0,"parent":0,"menu_order":0,"comment_status":"closed","ping_status":"closed","template":"","meta":{"footnotes":""},"class_list":["post-12537","page","type-page","status-publish","hentry"],"yoast_head":"<!-- This site is optimized with the Yoast SEO plugin v20.13 - https:\/\/yoast.com\/wordpress\/plugins\/seo\/ -->\n<title>Rok 2018 - Zasadnicza Szko\u0142a Zawodowa - ZSP w Chojnie<\/title>\n<meta name=\"robots\" content=\"index, follow, max-snippet:-1, max-image-preview:large, max-video-preview:-1\" \/>\n<link rel=\"canonical\" href=\"https:\/\/zsp1chojna.pl\/?page_id=12537\" \/>\n<meta property=\"og:locale\" content=\"pl_PL\" \/>\n<meta property=\"og:type\" content=\"article\" \/>\n<meta property=\"og:title\" content=\"Rok 2018 - Zasadnicza Szko\u0142a Zawodowa - ZSP w Chojnie\" \/>\n<meta property=\"og:description\" content=\"klasa 3 MMSmonter zabudowy i rob\u00f3t wyko\u0144czeniowych w budownictwiewychowawca: mgr Aneta \u017burawska-Rusek Baczy\u0144ski KacperD\u0119bowski WojciechKlimek Daniel\u0141uczyszyn KamilMadera ErykMarczak Micha\u0142Nesterowicz SzymonNiena\u0142towski KamilPawlicjka PatrycjaSoroczy\u0144ski JakubStanejko SebastianStelmach HubertStudzi\u0144ski MarekTa\u0142andzis \u0141ukaszTr\u0119bacz Piotr klasa 3 [&hellip;]\" \/>\n<meta property=\"og:url\" content=\"https:\/\/zsp1chojna.pl\/?page_id=12537\" \/>\n<meta property=\"og:site_name\" content=\"ZSP w Chojnie\" \/>\n<meta property=\"article:modified_time\" content=\"2025-01-05T16:20:23+00:00\" \/>\n<meta name=\"twitter:card\" content=\"summary_large_image\" \/>\n<meta name=\"twitter:label1\" content=\"Szacowany czas czytania\" \/>\n\t<meta name=\"twitter:data1\" content=\"1 minuta\" \/>\n<script type=\"application\/ld+json\" class=\"yoast-schema-graph\">{\"@context\":\"https:\/\/schema.org\",\"@graph\":[{\"@type\":\"WebPage\",\"@id\":\"https:\/\/zsp1chojna.pl\/?page_id=12537\",\"url\":\"https:\/\/zsp1chojna.pl\/?page_id=12537\",\"name\":\"Rok 2018 - Zasadnicza Szko\u0142a Zawodowa - ZSP w Chojnie\",\"isPartOf\":{\"@id\":\"https:\/\/zsp1chojna.pl\/#website\"},\"datePublished\":\"2025-01-05T16:01:40+00:00\",\"dateModified\":\"2025-01-05T16:20:23+00:00\",\"breadcrumb\":{\"@id\":\"https:\/\/zsp1chojna.pl\/?page_id=12537#breadcrumb\"},\"inLanguage\":\"pl-PL\",\"potentialAction\":[{\"@type\":\"ReadAction\",\"target\":[\"https:\/\/zsp1chojna.pl\/?page_id=12537\"]}]},{\"@type\":\"BreadcrumbList\",\"@id\":\"https:\/\/zsp1chojna.pl\/?page_id=12537#breadcrumb\",\"itemListElement\":[{\"@type\":\"ListItem\",\"position\":1,\"name\":\"Home\",\"item\":\"https:\/\/zsp1chojna.pl\/\"},{\"@type\":\"ListItem\",\"position\":2,\"name\":\"Rok 2018 &#8211; Zasadnicza Szko\u0142a Zawodowa\"}]},{\"@type\":\"WebSite\",\"@id\":\"https:\/\/zsp1chojna.pl\/#website\",\"url\":\"https:\/\/zsp1chojna.pl\/\",\"name\":\"ZSP w Chojnie\",\"description\":\"\",\"publisher\":{\"@id\":\"https:\/\/zsp1chojna.pl\/#organization\"},\"potentialAction\":[{\"@type\":\"SearchAction\",\"target\":{\"@type\":\"EntryPoint\",\"urlTemplate\":\"https:\/\/zsp1chojna.pl\/?s={search_term_string}\"},\"query-input\":\"required name=search_term_string\"}],\"inLanguage\":\"pl-PL\"},{\"@type\":\"Organization\",\"@id\":\"https:\/\/zsp1chojna.pl\/#organization\",\"name\":\"ZSP w Chojnie\",\"url\":\"https:\/\/zsp1chojna.pl\/\",\"logo\":{\"@type\":\"ImageObject\",\"inLanguage\":\"pl-PL\",\"@id\":\"https:\/\/zsp1chojna.pl\/#\/schema\/logo\/image\/\",\"url\":\"https:\/\/zsp1chojna.pl\/wp-content\/uploads\/2023\/08\/cropped-cropped-cropped-Logo-biale-napis-na-3-wiersze_504-1.png\",\"contentUrl\":\"https:\/\/zsp1chojna.pl\/wp-content\/uploads\/2023\/08\/cropped-cropped-cropped-Logo-biale-napis-na-3-wiersze_504-1.png\",\"width\":504,\"height\":167,\"caption\":\"ZSP w Chojnie\"},\"image\":{\"@id\":\"https:\/\/zsp1chojna.pl\/#\/schema\/logo\/image\/\"}}]}<\/script>\n<!-- \/ Yoast SEO plugin. -->","yoast_head_json":{"title":"Rok 2018 - Zasadnicza Szko\u0142a Zawodowa - ZSP w Chojnie","robots":{"index":"index","follow":"follow","max-snippet":"max-snippet:-1","max-image-preview":"max-image-preview:large","max-video-preview":"max-video-preview:-1"},"canonical":"https:\/\/zsp1chojna.pl\/?page_id=12537","og_locale":"pl_PL","og_type":"article","og_title":"Rok 2018 - Zasadnicza Szko\u0142a Zawodowa - ZSP w Chojnie","og_description":"klasa 3 MMSmonter zabudowy i rob\u00f3t wyko\u0144czeniowych w budownictwiewychowawca: mgr Aneta \u017burawska-Rusek Baczy\u0144ski KacperD\u0119bowski WojciechKlimek Daniel\u0141uczyszyn KamilMadera ErykMarczak Micha\u0142Nesterowicz SzymonNiena\u0142towski KamilPawlicjka PatrycjaSoroczy\u0144ski JakubStanejko SebastianStelmach HubertStudzi\u0144ski MarekTa\u0142andzis \u0141ukaszTr\u0119bacz Piotr klasa 3 [&hellip;]","og_url":"https:\/\/zsp1chojna.pl\/?page_id=12537","og_site_name":"ZSP w Chojnie","article_modified_time":"2025-01-05T16:20:23+00:00","twitter_card":"summary_large_image","twitter_misc":{"Szacowany czas czytania":"1 minuta"},"schema":{"@context":"https:\/\/schema.org","@graph":[{"@type":"WebPage","@id":"https:\/\/zsp1chojna.pl\/?page_id=12537","url":"https:\/\/zsp1chojna.pl\/?page_id=12537","name":"Rok 2018 - Zasadnicza Szko\u0142a Zawodowa - ZSP w Chojnie","isPartOf":{"@id":"https:\/\/zsp1chojna.pl\/#website"},"datePublished":"2025-01-05T16:01:40+00:00","dateModified":"2025-01-05T16:20:23+00:00","breadcrumb":{"@id":"https:\/\/zsp1chojna.pl\/?page_id=12537#breadcrumb"},"inLanguage":"pl-PL","potentialAction":[{"@type":"ReadAction","target":["https:\/\/zsp1chojna.pl\/?page_id=12537"]}]},{"@type":"BreadcrumbList","@id":"https:\/\/zsp1chojna.pl\/?page_id=12537#breadcrumb","itemListElement":[{"@type":"ListItem","position":1,"name":"Home","item":"https:\/\/zsp1chojna.pl\/"},{"@type":"ListItem","position":2,"name":"Rok 2018 &#8211; Zasadnicza Szko\u0142a Zawodowa"}]},{"@type":"WebSite","@id":"https:\/\/zsp1chojna.pl\/#website","url":"https:\/\/zsp1chojna.pl\/","name":"ZSP w Chojnie","description":"","publisher":{"@id":"https:\/\/zsp1chojna.pl\/#organization"},"potentialAction":[{"@type":"SearchAction","target":{"@type":"EntryPoint","urlTemplate":"https:\/\/zsp1chojna.pl\/?s={search_term_string}"},"query-input":"required name=search_term_string"}],"inLanguage":"pl-PL"},{"@type":"Organization","@id":"https:\/\/zsp1chojna.pl\/#organization","name":"ZSP w Chojnie","url":"https:\/\/zsp1chojna.pl\/","logo":{"@type":"ImageObject","inLanguage":"pl-PL","@id":"https:\/\/zsp1chojna.pl\/#\/schema\/logo\/image\/","url":"https:\/\/zsp1chojna.pl\/wp-content\/uploads\/2023\/08\/cropped-cropped-cropped-Logo-biale-napis-na-3-wiersze_504-1.png","contentUrl":"https:\/\/zsp1chojna.pl\/wp-content\/uploads\/2023\/08\/cropped-cropped-cropped-Logo-biale-napis-na-3-wiersze_504-1.png","width":504,"height":167,"caption":"ZSP w Chojnie"},"image":{"@id":"https:\/\/zsp1chojna.pl\/#\/schema\/logo\/image\/"}}]}},"_links":{"self":[{"href":"https:\/\/zsp1chojna.pl\/index.php?rest_route=\/wp\/v2\/pages\/12537","targetHints":{"allow":["GET"]}}],"collection":[{"href":"https:\/\/zsp1chojna.pl\/index.php?rest_route=\/wp\/v2\/pages"}],"about":[{"href":"https:\/\/zsp1chojna.pl\/index.php?rest_route=\/wp\/v2\/types\/page"}],"author":[{"embeddable":true,"href":"https:\/\/zsp1chojna.pl\/index.php?rest_route=\/wp\/v2\/users\/1"}],"replies":[{"embeddable":true,"href":"https:\/\/zsp1chojna.pl\/index.php?rest_route=%2Fwp%2Fv2%2Fcomments&post=12537"}],"version-history":[{"count":4,"href":"https:\/\/zsp1chojna.pl\/index.php?rest_route=\/wp\/v2\/pages\/12537\/revisions"}],"predecessor-version":[{"id":12550,"href":"https:\/\/zsp1chojna.pl\/index.php?rest_route=\/wp\/v2\/pages\/12537\/revisions\/12550"}],"wp:attachment":[{"href":"https:\/\/zsp1chojna.pl\/index.php?rest_route=%2Fwp%2Fv2%2Fmedia&parent=12537"}],"curies":[{"name":"wp","href":"https:\/\/api.w.org\/{rel}","templated":true}]}}