{"id":11550,"date":"2024-11-15T13:16:18","date_gmt":"2024-11-15T12:16:18","guid":{"rendered":"https:\/\/zsp1chojna.pl\/?page_id=11550"},"modified":"2024-11-15T13:16:19","modified_gmt":"2024-11-15T12:16:19","slug":"poczet-sztandarowy-2023-2024-2","status":"publish","type":"page","link":"https:\/\/zsp1chojna.pl\/?page_id=11550","title":{"rendered":"Poczet Sztandarowy 2023\/2024"},"content":{"rendered":"\n<p><strong>Sk\u0142ad Pocztu Sztandarowego:<\/strong><br>Chor\u0105\u017cy: Kacper Walczak kl. 3abc LO<br>Asysta: Oliwia Bogdanowicz kl. 2d LO<br>Asysta: Zofia Walczak kl. 2d LO<\/p>\n\n\n<div class=\"wp-block-image\">\n<figure class=\"aligncenter size-full is-resized\"><img loading=\"lazy\" decoding=\"async\" width=\"1024\" height=\"681\" data-attachment-id=\"9851\" data-permalink=\"https:\/\/zsp1chojna.pl\/?attachment_id=9851\" data-orig-file=\"https:\/\/zsp1chojna.pl\/wp-content\/uploads\/2024\/06\/Sklad-Pocztu-Sztandarowego-2-1-1.jpg\" data-orig-size=\"1024,681\" data-comments-opened=\"1\" data-image-meta=\"{&quot;aperture&quot;:&quot;1.7&quot;,&quot;credit&quot;:&quot;&quot;,&quot;camera&quot;:&quot;moto g(50)&quot;,&quot;caption&quot;:&quot;&quot;,&quot;created_timestamp&quot;:&quot;1715338077&quot;,&quot;copyright&quot;:&quot;&quot;,&quot;focal_length&quot;:&quot;4.71&quot;,&quot;iso&quot;:&quot;100&quot;,&quot;shutter_speed&quot;:&quot;0.000372692&quot;,&quot;title&quot;:&quot;&quot;,&quot;orientation&quot;:&quot;1&quot;}\" data-image-title=\"Sklad-Pocztu-Sztandarowego-2-1-1\" data-image-description=\"\" data-image-caption=\"\" data-medium-file=\"https:\/\/zsp1chojna.pl\/wp-content\/uploads\/2024\/06\/Sklad-Pocztu-Sztandarowego-2-1-1-300x200.jpg\" data-large-file=\"https:\/\/zsp1chojna.pl\/wp-content\/uploads\/2024\/06\/Sklad-Pocztu-Sztandarowego-2-1-1.jpg\" src=\"https:\/\/zsp1chojna.pl\/wp-content\/uploads\/2024\/06\/Sklad-Pocztu-Sztandarowego-2-1-1.jpg\" alt=\"\" class=\"wp-image-9851\" style=\"width:715px;height:auto\" srcset=\"https:\/\/zsp1chojna.pl\/wp-content\/uploads\/2024\/06\/Sklad-Pocztu-Sztandarowego-2-1-1.jpg 1024w, https:\/\/zsp1chojna.pl\/wp-content\/uploads\/2024\/06\/Sklad-Pocztu-Sztandarowego-2-1-1-300x200.jpg 300w, https:\/\/zsp1chojna.pl\/wp-content\/uploads\/2024\/06\/Sklad-Pocztu-Sztandarowego-2-1-1-768x511.jpg 768w, https:\/\/zsp1chojna.pl\/wp-content\/uploads\/2024\/06\/Sklad-Pocztu-Sztandarowego-2-1-1-947x630.jpg 947w, https:\/\/zsp1chojna.pl\/wp-content\/uploads\/2024\/06\/Sklad-Pocztu-Sztandarowego-2-1-1-624x415.jpg 624w, https:\/\/zsp1chojna.pl\/wp-content\/uploads\/2024\/06\/Sklad-Pocztu-Sztandarowego-2-1-1-84x56.jpg 84w\" sizes=\"auto, (max-width: 1024px) 100vw, 1024px\" \/><\/figure>\n<\/div>\n\n\n<p><strong>Poczet Sztandarowy Zast\u0119pczy:<\/strong><br>Chor\u0105\u017cy: Aleksander Sankowski kl. 2d LO<br>Asysta: Aleksandra Maciaszek kl. 2c LO<br>Asysta: Nikola Sankowska kl. 1TH<\/p>\n\n\n<div class=\"wp-block-image\">\n<figure class=\"aligncenter size-full is-resized\"><img loading=\"lazy\" decoding=\"async\" width=\"1024\" height=\"768\" data-attachment-id=\"9852\" data-permalink=\"https:\/\/zsp1chojna.pl\/?attachment_id=9852\" data-orig-file=\"https:\/\/zsp1chojna.pl\/wp-content\/uploads\/2024\/06\/Sklad-Pocztu-Sztandarowego-1-2.jpg\" data-orig-size=\"1024,768\" data-comments-opened=\"1\" data-image-meta=\"{&quot;aperture&quot;:&quot;1.7&quot;,&quot;credit&quot;:&quot;&quot;,&quot;camera&quot;:&quot;moto g(50)&quot;,&quot;caption&quot;:&quot;&quot;,&quot;created_timestamp&quot;:&quot;1715338295&quot;,&quot;copyright&quot;:&quot;&quot;,&quot;focal_length&quot;:&quot;4.71&quot;,&quot;iso&quot;:&quot;100&quot;,&quot;shutter_speed&quot;:&quot;0.000523574&quot;,&quot;title&quot;:&quot;&quot;,&quot;orientation&quot;:&quot;0&quot;}\" data-image-title=\"Sklad-Pocztu-Sztandarowego-1-2\" data-image-description=\"\" data-image-caption=\"\" data-medium-file=\"https:\/\/zsp1chojna.pl\/wp-content\/uploads\/2024\/06\/Sklad-Pocztu-Sztandarowego-1-2-300x225.jpg\" data-large-file=\"https:\/\/zsp1chojna.pl\/wp-content\/uploads\/2024\/06\/Sklad-Pocztu-Sztandarowego-1-2.jpg\" src=\"https:\/\/zsp1chojna.pl\/wp-content\/uploads\/2024\/06\/Sklad-Pocztu-Sztandarowego-1-2.jpg\" alt=\"\" class=\"wp-image-9852\" style=\"width:730px;height:auto\" srcset=\"https:\/\/zsp1chojna.pl\/wp-content\/uploads\/2024\/06\/Sklad-Pocztu-Sztandarowego-1-2.jpg 1024w, https:\/\/zsp1chojna.pl\/wp-content\/uploads\/2024\/06\/Sklad-Pocztu-Sztandarowego-1-2-300x225.jpg 300w, https:\/\/zsp1chojna.pl\/wp-content\/uploads\/2024\/06\/Sklad-Pocztu-Sztandarowego-1-2-768x576.jpg 768w, https:\/\/zsp1chojna.pl\/wp-content\/uploads\/2024\/06\/Sklad-Pocztu-Sztandarowego-1-2-947x710.jpg 947w, https:\/\/zsp1chojna.pl\/wp-content\/uploads\/2024\/06\/Sklad-Pocztu-Sztandarowego-1-2-624x468.jpg 624w\" sizes=\"auto, (max-width: 1024px) 100vw, 1024px\" \/><\/figure>\n<\/div>\n\n<style>.wp-block-kadence-spacer.kt-block-spacer-11550_bdc806-36 .kt-block-spacer{height:60px;}.wp-block-kadence-spacer.kt-block-spacer-11550_bdc806-36 .kt-divider{border-top-width:1px;height:1px;border-top-color:#eee;width:100%;border-top-style:solid;}<\/style>\n<div class=\"wp-block-kadence-spacer aligncenter kt-block-spacer-11550_bdc806-36\"><div class=\"kt-block-spacer kt-block-spacer-halign-center\"><hr class=\"kt-divider\"\/><\/div><\/div>\n\n\n\n<p>Opiekunowie Pocztu Sztandarowego:<br>mgr&nbsp;Emilia Marcinkowska<br>mgr&nbsp;Marek Bednarz<\/p>\n","protected":false},"excerpt":{"rendered":"<p>Sk\u0142ad Pocztu Sztandarowego:Chor\u0105\u017cy: Kacper Walczak kl. 3abc LOAsysta: Oliwia Bogdanowicz kl. 2d LOAsysta: Zofia Walczak kl. 2d LO Poczet Sztandarowy Zast\u0119pczy:Chor\u0105\u017cy: Aleksander Sankowski kl. 2d LOAsysta: Aleksandra Maciaszek kl. 2c [&hellip;]<\/p>\n","protected":false},"author":1,"featured_media":0,"parent":0,"menu_order":0,"comment_status":"closed","ping_status":"closed","template":"","meta":{"footnotes":""},"class_list":["post-11550","page","type-page","status-publish","hentry"],"yoast_head":"<!-- This site is optimized with the Yoast SEO plugin v20.13 - https:\/\/yoast.com\/wordpress\/plugins\/seo\/ -->\n<title>Poczet Sztandarowy 2023\/2024 - ZSP w Chojnie<\/title>\n<meta name=\"robots\" content=\"index, follow, max-snippet:-1, max-image-preview:large, max-video-preview:-1\" \/>\n<link rel=\"canonical\" href=\"https:\/\/zsp1chojna.pl\/?page_id=11550\" \/>\n<meta property=\"og:locale\" content=\"pl_PL\" \/>\n<meta property=\"og:type\" content=\"article\" \/>\n<meta property=\"og:title\" content=\"Poczet Sztandarowy 2023\/2024 - ZSP w Chojnie\" \/>\n<meta property=\"og:description\" content=\"Sk\u0142ad Pocztu Sztandarowego:Chor\u0105\u017cy: Kacper Walczak kl. 3abc LOAsysta: Oliwia Bogdanowicz kl. 2d LOAsysta: Zofia Walczak kl. 2d LO Poczet Sztandarowy Zast\u0119pczy:Chor\u0105\u017cy: Aleksander Sankowski kl. 2d LOAsysta: Aleksandra Maciaszek kl. 2c [&hellip;]\" \/>\n<meta property=\"og:url\" content=\"https:\/\/zsp1chojna.pl\/?page_id=11550\" \/>\n<meta property=\"og:site_name\" content=\"ZSP w Chojnie\" \/>\n<meta property=\"article:modified_time\" content=\"2024-11-15T12:16:19+00:00\" \/>\n<meta property=\"og:image\" content=\"https:\/\/zsp1chojna.pl\/wp-content\/uploads\/2024\/06\/Sklad-Pocztu-Sztandarowego-2-1-1.jpg\" \/>\n<meta name=\"twitter:card\" content=\"summary_large_image\" \/>\n<meta name=\"twitter:label1\" content=\"Szacowany czas czytania\" \/>\n\t<meta name=\"twitter:data1\" content=\"1 minuta\" \/>\n<script type=\"application\/ld+json\" class=\"yoast-schema-graph\">{\"@context\":\"https:\/\/schema.org\",\"@graph\":[{\"@type\":\"WebPage\",\"@id\":\"https:\/\/zsp1chojna.pl\/?page_id=11550\",\"url\":\"https:\/\/zsp1chojna.pl\/?page_id=11550\",\"name\":\"Poczet Sztandarowy 2023\/2024 - ZSP w Chojnie\",\"isPartOf\":{\"@id\":\"https:\/\/zsp1chojna.pl\/#website\"},\"datePublished\":\"2024-11-15T12:16:18+00:00\",\"dateModified\":\"2024-11-15T12:16:19+00:00\",\"breadcrumb\":{\"@id\":\"https:\/\/zsp1chojna.pl\/?page_id=11550#breadcrumb\"},\"inLanguage\":\"pl-PL\",\"potentialAction\":[{\"@type\":\"ReadAction\",\"target\":[\"https:\/\/zsp1chojna.pl\/?page_id=11550\"]}]},{\"@type\":\"BreadcrumbList\",\"@id\":\"https:\/\/zsp1chojna.pl\/?page_id=11550#breadcrumb\",\"itemListElement\":[{\"@type\":\"ListItem\",\"position\":1,\"name\":\"Home\",\"item\":\"https:\/\/zsp1chojna.pl\/\"},{\"@type\":\"ListItem\",\"position\":2,\"name\":\"Poczet Sztandarowy 2023\/2024\"}]},{\"@type\":\"WebSite\",\"@id\":\"https:\/\/zsp1chojna.pl\/#website\",\"url\":\"https:\/\/zsp1chojna.pl\/\",\"name\":\"ZSP w Chojnie\",\"description\":\"\",\"publisher\":{\"@id\":\"https:\/\/zsp1chojna.pl\/#organization\"},\"potentialAction\":[{\"@type\":\"SearchAction\",\"target\":{\"@type\":\"EntryPoint\",\"urlTemplate\":\"https:\/\/zsp1chojna.pl\/?s={search_term_string}\"},\"query-input\":\"required name=search_term_string\"}],\"inLanguage\":\"pl-PL\"},{\"@type\":\"Organization\",\"@id\":\"https:\/\/zsp1chojna.pl\/#organization\",\"name\":\"ZSP w Chojnie\",\"url\":\"https:\/\/zsp1chojna.pl\/\",\"logo\":{\"@type\":\"ImageObject\",\"inLanguage\":\"pl-PL\",\"@id\":\"https:\/\/zsp1chojna.pl\/#\/schema\/logo\/image\/\",\"url\":\"https:\/\/zsp1chojna.pl\/wp-content\/uploads\/2023\/08\/cropped-cropped-cropped-Logo-biale-napis-na-3-wiersze_504-1.png\",\"contentUrl\":\"https:\/\/zsp1chojna.pl\/wp-content\/uploads\/2023\/08\/cropped-cropped-cropped-Logo-biale-napis-na-3-wiersze_504-1.png\",\"width\":504,\"height\":167,\"caption\":\"ZSP w Chojnie\"},\"image\":{\"@id\":\"https:\/\/zsp1chojna.pl\/#\/schema\/logo\/image\/\"}}]}<\/script>\n<!-- \/ Yoast SEO plugin. -->","yoast_head_json":{"title":"Poczet Sztandarowy 2023\/2024 - ZSP w Chojnie","robots":{"index":"index","follow":"follow","max-snippet":"max-snippet:-1","max-image-preview":"max-image-preview:large","max-video-preview":"max-video-preview:-1"},"canonical":"https:\/\/zsp1chojna.pl\/?page_id=11550","og_locale":"pl_PL","og_type":"article","og_title":"Poczet Sztandarowy 2023\/2024 - ZSP w Chojnie","og_description":"Sk\u0142ad Pocztu Sztandarowego:Chor\u0105\u017cy: Kacper Walczak kl. 3abc LOAsysta: Oliwia Bogdanowicz kl. 2d LOAsysta: Zofia Walczak kl. 2d LO Poczet Sztandarowy Zast\u0119pczy:Chor\u0105\u017cy: Aleksander Sankowski kl. 2d LOAsysta: Aleksandra Maciaszek kl. 2c [&hellip;]","og_url":"https:\/\/zsp1chojna.pl\/?page_id=11550","og_site_name":"ZSP w Chojnie","article_modified_time":"2024-11-15T12:16:19+00:00","og_image":[{"url":"https:\/\/zsp1chojna.pl\/wp-content\/uploads\/2024\/06\/Sklad-Pocztu-Sztandarowego-2-1-1.jpg"}],"twitter_card":"summary_large_image","twitter_misc":{"Szacowany czas czytania":"1 minuta"},"schema":{"@context":"https:\/\/schema.org","@graph":[{"@type":"WebPage","@id":"https:\/\/zsp1chojna.pl\/?page_id=11550","url":"https:\/\/zsp1chojna.pl\/?page_id=11550","name":"Poczet Sztandarowy 2023\/2024 - ZSP w Chojnie","isPartOf":{"@id":"https:\/\/zsp1chojna.pl\/#website"},"datePublished":"2024-11-15T12:16:18+00:00","dateModified":"2024-11-15T12:16:19+00:00","breadcrumb":{"@id":"https:\/\/zsp1chojna.pl\/?page_id=11550#breadcrumb"},"inLanguage":"pl-PL","potentialAction":[{"@type":"ReadAction","target":["https:\/\/zsp1chojna.pl\/?page_id=11550"]}]},{"@type":"BreadcrumbList","@id":"https:\/\/zsp1chojna.pl\/?page_id=11550#breadcrumb","itemListElement":[{"@type":"ListItem","position":1,"name":"Home","item":"https:\/\/zsp1chojna.pl\/"},{"@type":"ListItem","position":2,"name":"Poczet Sztandarowy 2023\/2024"}]},{"@type":"WebSite","@id":"https:\/\/zsp1chojna.pl\/#website","url":"https:\/\/zsp1chojna.pl\/","name":"ZSP w Chojnie","description":"","publisher":{"@id":"https:\/\/zsp1chojna.pl\/#organization"},"potentialAction":[{"@type":"SearchAction","target":{"@type":"EntryPoint","urlTemplate":"https:\/\/zsp1chojna.pl\/?s={search_term_string}"},"query-input":"required name=search_term_string"}],"inLanguage":"pl-PL"},{"@type":"Organization","@id":"https:\/\/zsp1chojna.pl\/#organization","name":"ZSP w Chojnie","url":"https:\/\/zsp1chojna.pl\/","logo":{"@type":"ImageObject","inLanguage":"pl-PL","@id":"https:\/\/zsp1chojna.pl\/#\/schema\/logo\/image\/","url":"https:\/\/zsp1chojna.pl\/wp-content\/uploads\/2023\/08\/cropped-cropped-cropped-Logo-biale-napis-na-3-wiersze_504-1.png","contentUrl":"https:\/\/zsp1chojna.pl\/wp-content\/uploads\/2023\/08\/cropped-cropped-cropped-Logo-biale-napis-na-3-wiersze_504-1.png","width":504,"height":167,"caption":"ZSP w Chojnie"},"image":{"@id":"https:\/\/zsp1chojna.pl\/#\/schema\/logo\/image\/"}}]}},"_links":{"self":[{"href":"https:\/\/zsp1chojna.pl\/index.php?rest_route=\/wp\/v2\/pages\/11550","targetHints":{"allow":["GET"]}}],"collection":[{"href":"https:\/\/zsp1chojna.pl\/index.php?rest_route=\/wp\/v2\/pages"}],"about":[{"href":"https:\/\/zsp1chojna.pl\/index.php?rest_route=\/wp\/v2\/types\/page"}],"author":[{"embeddable":true,"href":"https:\/\/zsp1chojna.pl\/index.php?rest_route=\/wp\/v2\/users\/1"}],"replies":[{"embeddable":true,"href":"https:\/\/zsp1chojna.pl\/index.php?rest_route=%2Fwp%2Fv2%2Fcomments&post=11550"}],"version-history":[{"count":1,"href":"https:\/\/zsp1chojna.pl\/index.php?rest_route=\/wp\/v2\/pages\/11550\/revisions"}],"predecessor-version":[{"id":11551,"href":"https:\/\/zsp1chojna.pl\/index.php?rest_route=\/wp\/v2\/pages\/11550\/revisions\/11551"}],"wp:attachment":[{"href":"https:\/\/zsp1chojna.pl\/index.php?rest_route=%2Fwp%2Fv2%2Fmedia&parent=11550"}],"curies":[{"name":"wp","href":"https:\/\/api.w.org\/{rel}","templated":true}]}}