{"id":11351,"date":"2024-11-04T08:11:04","date_gmt":"2024-11-04T07:11:04","guid":{"rendered":"https:\/\/zsp1chojna.pl\/?page_id=11351"},"modified":"2024-11-04T08:11:06","modified_gmt":"2024-11-04T07:11:06","slug":"rok-2015-zasadnicza-szkola-zawodowa-2","status":"publish","type":"page","link":"https:\/\/zsp1chojna.pl\/?page_id=11351","title":{"rendered":"Rok 2015 &#8211; Zasadnicza Szko\u0142a Zawodowa"},"content":{"rendered":"<style>.kadence-column11351_13a29d-23 > .kt-inside-inner-col,.kadence-column11351_13a29d-23 > .kt-inside-inner-col:before{border-top-left-radius:0px;border-top-right-radius:0px;border-bottom-right-radius:0px;border-bottom-left-radius:0px;}.kadence-column11351_13a29d-23 > .kt-inside-inner-col:before{opacity:0.3;}.kadence-column11351_13a29d-23{position:relative;}<\/style>\n<div class=\"wp-block-kadence-column kadence-column11351_13a29d-23\"><div class=\"kt-inside-inner-col\">\n<div class=\"wp-block-columns is-layout-flex wp-container-core-columns-is-layout-9d6595d7 wp-block-columns-is-layout-flex\">\n<div class=\"wp-block-column is-layout-flow wp-block-column-is-layout-flow\">\n<p><strong>Klasa III&nbsp;Wielozawodowa<br>Wychowawca mgr&nbsp;Marek \u0141\u0105giewczyk<\/strong><\/p>\n\n\n\n<p>Agnieszka Bia\u0142ous<br>Patrycja Dr\u00f3\u017cd\u017c<br>Dawid Dzi\u0119cio\u0142<br>Ewelina Felszty\u0144ska<br>Natalia Grabczak<br>\u017baneta Hamka\u0142o<br>Pola Jeremicz<br>Klaudyna Kowalska<br>Natalia Kuku\u0107<br>Artur Nazar<br>Aleksandra Nu\u017cy\u0144ska<br>Klaudia Obst<br>Piotr Pawlak<br>Sandra Piesik<br>Izabela Pohorecka<br>Patrycja Rosiak<br>Anna Skarbowska<br>Katarzyna Wojciechowaska<br>Aneta Wojtczak<br>Adriana Zakrzewska<br>Katarzyna Zimnoch<\/p>\n<\/div>\n\n\n\n<div class=\"wp-block-column is-layout-flow wp-block-column-is-layout-flow\">\n<p><strong>Klasa\u00a0 III monter zabudowy i\u00a0rob\u00f3t wyko\u0144czeniowych w\u00a0budownictwie<\/strong><br><strong>Wychowawca mgr\u00a0Lilla Grabczak<\/strong><\/p>\n\n\n\n<p>Andrzej Tyto\u0144<br>Adam Sprusi\u0144ski<br>Andrzej Korku\u015b<br>Damian Gutowski<br>Damian Urz\u0119dowski<br>Dawid Bednarz<br>Dawid Sularz<br>Dawid Wermuth<br>Jaros\u0142aw Kamieniecki<br>Karol Cichowski<br>Konrad Zdybel<br>Maciej Omela\u0144ski<br>Mariusz Krawiec<br>Mateusz B\u0142a\u017c<br>Micha\u0142 Grabczak<br>Micha\u0142 Socha<br>Patryk Cie\u015bla<br>Pawe\u0142 Lis<br>Przemys\u0142aw Choda\u0142a<br>Przemys\u0142aw \u0141\u0105giewczyk<br>Hubert Markiewicz<br>Hubert Palczak<br>J\u00f3zef Szczepa\u0144ski<br>Maksymilian Gontek<\/p>\n<\/div>\n\n\n\n<div class=\"wp-block-column is-layout-flow wp-block-column-is-layout-flow\">\n<p><strong>Klasa III mechanik pojazd\u00f3w samochodowych<\/strong><br><strong>Wychowawca mgr\u00a0in\u017c.\u00a0Krzysztof Pawlczyk<\/strong><\/p>\n\n\n\n<p>Arkadiusz Bia\u0142ek<br>Arkadiusz Majewski<br>Artur Masopust<br>Alan At\u0142as<br>Damian Grucha\u0142a<br>Dawid Przybylski<br>Karol Gotfryd<br>Karol Kowalski<br>Karol Sta\u0144czyk<br>Karol Szpilski<br>Konrad Miko\u0142ajczyk<br>Przemys\u0142aw U\u0142anek<br>Rafa\u0142 Kasprzyk<br>Tomasz Dziewi\u0105tka<br>Wojciech Gral<\/p>\n<\/div>\n<\/div>\n<\/div><\/div>\n","protected":false},"excerpt":{"rendered":"<p>Klasa III&nbsp;WielozawodowaWychowawca mgr&nbsp;Marek \u0141\u0105giewczyk Agnieszka Bia\u0142ousPatrycja Dr\u00f3\u017cd\u017cDawid Dzi\u0119cio\u0142Ewelina Felszty\u0144skaNatalia Grabczak\u017baneta Hamka\u0142oPola JeremiczKlaudyna KowalskaNatalia Kuku\u0107Artur NazarAleksandra Nu\u017cy\u0144skaKlaudia ObstPiotr PawlakSandra PiesikIzabela PohoreckaPatrycja RosiakAnna SkarbowskaKatarzyna WojciechowaskaAneta WojtczakAdriana ZakrzewskaKatarzyna Zimnoch Klasa\u00a0 III monter zabudowy [&hellip;]<\/p>\n","protected":false},"author":8,"featured_media":0,"parent":0,"menu_order":0,"comment_status":"closed","ping_status":"closed","template":"","meta":{"footnotes":""},"class_list":["post-11351","page","type-page","status-publish","hentry"],"yoast_head":"<!-- This site is optimized with the Yoast SEO plugin v20.13 - https:\/\/yoast.com\/wordpress\/plugins\/seo\/ -->\n<title>Rok 2015 - Zasadnicza Szko\u0142a Zawodowa - ZSP w Chojnie<\/title>\n<meta name=\"robots\" content=\"index, follow, max-snippet:-1, max-image-preview:large, max-video-preview:-1\" \/>\n<link rel=\"canonical\" href=\"https:\/\/zsp1chojna.pl\/?page_id=11351\" \/>\n<meta property=\"og:locale\" content=\"pl_PL\" \/>\n<meta property=\"og:type\" content=\"article\" \/>\n<meta property=\"og:title\" content=\"Rok 2015 - Zasadnicza Szko\u0142a Zawodowa - ZSP w Chojnie\" \/>\n<meta property=\"og:description\" content=\"Klasa III&nbsp;WielozawodowaWychowawca mgr&nbsp;Marek \u0141\u0105giewczyk Agnieszka Bia\u0142ousPatrycja Dr\u00f3\u017cd\u017cDawid Dzi\u0119cio\u0142Ewelina Felszty\u0144skaNatalia Grabczak\u017baneta Hamka\u0142oPola JeremiczKlaudyna KowalskaNatalia Kuku\u0107Artur NazarAleksandra Nu\u017cy\u0144skaKlaudia ObstPiotr PawlakSandra PiesikIzabela PohoreckaPatrycja RosiakAnna SkarbowskaKatarzyna WojciechowaskaAneta WojtczakAdriana ZakrzewskaKatarzyna Zimnoch Klasa\u00a0 III monter zabudowy [&hellip;]\" \/>\n<meta property=\"og:url\" content=\"https:\/\/zsp1chojna.pl\/?page_id=11351\" \/>\n<meta property=\"og:site_name\" content=\"ZSP w Chojnie\" \/>\n<meta property=\"article:modified_time\" content=\"2024-11-04T07:11:06+00:00\" \/>\n<meta name=\"twitter:card\" content=\"summary_large_image\" \/>\n<meta name=\"twitter:label1\" content=\"Szacowany czas czytania\" \/>\n\t<meta name=\"twitter:data1\" content=\"1 minuta\" \/>\n<script type=\"application\/ld+json\" class=\"yoast-schema-graph\">{\"@context\":\"https:\/\/schema.org\",\"@graph\":[{\"@type\":\"WebPage\",\"@id\":\"https:\/\/zsp1chojna.pl\/?page_id=11351\",\"url\":\"https:\/\/zsp1chojna.pl\/?page_id=11351\",\"name\":\"Rok 2015 - Zasadnicza Szko\u0142a Zawodowa - ZSP w Chojnie\",\"isPartOf\":{\"@id\":\"https:\/\/zsp1chojna.pl\/#website\"},\"datePublished\":\"2024-11-04T07:11:04+00:00\",\"dateModified\":\"2024-11-04T07:11:06+00:00\",\"breadcrumb\":{\"@id\":\"https:\/\/zsp1chojna.pl\/?page_id=11351#breadcrumb\"},\"inLanguage\":\"pl-PL\",\"potentialAction\":[{\"@type\":\"ReadAction\",\"target\":[\"https:\/\/zsp1chojna.pl\/?page_id=11351\"]}]},{\"@type\":\"BreadcrumbList\",\"@id\":\"https:\/\/zsp1chojna.pl\/?page_id=11351#breadcrumb\",\"itemListElement\":[{\"@type\":\"ListItem\",\"position\":1,\"name\":\"Home\",\"item\":\"https:\/\/zsp1chojna.pl\/\"},{\"@type\":\"ListItem\",\"position\":2,\"name\":\"Rok 2015 &#8211; Zasadnicza Szko\u0142a Zawodowa\"}]},{\"@type\":\"WebSite\",\"@id\":\"https:\/\/zsp1chojna.pl\/#website\",\"url\":\"https:\/\/zsp1chojna.pl\/\",\"name\":\"ZSP w Chojnie\",\"description\":\"\",\"publisher\":{\"@id\":\"https:\/\/zsp1chojna.pl\/#organization\"},\"potentialAction\":[{\"@type\":\"SearchAction\",\"target\":{\"@type\":\"EntryPoint\",\"urlTemplate\":\"https:\/\/zsp1chojna.pl\/?s={search_term_string}\"},\"query-input\":\"required name=search_term_string\"}],\"inLanguage\":\"pl-PL\"},{\"@type\":\"Organization\",\"@id\":\"https:\/\/zsp1chojna.pl\/#organization\",\"name\":\"ZSP w Chojnie\",\"url\":\"https:\/\/zsp1chojna.pl\/\",\"logo\":{\"@type\":\"ImageObject\",\"inLanguage\":\"pl-PL\",\"@id\":\"https:\/\/zsp1chojna.pl\/#\/schema\/logo\/image\/\",\"url\":\"https:\/\/zsp1chojna.pl\/wp-content\/uploads\/2023\/08\/cropped-cropped-cropped-Logo-biale-napis-na-3-wiersze_504-1.png\",\"contentUrl\":\"https:\/\/zsp1chojna.pl\/wp-content\/uploads\/2023\/08\/cropped-cropped-cropped-Logo-biale-napis-na-3-wiersze_504-1.png\",\"width\":504,\"height\":167,\"caption\":\"ZSP w Chojnie\"},\"image\":{\"@id\":\"https:\/\/zsp1chojna.pl\/#\/schema\/logo\/image\/\"}}]}<\/script>\n<!-- \/ Yoast SEO plugin. -->","yoast_head_json":{"title":"Rok 2015 - Zasadnicza Szko\u0142a Zawodowa - ZSP w Chojnie","robots":{"index":"index","follow":"follow","max-snippet":"max-snippet:-1","max-image-preview":"max-image-preview:large","max-video-preview":"max-video-preview:-1"},"canonical":"https:\/\/zsp1chojna.pl\/?page_id=11351","og_locale":"pl_PL","og_type":"article","og_title":"Rok 2015 - Zasadnicza Szko\u0142a Zawodowa - ZSP w Chojnie","og_description":"Klasa III&nbsp;WielozawodowaWychowawca mgr&nbsp;Marek \u0141\u0105giewczyk Agnieszka Bia\u0142ousPatrycja Dr\u00f3\u017cd\u017cDawid Dzi\u0119cio\u0142Ewelina Felszty\u0144skaNatalia Grabczak\u017baneta Hamka\u0142oPola JeremiczKlaudyna KowalskaNatalia Kuku\u0107Artur NazarAleksandra Nu\u017cy\u0144skaKlaudia ObstPiotr PawlakSandra PiesikIzabela PohoreckaPatrycja RosiakAnna SkarbowskaKatarzyna WojciechowaskaAneta WojtczakAdriana ZakrzewskaKatarzyna Zimnoch Klasa\u00a0 III monter zabudowy [&hellip;]","og_url":"https:\/\/zsp1chojna.pl\/?page_id=11351","og_site_name":"ZSP w Chojnie","article_modified_time":"2024-11-04T07:11:06+00:00","twitter_card":"summary_large_image","twitter_misc":{"Szacowany czas czytania":"1 minuta"},"schema":{"@context":"https:\/\/schema.org","@graph":[{"@type":"WebPage","@id":"https:\/\/zsp1chojna.pl\/?page_id=11351","url":"https:\/\/zsp1chojna.pl\/?page_id=11351","name":"Rok 2015 - Zasadnicza Szko\u0142a Zawodowa - ZSP w Chojnie","isPartOf":{"@id":"https:\/\/zsp1chojna.pl\/#website"},"datePublished":"2024-11-04T07:11:04+00:00","dateModified":"2024-11-04T07:11:06+00:00","breadcrumb":{"@id":"https:\/\/zsp1chojna.pl\/?page_id=11351#breadcrumb"},"inLanguage":"pl-PL","potentialAction":[{"@type":"ReadAction","target":["https:\/\/zsp1chojna.pl\/?page_id=11351"]}]},{"@type":"BreadcrumbList","@id":"https:\/\/zsp1chojna.pl\/?page_id=11351#breadcrumb","itemListElement":[{"@type":"ListItem","position":1,"name":"Home","item":"https:\/\/zsp1chojna.pl\/"},{"@type":"ListItem","position":2,"name":"Rok 2015 &#8211; Zasadnicza Szko\u0142a Zawodowa"}]},{"@type":"WebSite","@id":"https:\/\/zsp1chojna.pl\/#website","url":"https:\/\/zsp1chojna.pl\/","name":"ZSP w Chojnie","description":"","publisher":{"@id":"https:\/\/zsp1chojna.pl\/#organization"},"potentialAction":[{"@type":"SearchAction","target":{"@type":"EntryPoint","urlTemplate":"https:\/\/zsp1chojna.pl\/?s={search_term_string}"},"query-input":"required name=search_term_string"}],"inLanguage":"pl-PL"},{"@type":"Organization","@id":"https:\/\/zsp1chojna.pl\/#organization","name":"ZSP w Chojnie","url":"https:\/\/zsp1chojna.pl\/","logo":{"@type":"ImageObject","inLanguage":"pl-PL","@id":"https:\/\/zsp1chojna.pl\/#\/schema\/logo\/image\/","url":"https:\/\/zsp1chojna.pl\/wp-content\/uploads\/2023\/08\/cropped-cropped-cropped-Logo-biale-napis-na-3-wiersze_504-1.png","contentUrl":"https:\/\/zsp1chojna.pl\/wp-content\/uploads\/2023\/08\/cropped-cropped-cropped-Logo-biale-napis-na-3-wiersze_504-1.png","width":504,"height":167,"caption":"ZSP w Chojnie"},"image":{"@id":"https:\/\/zsp1chojna.pl\/#\/schema\/logo\/image\/"}}]}},"_links":{"self":[{"href":"https:\/\/zsp1chojna.pl\/index.php?rest_route=\/wp\/v2\/pages\/11351","targetHints":{"allow":["GET"]}}],"collection":[{"href":"https:\/\/zsp1chojna.pl\/index.php?rest_route=\/wp\/v2\/pages"}],"about":[{"href":"https:\/\/zsp1chojna.pl\/index.php?rest_route=\/wp\/v2\/types\/page"}],"author":[{"embeddable":true,"href":"https:\/\/zsp1chojna.pl\/index.php?rest_route=\/wp\/v2\/users\/8"}],"replies":[{"embeddable":true,"href":"https:\/\/zsp1chojna.pl\/index.php?rest_route=%2Fwp%2Fv2%2Fcomments&post=11351"}],"version-history":[{"count":1,"href":"https:\/\/zsp1chojna.pl\/index.php?rest_route=\/wp\/v2\/pages\/11351\/revisions"}],"predecessor-version":[{"id":11358,"href":"https:\/\/zsp1chojna.pl\/index.php?rest_route=\/wp\/v2\/pages\/11351\/revisions\/11358"}],"wp:attachment":[{"href":"https:\/\/zsp1chojna.pl\/index.php?rest_route=%2Fwp%2Fv2%2Fmedia&parent=11351"}],"curies":[{"name":"wp","href":"https:\/\/api.w.org\/{rel}","templated":true}]}}