{"id":11299,"date":"2024-10-29T13:08:51","date_gmt":"2024-10-29T12:08:51","guid":{"rendered":"https:\/\/zsp1chojna.pl\/?page_id=11299"},"modified":"2024-10-29T13:09:07","modified_gmt":"2024-10-29T12:09:07","slug":"rok-2023","status":"publish","type":"page","link":"https:\/\/zsp1chojna.pl\/?page_id=11299","title":{"rendered":"Rok 2023"},"content":{"rendered":"<style>.kadence-column11299_3d6902-07 > .kt-inside-inner-col,.kadence-column11299_3d6902-07 > .kt-inside-inner-col:before{border-top-left-radius:0px;border-top-right-radius:0px;border-bottom-right-radius:0px;border-bottom-left-radius:0px;}.kadence-column11299_3d6902-07 > .kt-inside-inner-col:before{opacity:0.3;}.kadence-column11299_3d6902-07{position:relative;}<\/style>\n<div class=\"wp-block-kadence-column kadence-column11299_3d6902-07\"><div class=\"kt-inside-inner-col\">\n<div class=\"wp-block-columns is-layout-flex wp-container-core-columns-is-layout-9d6595d7 wp-block-columns-is-layout-flex\">\n<div class=\"wp-block-column is-layout-flow wp-block-column-is-layout-flow\">\n<p><strong>klasa \u00a04d LO<br>kierunek przyrodniczy z elementami kryminalistyki\/politechniczny<br>wychowawca: mgr Anna Krzemi\u0144ska<\/strong><br><br>Andrzejczyk Jakub<br>Ani\u015bkiewicz Lena<br>Banasik Micha\u0142<br>Braszka Magdalena<br>Budzy\u0144 Alicja<br>Butkiewicz Alicja<br>D\u0105browska Zuzanna<br>Gli\u0144ska El\u017cbieta<br>Groszewski Hubert<br>Jaworska Wiktoria<br>Kania Wiktoria<br>Kowalska Greta<br>Krzak Aleksandra<br>Laskowski Szymon<br>Mroczek Ma\u0142gorzata<br>Pilip Martyna<br>Pomorska Amelia<br>Rosochacki Filip<br>Ruszkiewicz Julia<br>Sienkiewicz Micha\u0142<br>Sobas Alicja<br>Soborska Natalia<br>Szachnowska Weronika<br>Szalewski Sebastian<br>Szeptycka Maja<br>Szynkowski Patryk<br>Trzci\u0144ska Lena<br>Urban Oliwia<br>Wrona Aleksandra<br>\u017bmuda-Trzebiatowska Daria<\/p>\n<\/div>\n\n\n\n<div class=\"wp-block-column is-layout-flow wp-block-column-is-layout-flow\">\n<p><strong>Klasa 4ac LO<\/strong><br><strong>kierunek humanistyczny\/wojskowy<\/strong><br><strong>wychowawca: mgr Marek Bednarz<\/strong><br><br>Barylski Maciej<br>Biernacka Oliwia<br>Bigus Klaudia<br>Chromy Dariusz<br>Fedorowicz Kacper<br>G\u0142uszakiewicz Filip<br>Hapczyk Nikola<br>Kaczmarek Bartosz<br>Kasprzyk Kacper<br>Kierul Otylia<br>Kiniorska Patrycja<br>Kupidura Wiktoria<br>Maciejna Marcela<br>Malinowska Irena<br>Noworolnik Szymon<br>Pajestka Kamil<br>Rzeszowska Joanna<br>Rzeszowski Kacper<br>Stasiak Katarzyna<br>Szybowski Natan<br>Szyszko Wanessa<br>\u015alozowska Oliwia<br>Wir\u017cyk Jakub<br>W\u0142adyka Julia<br>Wrona Dominik<\/p>\n\n\n\n<p><br><br><\/p>\n<\/div>\n<\/div>\n<\/div><\/div>\n","protected":false},"excerpt":{"rendered":"<p>klasa \u00a04d LOkierunek przyrodniczy z elementami kryminalistyki\/politechnicznywychowawca: mgr Anna Krzemi\u0144ska Andrzejczyk JakubAni\u015bkiewicz LenaBanasik Micha\u0142Braszka MagdalenaBudzy\u0144 AlicjaButkiewicz AlicjaD\u0105browska ZuzannaGli\u0144ska El\u017cbietaGroszewski HubertJaworska WiktoriaKania WiktoriaKowalska GretaKrzak AleksandraLaskowski SzymonMroczek Ma\u0142gorzataPilip MartynaPomorska AmeliaRosochacki FilipRuszkiewicz JuliaSienkiewicz [&hellip;]<\/p>\n","protected":false},"author":9,"featured_media":0,"parent":0,"menu_order":0,"comment_status":"closed","ping_status":"closed","template":"","meta":{"footnotes":""},"class_list":["post-11299","page","type-page","status-publish","hentry"],"yoast_head":"<!-- This site is optimized with the Yoast SEO plugin v20.13 - https:\/\/yoast.com\/wordpress\/plugins\/seo\/ -->\n<title>Rok 2023 - ZSP w Chojnie<\/title>\n<meta name=\"robots\" content=\"index, follow, max-snippet:-1, max-image-preview:large, max-video-preview:-1\" \/>\n<link rel=\"canonical\" href=\"https:\/\/zsp1chojna.pl\/?page_id=11299\" \/>\n<meta property=\"og:locale\" content=\"pl_PL\" \/>\n<meta property=\"og:type\" content=\"article\" \/>\n<meta property=\"og:title\" content=\"Rok 2023 - ZSP w Chojnie\" \/>\n<meta property=\"og:description\" content=\"klasa \u00a04d LOkierunek przyrodniczy z elementami kryminalistyki\/politechnicznywychowawca: mgr Anna Krzemi\u0144ska Andrzejczyk JakubAni\u015bkiewicz LenaBanasik Micha\u0142Braszka MagdalenaBudzy\u0144 AlicjaButkiewicz AlicjaD\u0105browska ZuzannaGli\u0144ska El\u017cbietaGroszewski HubertJaworska WiktoriaKania WiktoriaKowalska GretaKrzak AleksandraLaskowski SzymonMroczek Ma\u0142gorzataPilip MartynaPomorska AmeliaRosochacki FilipRuszkiewicz JuliaSienkiewicz [&hellip;]\" \/>\n<meta property=\"og:url\" content=\"https:\/\/zsp1chojna.pl\/?page_id=11299\" \/>\n<meta property=\"og:site_name\" content=\"ZSP w Chojnie\" \/>\n<meta property=\"article:modified_time\" content=\"2024-10-29T12:09:07+00:00\" \/>\n<meta name=\"twitter:card\" content=\"summary_large_image\" \/>\n<meta name=\"twitter:label1\" content=\"Szacowany czas czytania\" \/>\n\t<meta name=\"twitter:data1\" content=\"1 minuta\" \/>\n<script type=\"application\/ld+json\" class=\"yoast-schema-graph\">{\"@context\":\"https:\/\/schema.org\",\"@graph\":[{\"@type\":\"WebPage\",\"@id\":\"https:\/\/zsp1chojna.pl\/?page_id=11299\",\"url\":\"https:\/\/zsp1chojna.pl\/?page_id=11299\",\"name\":\"Rok 2023 - ZSP w Chojnie\",\"isPartOf\":{\"@id\":\"https:\/\/zsp1chojna.pl\/#website\"},\"datePublished\":\"2024-10-29T12:08:51+00:00\",\"dateModified\":\"2024-10-29T12:09:07+00:00\",\"breadcrumb\":{\"@id\":\"https:\/\/zsp1chojna.pl\/?page_id=11299#breadcrumb\"},\"inLanguage\":\"pl-PL\",\"potentialAction\":[{\"@type\":\"ReadAction\",\"target\":[\"https:\/\/zsp1chojna.pl\/?page_id=11299\"]}]},{\"@type\":\"BreadcrumbList\",\"@id\":\"https:\/\/zsp1chojna.pl\/?page_id=11299#breadcrumb\",\"itemListElement\":[{\"@type\":\"ListItem\",\"position\":1,\"name\":\"Home\",\"item\":\"https:\/\/zsp1chojna.pl\/\"},{\"@type\":\"ListItem\",\"position\":2,\"name\":\"Rok 2023\"}]},{\"@type\":\"WebSite\",\"@id\":\"https:\/\/zsp1chojna.pl\/#website\",\"url\":\"https:\/\/zsp1chojna.pl\/\",\"name\":\"ZSP w Chojnie\",\"description\":\"\",\"publisher\":{\"@id\":\"https:\/\/zsp1chojna.pl\/#organization\"},\"potentialAction\":[{\"@type\":\"SearchAction\",\"target\":{\"@type\":\"EntryPoint\",\"urlTemplate\":\"https:\/\/zsp1chojna.pl\/?s={search_term_string}\"},\"query-input\":\"required name=search_term_string\"}],\"inLanguage\":\"pl-PL\"},{\"@type\":\"Organization\",\"@id\":\"https:\/\/zsp1chojna.pl\/#organization\",\"name\":\"ZSP w Chojnie\",\"url\":\"https:\/\/zsp1chojna.pl\/\",\"logo\":{\"@type\":\"ImageObject\",\"inLanguage\":\"pl-PL\",\"@id\":\"https:\/\/zsp1chojna.pl\/#\/schema\/logo\/image\/\",\"url\":\"https:\/\/zsp1chojna.pl\/wp-content\/uploads\/2023\/08\/cropped-cropped-cropped-Logo-biale-napis-na-3-wiersze_504-1.png\",\"contentUrl\":\"https:\/\/zsp1chojna.pl\/wp-content\/uploads\/2023\/08\/cropped-cropped-cropped-Logo-biale-napis-na-3-wiersze_504-1.png\",\"width\":504,\"height\":167,\"caption\":\"ZSP w Chojnie\"},\"image\":{\"@id\":\"https:\/\/zsp1chojna.pl\/#\/schema\/logo\/image\/\"}}]}<\/script>\n<!-- \/ Yoast SEO plugin. -->","yoast_head_json":{"title":"Rok 2023 - ZSP w Chojnie","robots":{"index":"index","follow":"follow","max-snippet":"max-snippet:-1","max-image-preview":"max-image-preview:large","max-video-preview":"max-video-preview:-1"},"canonical":"https:\/\/zsp1chojna.pl\/?page_id=11299","og_locale":"pl_PL","og_type":"article","og_title":"Rok 2023 - ZSP w Chojnie","og_description":"klasa \u00a04d LOkierunek przyrodniczy z elementami kryminalistyki\/politechnicznywychowawca: mgr Anna Krzemi\u0144ska Andrzejczyk JakubAni\u015bkiewicz LenaBanasik Micha\u0142Braszka MagdalenaBudzy\u0144 AlicjaButkiewicz AlicjaD\u0105browska ZuzannaGli\u0144ska El\u017cbietaGroszewski HubertJaworska WiktoriaKania WiktoriaKowalska GretaKrzak AleksandraLaskowski SzymonMroczek Ma\u0142gorzataPilip MartynaPomorska AmeliaRosochacki FilipRuszkiewicz JuliaSienkiewicz [&hellip;]","og_url":"https:\/\/zsp1chojna.pl\/?page_id=11299","og_site_name":"ZSP w Chojnie","article_modified_time":"2024-10-29T12:09:07+00:00","twitter_card":"summary_large_image","twitter_misc":{"Szacowany czas czytania":"1 minuta"},"schema":{"@context":"https:\/\/schema.org","@graph":[{"@type":"WebPage","@id":"https:\/\/zsp1chojna.pl\/?page_id=11299","url":"https:\/\/zsp1chojna.pl\/?page_id=11299","name":"Rok 2023 - ZSP w Chojnie","isPartOf":{"@id":"https:\/\/zsp1chojna.pl\/#website"},"datePublished":"2024-10-29T12:08:51+00:00","dateModified":"2024-10-29T12:09:07+00:00","breadcrumb":{"@id":"https:\/\/zsp1chojna.pl\/?page_id=11299#breadcrumb"},"inLanguage":"pl-PL","potentialAction":[{"@type":"ReadAction","target":["https:\/\/zsp1chojna.pl\/?page_id=11299"]}]},{"@type":"BreadcrumbList","@id":"https:\/\/zsp1chojna.pl\/?page_id=11299#breadcrumb","itemListElement":[{"@type":"ListItem","position":1,"name":"Home","item":"https:\/\/zsp1chojna.pl\/"},{"@type":"ListItem","position":2,"name":"Rok 2023"}]},{"@type":"WebSite","@id":"https:\/\/zsp1chojna.pl\/#website","url":"https:\/\/zsp1chojna.pl\/","name":"ZSP w Chojnie","description":"","publisher":{"@id":"https:\/\/zsp1chojna.pl\/#organization"},"potentialAction":[{"@type":"SearchAction","target":{"@type":"EntryPoint","urlTemplate":"https:\/\/zsp1chojna.pl\/?s={search_term_string}"},"query-input":"required name=search_term_string"}],"inLanguage":"pl-PL"},{"@type":"Organization","@id":"https:\/\/zsp1chojna.pl\/#organization","name":"ZSP w Chojnie","url":"https:\/\/zsp1chojna.pl\/","logo":{"@type":"ImageObject","inLanguage":"pl-PL","@id":"https:\/\/zsp1chojna.pl\/#\/schema\/logo\/image\/","url":"https:\/\/zsp1chojna.pl\/wp-content\/uploads\/2023\/08\/cropped-cropped-cropped-Logo-biale-napis-na-3-wiersze_504-1.png","contentUrl":"https:\/\/zsp1chojna.pl\/wp-content\/uploads\/2023\/08\/cropped-cropped-cropped-Logo-biale-napis-na-3-wiersze_504-1.png","width":504,"height":167,"caption":"ZSP w Chojnie"},"image":{"@id":"https:\/\/zsp1chojna.pl\/#\/schema\/logo\/image\/"}}]}},"_links":{"self":[{"href":"https:\/\/zsp1chojna.pl\/index.php?rest_route=\/wp\/v2\/pages\/11299","targetHints":{"allow":["GET"]}}],"collection":[{"href":"https:\/\/zsp1chojna.pl\/index.php?rest_route=\/wp\/v2\/pages"}],"about":[{"href":"https:\/\/zsp1chojna.pl\/index.php?rest_route=\/wp\/v2\/types\/page"}],"author":[{"embeddable":true,"href":"https:\/\/zsp1chojna.pl\/index.php?rest_route=\/wp\/v2\/users\/9"}],"replies":[{"embeddable":true,"href":"https:\/\/zsp1chojna.pl\/index.php?rest_route=%2Fwp%2Fv2%2Fcomments&post=11299"}],"version-history":[{"count":3,"href":"https:\/\/zsp1chojna.pl\/index.php?rest_route=\/wp\/v2\/pages\/11299\/revisions"}],"predecessor-version":[{"id":11310,"href":"https:\/\/zsp1chojna.pl\/index.php?rest_route=\/wp\/v2\/pages\/11299\/revisions\/11310"}],"wp:attachment":[{"href":"https:\/\/zsp1chojna.pl\/index.php?rest_route=%2Fwp%2Fv2%2Fmedia&parent=11299"}],"curies":[{"name":"wp","href":"https:\/\/api.w.org\/{rel}","templated":true}]}}