{"id":11115,"date":"2024-10-28T10:30:19","date_gmt":"2024-10-28T09:30:19","guid":{"rendered":"https:\/\/zsp1chojna.pl\/?page_id=11115"},"modified":"2024-10-28T10:30:20","modified_gmt":"2024-10-28T09:30:20","slug":"rok-2012-technik-organizacji-uslug-gastronomicznych","status":"publish","type":"page","link":"https:\/\/zsp1chojna.pl\/?page_id=11115","title":{"rendered":"Rok 2012 &#8211; technik organizacji us\u0142ug gastronomicznych"},"content":{"rendered":"\n<p><strong>Wychowawca mgr\u00a0\u00a0Anna Jab\u0142o\u0144ska \u2013 Wr\u00f3bel<\/strong><br><br>Chodyniecka Natalia<br>Frosik Adrian<br>Iwan\u00f3w Aleksandra<br>Jastrz\u0119bska Dominika<br>Juzyszyn Ma\u0142gorzata<br>Ko\u0142aczy\u0144ska Anna<br>Komaszyn Ewelina<br>Kornecka Natalia<br>Kowalczyk Agata<br>Kuku\u0107 Ilona<br>Rzechaczek Iga<br>Skowro\u0144ska Monika<br>S\u0142owik Jakub<br>Stasi\u0144ski Piotr<br>Wi\u0105cek Aldona<\/p>\n","protected":false},"excerpt":{"rendered":"<p>Wychowawca mgr\u00a0\u00a0Anna Jab\u0142o\u0144ska \u2013 Wr\u00f3bel Chodyniecka NataliaFrosik AdrianIwan\u00f3w AleksandraJastrz\u0119bska DominikaJuzyszyn Ma\u0142gorzataKo\u0142aczy\u0144ska AnnaKomaszyn EwelinaKornecka NataliaKowalczyk AgataKuku\u0107 IlonaRzechaczek IgaSkowro\u0144ska MonikaS\u0142owik JakubStasi\u0144ski PiotrWi\u0105cek Aldona<\/p>\n","protected":false},"author":9,"featured_media":0,"parent":0,"menu_order":0,"comment_status":"closed","ping_status":"closed","template":"","meta":{"footnotes":""},"class_list":["post-11115","page","type-page","status-publish","hentry"],"yoast_head":"<!-- This site is optimized with the Yoast SEO plugin v20.13 - https:\/\/yoast.com\/wordpress\/plugins\/seo\/ -->\n<title>Rok 2012 - technik organizacji us\u0142ug gastronomicznych - ZSP w Chojnie<\/title>\n<meta name=\"robots\" content=\"index, follow, max-snippet:-1, max-image-preview:large, max-video-preview:-1\" \/>\n<link rel=\"canonical\" href=\"https:\/\/zsp1chojna.pl\/?page_id=11115\" \/>\n<meta property=\"og:locale\" content=\"pl_PL\" \/>\n<meta property=\"og:type\" content=\"article\" \/>\n<meta property=\"og:title\" content=\"Rok 2012 - technik organizacji us\u0142ug gastronomicznych - ZSP w Chojnie\" \/>\n<meta property=\"og:description\" content=\"Wychowawca mgr\u00a0\u00a0Anna Jab\u0142o\u0144ska \u2013 Wr\u00f3bel Chodyniecka NataliaFrosik AdrianIwan\u00f3w AleksandraJastrz\u0119bska DominikaJuzyszyn Ma\u0142gorzataKo\u0142aczy\u0144ska AnnaKomaszyn EwelinaKornecka NataliaKowalczyk AgataKuku\u0107 IlonaRzechaczek IgaSkowro\u0144ska MonikaS\u0142owik JakubStasi\u0144ski PiotrWi\u0105cek Aldona\" \/>\n<meta property=\"og:url\" content=\"https:\/\/zsp1chojna.pl\/?page_id=11115\" \/>\n<meta property=\"og:site_name\" content=\"ZSP w Chojnie\" \/>\n<meta property=\"article:modified_time\" content=\"2024-10-28T09:30:20+00:00\" \/>\n<meta name=\"twitter:card\" content=\"summary_large_image\" \/>\n<meta name=\"twitter:label1\" content=\"Szacowany czas czytania\" \/>\n\t<meta name=\"twitter:data1\" content=\"1 minuta\" \/>\n<script type=\"application\/ld+json\" class=\"yoast-schema-graph\">{\"@context\":\"https:\/\/schema.org\",\"@graph\":[{\"@type\":\"WebPage\",\"@id\":\"https:\/\/zsp1chojna.pl\/?page_id=11115\",\"url\":\"https:\/\/zsp1chojna.pl\/?page_id=11115\",\"name\":\"Rok 2012 - technik organizacji us\u0142ug gastronomicznych - ZSP w Chojnie\",\"isPartOf\":{\"@id\":\"https:\/\/zsp1chojna.pl\/#website\"},\"datePublished\":\"2024-10-28T09:30:19+00:00\",\"dateModified\":\"2024-10-28T09:30:20+00:00\",\"breadcrumb\":{\"@id\":\"https:\/\/zsp1chojna.pl\/?page_id=11115#breadcrumb\"},\"inLanguage\":\"pl-PL\",\"potentialAction\":[{\"@type\":\"ReadAction\",\"target\":[\"https:\/\/zsp1chojna.pl\/?page_id=11115\"]}]},{\"@type\":\"BreadcrumbList\",\"@id\":\"https:\/\/zsp1chojna.pl\/?page_id=11115#breadcrumb\",\"itemListElement\":[{\"@type\":\"ListItem\",\"position\":1,\"name\":\"Home\",\"item\":\"https:\/\/zsp1chojna.pl\/\"},{\"@type\":\"ListItem\",\"position\":2,\"name\":\"Rok 2012 &#8211; technik organizacji us\u0142ug gastronomicznych\"}]},{\"@type\":\"WebSite\",\"@id\":\"https:\/\/zsp1chojna.pl\/#website\",\"url\":\"https:\/\/zsp1chojna.pl\/\",\"name\":\"ZSP w Chojnie\",\"description\":\"\",\"publisher\":{\"@id\":\"https:\/\/zsp1chojna.pl\/#organization\"},\"potentialAction\":[{\"@type\":\"SearchAction\",\"target\":{\"@type\":\"EntryPoint\",\"urlTemplate\":\"https:\/\/zsp1chojna.pl\/?s={search_term_string}\"},\"query-input\":\"required name=search_term_string\"}],\"inLanguage\":\"pl-PL\"},{\"@type\":\"Organization\",\"@id\":\"https:\/\/zsp1chojna.pl\/#organization\",\"name\":\"ZSP w Chojnie\",\"url\":\"https:\/\/zsp1chojna.pl\/\",\"logo\":{\"@type\":\"ImageObject\",\"inLanguage\":\"pl-PL\",\"@id\":\"https:\/\/zsp1chojna.pl\/#\/schema\/logo\/image\/\",\"url\":\"https:\/\/zsp1chojna.pl\/wp-content\/uploads\/2023\/08\/cropped-cropped-cropped-Logo-biale-napis-na-3-wiersze_504-1.png\",\"contentUrl\":\"https:\/\/zsp1chojna.pl\/wp-content\/uploads\/2023\/08\/cropped-cropped-cropped-Logo-biale-napis-na-3-wiersze_504-1.png\",\"width\":504,\"height\":167,\"caption\":\"ZSP w Chojnie\"},\"image\":{\"@id\":\"https:\/\/zsp1chojna.pl\/#\/schema\/logo\/image\/\"}}]}<\/script>\n<!-- \/ Yoast SEO plugin. -->","yoast_head_json":{"title":"Rok 2012 - technik organizacji us\u0142ug gastronomicznych - ZSP w Chojnie","robots":{"index":"index","follow":"follow","max-snippet":"max-snippet:-1","max-image-preview":"max-image-preview:large","max-video-preview":"max-video-preview:-1"},"canonical":"https:\/\/zsp1chojna.pl\/?page_id=11115","og_locale":"pl_PL","og_type":"article","og_title":"Rok 2012 - technik organizacji us\u0142ug gastronomicznych - ZSP w Chojnie","og_description":"Wychowawca mgr\u00a0\u00a0Anna Jab\u0142o\u0144ska \u2013 Wr\u00f3bel Chodyniecka NataliaFrosik AdrianIwan\u00f3w AleksandraJastrz\u0119bska DominikaJuzyszyn Ma\u0142gorzataKo\u0142aczy\u0144ska AnnaKomaszyn EwelinaKornecka NataliaKowalczyk AgataKuku\u0107 IlonaRzechaczek IgaSkowro\u0144ska MonikaS\u0142owik JakubStasi\u0144ski PiotrWi\u0105cek Aldona","og_url":"https:\/\/zsp1chojna.pl\/?page_id=11115","og_site_name":"ZSP w Chojnie","article_modified_time":"2024-10-28T09:30:20+00:00","twitter_card":"summary_large_image","twitter_misc":{"Szacowany czas czytania":"1 minuta"},"schema":{"@context":"https:\/\/schema.org","@graph":[{"@type":"WebPage","@id":"https:\/\/zsp1chojna.pl\/?page_id=11115","url":"https:\/\/zsp1chojna.pl\/?page_id=11115","name":"Rok 2012 - technik organizacji us\u0142ug gastronomicznych - ZSP w Chojnie","isPartOf":{"@id":"https:\/\/zsp1chojna.pl\/#website"},"datePublished":"2024-10-28T09:30:19+00:00","dateModified":"2024-10-28T09:30:20+00:00","breadcrumb":{"@id":"https:\/\/zsp1chojna.pl\/?page_id=11115#breadcrumb"},"inLanguage":"pl-PL","potentialAction":[{"@type":"ReadAction","target":["https:\/\/zsp1chojna.pl\/?page_id=11115"]}]},{"@type":"BreadcrumbList","@id":"https:\/\/zsp1chojna.pl\/?page_id=11115#breadcrumb","itemListElement":[{"@type":"ListItem","position":1,"name":"Home","item":"https:\/\/zsp1chojna.pl\/"},{"@type":"ListItem","position":2,"name":"Rok 2012 &#8211; technik organizacji us\u0142ug gastronomicznych"}]},{"@type":"WebSite","@id":"https:\/\/zsp1chojna.pl\/#website","url":"https:\/\/zsp1chojna.pl\/","name":"ZSP w Chojnie","description":"","publisher":{"@id":"https:\/\/zsp1chojna.pl\/#organization"},"potentialAction":[{"@type":"SearchAction","target":{"@type":"EntryPoint","urlTemplate":"https:\/\/zsp1chojna.pl\/?s={search_term_string}"},"query-input":"required name=search_term_string"}],"inLanguage":"pl-PL"},{"@type":"Organization","@id":"https:\/\/zsp1chojna.pl\/#organization","name":"ZSP w Chojnie","url":"https:\/\/zsp1chojna.pl\/","logo":{"@type":"ImageObject","inLanguage":"pl-PL","@id":"https:\/\/zsp1chojna.pl\/#\/schema\/logo\/image\/","url":"https:\/\/zsp1chojna.pl\/wp-content\/uploads\/2023\/08\/cropped-cropped-cropped-Logo-biale-napis-na-3-wiersze_504-1.png","contentUrl":"https:\/\/zsp1chojna.pl\/wp-content\/uploads\/2023\/08\/cropped-cropped-cropped-Logo-biale-napis-na-3-wiersze_504-1.png","width":504,"height":167,"caption":"ZSP w Chojnie"},"image":{"@id":"https:\/\/zsp1chojna.pl\/#\/schema\/logo\/image\/"}}]}},"_links":{"self":[{"href":"https:\/\/zsp1chojna.pl\/index.php?rest_route=\/wp\/v2\/pages\/11115","targetHints":{"allow":["GET"]}}],"collection":[{"href":"https:\/\/zsp1chojna.pl\/index.php?rest_route=\/wp\/v2\/pages"}],"about":[{"href":"https:\/\/zsp1chojna.pl\/index.php?rest_route=\/wp\/v2\/types\/page"}],"author":[{"embeddable":true,"href":"https:\/\/zsp1chojna.pl\/index.php?rest_route=\/wp\/v2\/users\/9"}],"replies":[{"embeddable":true,"href":"https:\/\/zsp1chojna.pl\/index.php?rest_route=%2Fwp%2Fv2%2Fcomments&post=11115"}],"version-history":[{"count":1,"href":"https:\/\/zsp1chojna.pl\/index.php?rest_route=\/wp\/v2\/pages\/11115\/revisions"}],"predecessor-version":[{"id":11127,"href":"https:\/\/zsp1chojna.pl\/index.php?rest_route=\/wp\/v2\/pages\/11115\/revisions\/11127"}],"wp:attachment":[{"href":"https:\/\/zsp1chojna.pl\/index.php?rest_route=%2Fwp%2Fv2%2Fmedia&parent=11115"}],"curies":[{"name":"wp","href":"https:\/\/api.w.org\/{rel}","templated":true}]}}

Rok 2012 &#8211; technik organizacji usług gastronomicznych

<p><strong>Wychowawca mgr  Anna Jabłońska – Wróbel</strong><br><br>Chodyniecka Natalia<br>Frosik Adrian<br>Iwanów Aleksandra<br>Jastrzębska Dominika<br>Juzyszyn Małgorzata<br>Kołaczyńska Anna<br>Komaszyn Ewelina<br>Kornecka Natalia<br>Kowalczyk Agata<br>Kukuć Ilona<br>Rzechaczek Iga<br>Skowrońska Monika<br>Słowik Jakub<br>Stasiński Piotr<br>Wiącek Aldona</p>

<p>Wychowawca mgr  Anna Jabłońska – Wróbel Chodyniecka NataliaFrosik AdrianIwanów AleksandraJastrzębska DominikaJuzyszyn MałgorzataKołaczyńska AnnaKomaszyn EwelinaKornecka NataliaKowalczyk AgataKukuć IlonaRzechaczek IgaSkowrońska MonikaSłowik JakubStasiński PiotrWiącek Aldona</p>

<!-- This site is optimized with the Yoast SEO plugin v20.13 - https://yoast.com/wordpress/plugins/seo/ -->
<title>Rok 2012 - technik organizacji usług gastronomicznych - ZSP w Chojnie</title>
<meta name="robots" content="index, follow, max-snippet:-1, max-image-preview:large, max-video-preview:-1" />
<link rel="canonical" href="https://zsp1chojna.pl/?page_id=11115" />
<meta property="og:locale" content="pl_PL" />
<meta property="og:type" content="article" />
<meta property="og:title" content="Rok 2012 - technik organizacji usług gastronomicznych - ZSP w Chojnie" />
<meta property="og:description" content="Wychowawca mgr  Anna Jabłońska – Wróbel Chodyniecka NataliaFrosik AdrianIwanów AleksandraJastrzębska DominikaJuzyszyn MałgorzataKołaczyńska AnnaKomaszyn EwelinaKornecka NataliaKowalczyk AgataKukuć IlonaRzechaczek IgaSkowrońska MonikaSłowik JakubStasiński PiotrWiącek Aldona" />
<meta property="og:url" content="https://zsp1chojna.pl/?page_id=11115" />
<meta property="og:site_name" content="ZSP w Chojnie" />
<meta property="article:modified_time" content="2024-10-28T09:30:20+00:00" />
<meta name="twitter:card" content="summary_large_image" />
<meta name="twitter:label1" content="Szacowany czas czytania" />
	<meta name="twitter:data1" content="1 minuta" />
<script type="application/ld+json" class="yoast-schema-graph">{"@context":"https://schema.org","@graph":[{"@type":"WebPage","@id":"https://zsp1chojna.pl/?page_id=11115","url":"https://zsp1chojna.pl/?page_id=11115","name":"Rok 2012 - technik organizacji usług gastronomicznych - ZSP w Chojnie","isPartOf":{"@id":"https://zsp1chojna.pl/#website"},"datePublished":"2024-10-28T09:30:19+00:00","dateModified":"2024-10-28T09:30:20+00:00","breadcrumb":{"@id":"https://zsp1chojna.pl/?page_id=11115#breadcrumb"},"inLanguage":"pl-PL","potentialAction":[{"@type":"ReadAction","target":["https://zsp1chojna.pl/?page_id=11115"]}]},{"@type":"BreadcrumbList","@id":"https://zsp1chojna.pl/?page_id=11115#breadcrumb","itemListElement":[{"@type":"ListItem","position":1,"name":"Home","item":"https://zsp1chojna.pl/"},{"@type":"ListItem","position":2,"name":"Rok 2012 &#8211; technik organizacji usług gastronomicznych"}]},{"@type":"WebSite","@id":"https://zsp1chojna.pl/#website","url":"https://zsp1chojna.pl/","name":"ZSP w Chojnie","description":"","publisher":{"@id":"https://zsp1chojna.pl/#organization"},"potentialAction":[{"@type":"SearchAction","target":{"@type":"EntryPoint","urlTemplate":"https://zsp1chojna.pl/?s={search_term_string}"},"query-input":"required name=search_term_string"}],"inLanguage":"pl-PL"},{"@type":"Organization","@id":"https://zsp1chojna.pl/#organization","name":"ZSP w Chojnie","url":"https://zsp1chojna.pl/","logo":{"@type":"ImageObject","inLanguage":"pl-PL","@id":"https://zsp1chojna.pl/#/schema/logo/image/","url":"https://zsp1chojna.pl/wp-content/uploads/2023/08/cropped-cropped-cropped-Logo-biale-napis-na-3-wiersze_504-1.png","contentUrl":"https://zsp1chojna.pl/wp-content/uploads/2023/08/cropped-cropped-cropped-Logo-biale-napis-na-3-wiersze_504-1.png","width":504,"height":167,"caption":"ZSP w Chojnie"},"image":{"@id":"https://zsp1chojna.pl/#/schema/logo/image/"}}]}</script>
<!-- / Yoast SEO plugin. -->

Rok 2012 - technik organizacji usług gastronomicznych - ZSP w Chojnie

Wychowawca mgr  Anna Jabłońska – Wróbel Chodyniecka NataliaFrosik AdrianIwanów AleksandraJastrzębska DominikaJuzyszyn MałgorzataKołaczyńska AnnaKomaszyn EwelinaKornecka NataliaKowalczyk AgataKukuć IlonaRzechaczek IgaSkowrońska MonikaSłowik JakubStasiński PiotrWiącek Aldona
