{"id":11100,"date":"2024-10-28T10:28:18","date_gmt":"2024-10-28T09:28:18","guid":{"rendered":"https:\/\/zsp1chojna.pl\/?page_id=11100"},"modified":"2024-10-28T10:28:19","modified_gmt":"2024-10-28T09:28:19","slug":"rok-2013-technik-organizacji-uslug-gastronomicznych","status":"publish","type":"page","link":"https:\/\/zsp1chojna.pl\/?page_id=11100","title":{"rendered":"Rok 2013 &#8211; technik organizacji us\u0142ug gastronomicznych"},"content":{"rendered":"\n<p><strong>Wychowawca mgr\u00a0Janusz Rusak<\/strong><br><br>D\u0119bowska Anna<br>Golak Adrian<br>Hrycaj Krystyna<br>Hybiak Anna<br>Jaruszewska Paulina<br>Ka\u0142uziak Aleksandra<br>M\u0105czy\u0144ska Sara<br>Miku\u0107 \u017baneta<br>Olszak Aleksandra<br>Pajestka Marcelina<br>Perekietka \u017baneta<br>Pi\u0105tkowska Sandra<br>Pohorecka Alicja<br>Rogowski Patryk<br>Skowro\u0144ska Justyna<br>S\u0142awi\u0144ska Aleksandra<br>Sobczyk Marta<br>Soko\u0142owska Patrycja<br>Stolarek Justyna<br>Szurgoci\u0144ska Aleksandra<br>Tracz Anna<br>Wawrzy\u0144czyk Marzena<br>Wilczy\u0144ska Magdalena<br>Wiluszy\u0144ska Luiza<\/p>\n","protected":false},"excerpt":{"rendered":"<p>Wychowawca mgr\u00a0Janusz Rusak D\u0119bowska AnnaGolak AdrianHrycaj KrystynaHybiak AnnaJaruszewska PaulinaKa\u0142uziak AleksandraM\u0105czy\u0144ska SaraMiku\u0107 \u017banetaOlszak AleksandraPajestka MarcelinaPerekietka \u017banetaPi\u0105tkowska SandraPohorecka AlicjaRogowski PatrykSkowro\u0144ska JustynaS\u0142awi\u0144ska AleksandraSobczyk MartaSoko\u0142owska PatrycjaStolarek JustynaSzurgoci\u0144ska AleksandraTracz AnnaWawrzy\u0144czyk MarzenaWilczy\u0144ska MagdalenaWiluszy\u0144ska Luiza<\/p>\n","protected":false},"author":9,"featured_media":0,"parent":0,"menu_order":0,"comment_status":"closed","ping_status":"closed","template":"","meta":{"footnotes":""},"class_list":["post-11100","page","type-page","status-publish","hentry"],"yoast_head":"<!-- This site is optimized with the Yoast SEO plugin v20.13 - https:\/\/yoast.com\/wordpress\/plugins\/seo\/ -->\n<title>Rok 2013 - technik organizacji us\u0142ug gastronomicznych - ZSP w Chojnie<\/title>\n<meta name=\"robots\" content=\"index, follow, max-snippet:-1, max-image-preview:large, max-video-preview:-1\" \/>\n<link rel=\"canonical\" href=\"https:\/\/zsp1chojna.pl\/?page_id=11100\" \/>\n<meta property=\"og:locale\" content=\"pl_PL\" \/>\n<meta property=\"og:type\" content=\"article\" \/>\n<meta property=\"og:title\" content=\"Rok 2013 - technik organizacji us\u0142ug gastronomicznych - ZSP w Chojnie\" \/>\n<meta property=\"og:description\" content=\"Wychowawca mgr\u00a0Janusz Rusak D\u0119bowska AnnaGolak AdrianHrycaj KrystynaHybiak AnnaJaruszewska PaulinaKa\u0142uziak AleksandraM\u0105czy\u0144ska SaraMiku\u0107 \u017banetaOlszak AleksandraPajestka MarcelinaPerekietka \u017banetaPi\u0105tkowska SandraPohorecka AlicjaRogowski PatrykSkowro\u0144ska JustynaS\u0142awi\u0144ska AleksandraSobczyk MartaSoko\u0142owska PatrycjaStolarek JustynaSzurgoci\u0144ska AleksandraTracz AnnaWawrzy\u0144czyk MarzenaWilczy\u0144ska MagdalenaWiluszy\u0144ska Luiza\" \/>\n<meta property=\"og:url\" content=\"https:\/\/zsp1chojna.pl\/?page_id=11100\" \/>\n<meta property=\"og:site_name\" content=\"ZSP w Chojnie\" \/>\n<meta property=\"article:modified_time\" content=\"2024-10-28T09:28:19+00:00\" \/>\n<meta name=\"twitter:card\" content=\"summary_large_image\" \/>\n<meta name=\"twitter:label1\" content=\"Szacowany czas czytania\" \/>\n\t<meta name=\"twitter:data1\" content=\"1 minuta\" \/>\n<script type=\"application\/ld+json\" class=\"yoast-schema-graph\">{\"@context\":\"https:\/\/schema.org\",\"@graph\":[{\"@type\":\"WebPage\",\"@id\":\"https:\/\/zsp1chojna.pl\/?page_id=11100\",\"url\":\"https:\/\/zsp1chojna.pl\/?page_id=11100\",\"name\":\"Rok 2013 - technik organizacji us\u0142ug gastronomicznych - ZSP w Chojnie\",\"isPartOf\":{\"@id\":\"https:\/\/zsp1chojna.pl\/#website\"},\"datePublished\":\"2024-10-28T09:28:18+00:00\",\"dateModified\":\"2024-10-28T09:28:19+00:00\",\"breadcrumb\":{\"@id\":\"https:\/\/zsp1chojna.pl\/?page_id=11100#breadcrumb\"},\"inLanguage\":\"pl-PL\",\"potentialAction\":[{\"@type\":\"ReadAction\",\"target\":[\"https:\/\/zsp1chojna.pl\/?page_id=11100\"]}]},{\"@type\":\"BreadcrumbList\",\"@id\":\"https:\/\/zsp1chojna.pl\/?page_id=11100#breadcrumb\",\"itemListElement\":[{\"@type\":\"ListItem\",\"position\":1,\"name\":\"Home\",\"item\":\"https:\/\/zsp1chojna.pl\/\"},{\"@type\":\"ListItem\",\"position\":2,\"name\":\"Rok 2013 &#8211; technik organizacji us\u0142ug gastronomicznych\"}]},{\"@type\":\"WebSite\",\"@id\":\"https:\/\/zsp1chojna.pl\/#website\",\"url\":\"https:\/\/zsp1chojna.pl\/\",\"name\":\"ZSP w Chojnie\",\"description\":\"\",\"publisher\":{\"@id\":\"https:\/\/zsp1chojna.pl\/#organization\"},\"potentialAction\":[{\"@type\":\"SearchAction\",\"target\":{\"@type\":\"EntryPoint\",\"urlTemplate\":\"https:\/\/zsp1chojna.pl\/?s={search_term_string}\"},\"query-input\":\"required name=search_term_string\"}],\"inLanguage\":\"pl-PL\"},{\"@type\":\"Organization\",\"@id\":\"https:\/\/zsp1chojna.pl\/#organization\",\"name\":\"ZSP w Chojnie\",\"url\":\"https:\/\/zsp1chojna.pl\/\",\"logo\":{\"@type\":\"ImageObject\",\"inLanguage\":\"pl-PL\",\"@id\":\"https:\/\/zsp1chojna.pl\/#\/schema\/logo\/image\/\",\"url\":\"https:\/\/zsp1chojna.pl\/wp-content\/uploads\/2023\/08\/cropped-cropped-cropped-Logo-biale-napis-na-3-wiersze_504-1.png\",\"contentUrl\":\"https:\/\/zsp1chojna.pl\/wp-content\/uploads\/2023\/08\/cropped-cropped-cropped-Logo-biale-napis-na-3-wiersze_504-1.png\",\"width\":504,\"height\":167,\"caption\":\"ZSP w Chojnie\"},\"image\":{\"@id\":\"https:\/\/zsp1chojna.pl\/#\/schema\/logo\/image\/\"}}]}<\/script>\n<!-- \/ Yoast SEO plugin. -->","yoast_head_json":{"title":"Rok 2013 - technik organizacji us\u0142ug gastronomicznych - ZSP w Chojnie","robots":{"index":"index","follow":"follow","max-snippet":"max-snippet:-1","max-image-preview":"max-image-preview:large","max-video-preview":"max-video-preview:-1"},"canonical":"https:\/\/zsp1chojna.pl\/?page_id=11100","og_locale":"pl_PL","og_type":"article","og_title":"Rok 2013 - technik organizacji us\u0142ug gastronomicznych - ZSP w Chojnie","og_description":"Wychowawca mgr\u00a0Janusz Rusak D\u0119bowska AnnaGolak AdrianHrycaj KrystynaHybiak AnnaJaruszewska PaulinaKa\u0142uziak AleksandraM\u0105czy\u0144ska SaraMiku\u0107 \u017banetaOlszak AleksandraPajestka MarcelinaPerekietka \u017banetaPi\u0105tkowska SandraPohorecka AlicjaRogowski PatrykSkowro\u0144ska JustynaS\u0142awi\u0144ska AleksandraSobczyk MartaSoko\u0142owska PatrycjaStolarek JustynaSzurgoci\u0144ska AleksandraTracz AnnaWawrzy\u0144czyk MarzenaWilczy\u0144ska MagdalenaWiluszy\u0144ska Luiza","og_url":"https:\/\/zsp1chojna.pl\/?page_id=11100","og_site_name":"ZSP w Chojnie","article_modified_time":"2024-10-28T09:28:19+00:00","twitter_card":"summary_large_image","twitter_misc":{"Szacowany czas czytania":"1 minuta"},"schema":{"@context":"https:\/\/schema.org","@graph":[{"@type":"WebPage","@id":"https:\/\/zsp1chojna.pl\/?page_id=11100","url":"https:\/\/zsp1chojna.pl\/?page_id=11100","name":"Rok 2013 - technik organizacji us\u0142ug gastronomicznych - ZSP w Chojnie","isPartOf":{"@id":"https:\/\/zsp1chojna.pl\/#website"},"datePublished":"2024-10-28T09:28:18+00:00","dateModified":"2024-10-28T09:28:19+00:00","breadcrumb":{"@id":"https:\/\/zsp1chojna.pl\/?page_id=11100#breadcrumb"},"inLanguage":"pl-PL","potentialAction":[{"@type":"ReadAction","target":["https:\/\/zsp1chojna.pl\/?page_id=11100"]}]},{"@type":"BreadcrumbList","@id":"https:\/\/zsp1chojna.pl\/?page_id=11100#breadcrumb","itemListElement":[{"@type":"ListItem","position":1,"name":"Home","item":"https:\/\/zsp1chojna.pl\/"},{"@type":"ListItem","position":2,"name":"Rok 2013 &#8211; technik organizacji us\u0142ug gastronomicznych"}]},{"@type":"WebSite","@id":"https:\/\/zsp1chojna.pl\/#website","url":"https:\/\/zsp1chojna.pl\/","name":"ZSP w Chojnie","description":"","publisher":{"@id":"https:\/\/zsp1chojna.pl\/#organization"},"potentialAction":[{"@type":"SearchAction","target":{"@type":"EntryPoint","urlTemplate":"https:\/\/zsp1chojna.pl\/?s={search_term_string}"},"query-input":"required name=search_term_string"}],"inLanguage":"pl-PL"},{"@type":"Organization","@id":"https:\/\/zsp1chojna.pl\/#organization","name":"ZSP w Chojnie","url":"https:\/\/zsp1chojna.pl\/","logo":{"@type":"ImageObject","inLanguage":"pl-PL","@id":"https:\/\/zsp1chojna.pl\/#\/schema\/logo\/image\/","url":"https:\/\/zsp1chojna.pl\/wp-content\/uploads\/2023\/08\/cropped-cropped-cropped-Logo-biale-napis-na-3-wiersze_504-1.png","contentUrl":"https:\/\/zsp1chojna.pl\/wp-content\/uploads\/2023\/08\/cropped-cropped-cropped-Logo-biale-napis-na-3-wiersze_504-1.png","width":504,"height":167,"caption":"ZSP w Chojnie"},"image":{"@id":"https:\/\/zsp1chojna.pl\/#\/schema\/logo\/image\/"}}]}},"_links":{"self":[{"href":"https:\/\/zsp1chojna.pl\/index.php?rest_route=\/wp\/v2\/pages\/11100","targetHints":{"allow":["GET"]}}],"collection":[{"href":"https:\/\/zsp1chojna.pl\/index.php?rest_route=\/wp\/v2\/pages"}],"about":[{"href":"https:\/\/zsp1chojna.pl\/index.php?rest_route=\/wp\/v2\/types\/page"}],"author":[{"embeddable":true,"href":"https:\/\/zsp1chojna.pl\/index.php?rest_route=\/wp\/v2\/users\/9"}],"replies":[{"embeddable":true,"href":"https:\/\/zsp1chojna.pl\/index.php?rest_route=%2Fwp%2Fv2%2Fcomments&post=11100"}],"version-history":[{"count":1,"href":"https:\/\/zsp1chojna.pl\/index.php?rest_route=\/wp\/v2\/pages\/11100\/revisions"}],"predecessor-version":[{"id":11111,"href":"https:\/\/zsp1chojna.pl\/index.php?rest_route=\/wp\/v2\/pages\/11100\/revisions\/11111"}],"wp:attachment":[{"href":"https:\/\/zsp1chojna.pl\/index.php?rest_route=%2Fwp%2Fv2%2Fmedia&parent=11100"}],"curies":[{"name":"wp","href":"https:\/\/api.w.org\/{rel}","templated":true}]}}