{"id":10997,"date":"2024-10-28T10:09:18","date_gmt":"2024-10-28T09:09:18","guid":{"rendered":"https:\/\/zsp1chojna.pl\/?page_id=10997"},"modified":"2024-10-28T10:17:00","modified_gmt":"2024-10-28T09:17:00","slug":"rok-2011-technikum-informatyczne","status":"publish","type":"page","link":"https:\/\/zsp1chojna.pl\/?page_id=10997","title":{"rendered":"Rok 2011 &#8211; technik informatyk"},"content":{"rendered":"<style>.kadence-column10997_18d237-38 > .kt-inside-inner-col,.kadence-column10997_18d237-38 > .kt-inside-inner-col:before{border-top-left-radius:0px;border-top-right-radius:0px;border-bottom-right-radius:0px;border-bottom-left-radius:0px;}.kadence-column10997_18d237-38 > .kt-inside-inner-col:before{opacity:0.3;}.kadence-column10997_18d237-38{position:relative;}<\/style>\n<div class=\"wp-block-kadence-column kadence-column10997_18d237-38\"><div class=\"kt-inside-inner-col\">\n<div class=\"wp-block-columns is-layout-flex wp-container-core-columns-is-layout-9d6595d7 wp-block-columns-is-layout-flex\">\n<div class=\"wp-block-column is-layout-flow wp-block-column-is-layout-flow\">\n<p><strong>Wychowawca mgr\u00a0Agnieszka Jab\u0142o\u0144ska<\/strong><br><br>Birger Andrzej<br>Drab Kamila<br>Dudarewicz Maciej<br>Frosik Magdalena<br>Galant Karol<br>Karkowski Mariusz<br>Kostkowski Hubert<br>Krupi\u0144ski Konrad<br>Krygiel Ewelina<br>Kurdziel Waldemar<br>Ludwiczak Grzegorz<br>Maciejewski Damian<br>Piesik Marek<br>P\u0142otkowski Artur<br>Stasiak Zuzanna<br>Strzelecka Katarzyna<br>Szyma\u0144ski Jakub<br>\u015aliwi\u0144ski Mateusz<br>Wojtukiewicz Katarzyna<\/p>\n<\/div>\n\n\n\n<div class=\"wp-block-column is-layout-flow wp-block-column-is-layout-flow\">\n<p><strong>Wychowawca mgr\u00a0Joanna Hildebrandt<\/strong><br><br>Burek Mateusz<br>Dragu\u0142a Alicja<br>Grygorcewicz Piotr<br>Kowalewski Sebastian<br>Mazurkiewicz Agnieszka<br>Mr\u00f3z Adam<br>Naus \u0141ukasz<br>Panasiuk Marcin<br>Pawlak Damian<br>Pow\u0142oka Natalia<br>Prus Wojciech<br>Przeszak Adrian<br>Stryczy\u0144ski Kamil<br>\u015alozowski Marek<br>Wierzbicki Pawe\u0142<br>Zwoli\u0144ska Emilia<\/p>\n<\/div>\n<\/div>\n<\/div><\/div>\n","protected":false},"excerpt":{"rendered":"<p>Wychowawca mgr\u00a0Agnieszka Jab\u0142o\u0144ska Birger AndrzejDrab KamilaDudarewicz MaciejFrosik MagdalenaGalant KarolKarkowski MariuszKostkowski HubertKrupi\u0144ski KonradKrygiel EwelinaKurdziel WaldemarLudwiczak GrzegorzMaciejewski DamianPiesik MarekP\u0142otkowski ArturStasiak ZuzannaStrzelecka KatarzynaSzyma\u0144ski Jakub\u015aliwi\u0144ski MateuszWojtukiewicz Katarzyna Wychowawca mgr\u00a0Joanna Hildebrandt Burek MateuszDragu\u0142a AlicjaGrygorcewicz PiotrKowalewski [&hellip;]<\/p>\n","protected":false},"author":9,"featured_media":0,"parent":0,"menu_order":0,"comment_status":"closed","ping_status":"closed","template":"","meta":{"footnotes":""},"class_list":["post-10997","page","type-page","status-publish","hentry"],"yoast_head":"<!-- This site is optimized with the Yoast SEO plugin v20.13 - https:\/\/yoast.com\/wordpress\/plugins\/seo\/ -->\n<title>Rok 2011 - technik informatyk - ZSP w Chojnie<\/title>\n<meta name=\"robots\" content=\"index, follow, max-snippet:-1, max-image-preview:large, max-video-preview:-1\" \/>\n<link rel=\"canonical\" href=\"https:\/\/zsp1chojna.pl\/?page_id=10997\" \/>\n<meta property=\"og:locale\" content=\"pl_PL\" \/>\n<meta property=\"og:type\" content=\"article\" \/>\n<meta property=\"og:title\" content=\"Rok 2011 - technik informatyk - ZSP w Chojnie\" \/>\n<meta property=\"og:description\" content=\"Wychowawca mgr\u00a0Agnieszka Jab\u0142o\u0144ska Birger AndrzejDrab KamilaDudarewicz MaciejFrosik MagdalenaGalant KarolKarkowski MariuszKostkowski HubertKrupi\u0144ski KonradKrygiel EwelinaKurdziel WaldemarLudwiczak GrzegorzMaciejewski DamianPiesik MarekP\u0142otkowski ArturStasiak ZuzannaStrzelecka KatarzynaSzyma\u0144ski Jakub\u015aliwi\u0144ski MateuszWojtukiewicz Katarzyna Wychowawca mgr\u00a0Joanna Hildebrandt Burek MateuszDragu\u0142a AlicjaGrygorcewicz PiotrKowalewski [&hellip;]\" \/>\n<meta property=\"og:url\" content=\"https:\/\/zsp1chojna.pl\/?page_id=10997\" \/>\n<meta property=\"og:site_name\" content=\"ZSP w Chojnie\" \/>\n<meta property=\"article:modified_time\" content=\"2024-10-28T09:17:00+00:00\" \/>\n<meta name=\"twitter:card\" content=\"summary_large_image\" \/>\n<meta name=\"twitter:label1\" content=\"Szacowany czas czytania\" \/>\n\t<meta name=\"twitter:data1\" content=\"1 minuta\" \/>\n<script type=\"application\/ld+json\" class=\"yoast-schema-graph\">{\"@context\":\"https:\/\/schema.org\",\"@graph\":[{\"@type\":\"WebPage\",\"@id\":\"https:\/\/zsp1chojna.pl\/?page_id=10997\",\"url\":\"https:\/\/zsp1chojna.pl\/?page_id=10997\",\"name\":\"Rok 2011 - technik informatyk - ZSP w Chojnie\",\"isPartOf\":{\"@id\":\"https:\/\/zsp1chojna.pl\/#website\"},\"datePublished\":\"2024-10-28T09:09:18+00:00\",\"dateModified\":\"2024-10-28T09:17:00+00:00\",\"breadcrumb\":{\"@id\":\"https:\/\/zsp1chojna.pl\/?page_id=10997#breadcrumb\"},\"inLanguage\":\"pl-PL\",\"potentialAction\":[{\"@type\":\"ReadAction\",\"target\":[\"https:\/\/zsp1chojna.pl\/?page_id=10997\"]}]},{\"@type\":\"BreadcrumbList\",\"@id\":\"https:\/\/zsp1chojna.pl\/?page_id=10997#breadcrumb\",\"itemListElement\":[{\"@type\":\"ListItem\",\"position\":1,\"name\":\"Home\",\"item\":\"https:\/\/zsp1chojna.pl\/\"},{\"@type\":\"ListItem\",\"position\":2,\"name\":\"Rok 2011 &#8211; technik informatyk\"}]},{\"@type\":\"WebSite\",\"@id\":\"https:\/\/zsp1chojna.pl\/#website\",\"url\":\"https:\/\/zsp1chojna.pl\/\",\"name\":\"ZSP w Chojnie\",\"description\":\"\",\"publisher\":{\"@id\":\"https:\/\/zsp1chojna.pl\/#organization\"},\"potentialAction\":[{\"@type\":\"SearchAction\",\"target\":{\"@type\":\"EntryPoint\",\"urlTemplate\":\"https:\/\/zsp1chojna.pl\/?s={search_term_string}\"},\"query-input\":\"required name=search_term_string\"}],\"inLanguage\":\"pl-PL\"},{\"@type\":\"Organization\",\"@id\":\"https:\/\/zsp1chojna.pl\/#organization\",\"name\":\"ZSP w Chojnie\",\"url\":\"https:\/\/zsp1chojna.pl\/\",\"logo\":{\"@type\":\"ImageObject\",\"inLanguage\":\"pl-PL\",\"@id\":\"https:\/\/zsp1chojna.pl\/#\/schema\/logo\/image\/\",\"url\":\"https:\/\/zsp1chojna.pl\/wp-content\/uploads\/2023\/08\/cropped-cropped-cropped-Logo-biale-napis-na-3-wiersze_504-1.png\",\"contentUrl\":\"https:\/\/zsp1chojna.pl\/wp-content\/uploads\/2023\/08\/cropped-cropped-cropped-Logo-biale-napis-na-3-wiersze_504-1.png\",\"width\":504,\"height\":167,\"caption\":\"ZSP w Chojnie\"},\"image\":{\"@id\":\"https:\/\/zsp1chojna.pl\/#\/schema\/logo\/image\/\"}}]}<\/script>\n<!-- \/ Yoast SEO plugin. -->","yoast_head_json":{"title":"Rok 2011 - technik informatyk - ZSP w Chojnie","robots":{"index":"index","follow":"follow","max-snippet":"max-snippet:-1","max-image-preview":"max-image-preview:large","max-video-preview":"max-video-preview:-1"},"canonical":"https:\/\/zsp1chojna.pl\/?page_id=10997","og_locale":"pl_PL","og_type":"article","og_title":"Rok 2011 - technik informatyk - ZSP w Chojnie","og_description":"Wychowawca mgr\u00a0Agnieszka Jab\u0142o\u0144ska Birger AndrzejDrab KamilaDudarewicz MaciejFrosik MagdalenaGalant KarolKarkowski MariuszKostkowski HubertKrupi\u0144ski KonradKrygiel EwelinaKurdziel WaldemarLudwiczak GrzegorzMaciejewski DamianPiesik MarekP\u0142otkowski ArturStasiak ZuzannaStrzelecka KatarzynaSzyma\u0144ski Jakub\u015aliwi\u0144ski MateuszWojtukiewicz Katarzyna Wychowawca mgr\u00a0Joanna Hildebrandt Burek MateuszDragu\u0142a AlicjaGrygorcewicz PiotrKowalewski [&hellip;]","og_url":"https:\/\/zsp1chojna.pl\/?page_id=10997","og_site_name":"ZSP w Chojnie","article_modified_time":"2024-10-28T09:17:00+00:00","twitter_card":"summary_large_image","twitter_misc":{"Szacowany czas czytania":"1 minuta"},"schema":{"@context":"https:\/\/schema.org","@graph":[{"@type":"WebPage","@id":"https:\/\/zsp1chojna.pl\/?page_id=10997","url":"https:\/\/zsp1chojna.pl\/?page_id=10997","name":"Rok 2011 - technik informatyk - ZSP w Chojnie","isPartOf":{"@id":"https:\/\/zsp1chojna.pl\/#website"},"datePublished":"2024-10-28T09:09:18+00:00","dateModified":"2024-10-28T09:17:00+00:00","breadcrumb":{"@id":"https:\/\/zsp1chojna.pl\/?page_id=10997#breadcrumb"},"inLanguage":"pl-PL","potentialAction":[{"@type":"ReadAction","target":["https:\/\/zsp1chojna.pl\/?page_id=10997"]}]},{"@type":"BreadcrumbList","@id":"https:\/\/zsp1chojna.pl\/?page_id=10997#breadcrumb","itemListElement":[{"@type":"ListItem","position":1,"name":"Home","item":"https:\/\/zsp1chojna.pl\/"},{"@type":"ListItem","position":2,"name":"Rok 2011 &#8211; technik informatyk"}]},{"@type":"WebSite","@id":"https:\/\/zsp1chojna.pl\/#website","url":"https:\/\/zsp1chojna.pl\/","name":"ZSP w Chojnie","description":"","publisher":{"@id":"https:\/\/zsp1chojna.pl\/#organization"},"potentialAction":[{"@type":"SearchAction","target":{"@type":"EntryPoint","urlTemplate":"https:\/\/zsp1chojna.pl\/?s={search_term_string}"},"query-input":"required name=search_term_string"}],"inLanguage":"pl-PL"},{"@type":"Organization","@id":"https:\/\/zsp1chojna.pl\/#organization","name":"ZSP w Chojnie","url":"https:\/\/zsp1chojna.pl\/","logo":{"@type":"ImageObject","inLanguage":"pl-PL","@id":"https:\/\/zsp1chojna.pl\/#\/schema\/logo\/image\/","url":"https:\/\/zsp1chojna.pl\/wp-content\/uploads\/2023\/08\/cropped-cropped-cropped-Logo-biale-napis-na-3-wiersze_504-1.png","contentUrl":"https:\/\/zsp1chojna.pl\/wp-content\/uploads\/2023\/08\/cropped-cropped-cropped-Logo-biale-napis-na-3-wiersze_504-1.png","width":504,"height":167,"caption":"ZSP w Chojnie"},"image":{"@id":"https:\/\/zsp1chojna.pl\/#\/schema\/logo\/image\/"}}]}},"_links":{"self":[{"href":"https:\/\/zsp1chojna.pl\/index.php?rest_route=\/wp\/v2\/pages\/10997","targetHints":{"allow":["GET"]}}],"collection":[{"href":"https:\/\/zsp1chojna.pl\/index.php?rest_route=\/wp\/v2\/pages"}],"about":[{"href":"https:\/\/zsp1chojna.pl\/index.php?rest_route=\/wp\/v2\/types\/page"}],"author":[{"embeddable":true,"href":"https:\/\/zsp1chojna.pl\/index.php?rest_route=\/wp\/v2\/users\/9"}],"replies":[{"embeddable":true,"href":"https:\/\/zsp1chojna.pl\/index.php?rest_route=%2Fwp%2Fv2%2Fcomments&post=10997"}],"version-history":[{"count":2,"href":"https:\/\/zsp1chojna.pl\/index.php?rest_route=\/wp\/v2\/pages\/10997\/revisions"}],"predecessor-version":[{"id":11035,"href":"https:\/\/zsp1chojna.pl\/index.php?rest_route=\/wp\/v2\/pages\/10997\/revisions\/11035"}],"wp:attachment":[{"href":"https:\/\/zsp1chojna.pl\/index.php?rest_route=%2Fwp%2Fv2%2Fmedia&parent=10997"}],"curies":[{"name":"wp","href":"https:\/\/api.w.org\/{rel}","templated":true}]}}