{"id":10981,"date":"2024-10-28T10:06:49","date_gmt":"2024-10-28T09:06:49","guid":{"rendered":"https:\/\/zsp1chojna.pl\/?page_id=10981"},"modified":"2024-10-28T10:18:33","modified_gmt":"2024-10-28T09:18:33","slug":"rok-2012-technikum-informatyczne","status":"publish","type":"page","link":"https:\/\/zsp1chojna.pl\/?page_id=10981","title":{"rendered":"Rok 2012 &#8211; technik informatyk"},"content":{"rendered":"\n<p><strong>Wychowawca mgr Kamila G\u00f3ra<\/strong><br><br>Banasik Mateusz<br>Blicharz Weronika<br>Butoka Piotr<br>Che\u0142stowski Dariusz<br>Cieplak Pawe\u0142<br>Cie\u015blik Bartosz<br>Dominiak Mateusz<br>Dudek Pawe\u0142<br>Durka Krystian<br>Dwu\u017cnik Ireneusz<br>Fajfer Jaros\u0142aw<br>G\u0105sior \u0141ukasz<br>Gil Aleksandra<br>Ka\u0142u\u017cniak Remigiusz<br>Kury\u0142owicz Monika<br>Krzy\u017canowski Patryk<br>Marciniak \u0141ukasz<br>Marek Adam<br>Oszurko Patrycja<br>Pohorecki Rafa\u0142<br>Sawicki Mateusz<br>Siwiera Patryk<br>S\u0142upski Patryk<br>Sowi\u0144ski Mateusz<br>Syczewski Damian<br>\u015anioszek Patryk<br>Frosik Katarzyna<\/p>\n","protected":false},"excerpt":{"rendered":"<p>Wychowawca mgr Kamila G\u00f3ra Banasik MateuszBlicharz WeronikaButoka PiotrChe\u0142stowski DariuszCieplak Pawe\u0142Cie\u015blik BartoszDominiak MateuszDudek Pawe\u0142Durka KrystianDwu\u017cnik IreneuszFajfer Jaros\u0142awG\u0105sior \u0141ukaszGil AleksandraKa\u0142u\u017cniak RemigiuszKury\u0142owicz MonikaKrzy\u017canowski PatrykMarciniak \u0141ukaszMarek AdamOszurko PatrycjaPohorecki Rafa\u0142Sawicki MateuszSiwiera PatrykS\u0142upski PatrykSowi\u0144ski MateuszSyczewski Damian\u015anioszek [&hellip;]<\/p>\n","protected":false},"author":9,"featured_media":0,"parent":0,"menu_order":0,"comment_status":"closed","ping_status":"closed","template":"","meta":{"footnotes":""},"class_list":["post-10981","page","type-page","status-publish","hentry"],"yoast_head":"<!-- This site is optimized with the Yoast SEO plugin v20.13 - https:\/\/yoast.com\/wordpress\/plugins\/seo\/ -->\n<title>Rok 2012 - technik informatyk - ZSP w Chojnie<\/title>\n<meta name=\"robots\" content=\"index, follow, max-snippet:-1, max-image-preview:large, max-video-preview:-1\" \/>\n<link rel=\"canonical\" href=\"https:\/\/zsp1chojna.pl\/?page_id=10981\" \/>\n<meta property=\"og:locale\" content=\"pl_PL\" \/>\n<meta property=\"og:type\" content=\"article\" \/>\n<meta property=\"og:title\" content=\"Rok 2012 - technik informatyk - ZSP w Chojnie\" \/>\n<meta property=\"og:description\" content=\"Wychowawca mgr Kamila G\u00f3ra Banasik MateuszBlicharz WeronikaButoka PiotrChe\u0142stowski DariuszCieplak Pawe\u0142Cie\u015blik BartoszDominiak MateuszDudek Pawe\u0142Durka KrystianDwu\u017cnik IreneuszFajfer Jaros\u0142awG\u0105sior \u0141ukaszGil AleksandraKa\u0142u\u017cniak RemigiuszKury\u0142owicz MonikaKrzy\u017canowski PatrykMarciniak \u0141ukaszMarek AdamOszurko PatrycjaPohorecki Rafa\u0142Sawicki MateuszSiwiera PatrykS\u0142upski PatrykSowi\u0144ski MateuszSyczewski Damian\u015anioszek [&hellip;]\" \/>\n<meta property=\"og:url\" content=\"https:\/\/zsp1chojna.pl\/?page_id=10981\" \/>\n<meta property=\"og:site_name\" content=\"ZSP w Chojnie\" \/>\n<meta property=\"article:modified_time\" content=\"2024-10-28T09:18:33+00:00\" \/>\n<meta name=\"twitter:card\" content=\"summary_large_image\" \/>\n<script type=\"application\/ld+json\" class=\"yoast-schema-graph\">{\"@context\":\"https:\/\/schema.org\",\"@graph\":[{\"@type\":\"WebPage\",\"@id\":\"https:\/\/zsp1chojna.pl\/?page_id=10981\",\"url\":\"https:\/\/zsp1chojna.pl\/?page_id=10981\",\"name\":\"Rok 2012 - technik informatyk - ZSP w Chojnie\",\"isPartOf\":{\"@id\":\"https:\/\/zsp1chojna.pl\/#website\"},\"datePublished\":\"2024-10-28T09:06:49+00:00\",\"dateModified\":\"2024-10-28T09:18:33+00:00\",\"breadcrumb\":{\"@id\":\"https:\/\/zsp1chojna.pl\/?page_id=10981#breadcrumb\"},\"inLanguage\":\"pl-PL\",\"potentialAction\":[{\"@type\":\"ReadAction\",\"target\":[\"https:\/\/zsp1chojna.pl\/?page_id=10981\"]}]},{\"@type\":\"BreadcrumbList\",\"@id\":\"https:\/\/zsp1chojna.pl\/?page_id=10981#breadcrumb\",\"itemListElement\":[{\"@type\":\"ListItem\",\"position\":1,\"name\":\"Home\",\"item\":\"https:\/\/zsp1chojna.pl\/\"},{\"@type\":\"ListItem\",\"position\":2,\"name\":\"Rok 2012 &#8211; technik informatyk\"}]},{\"@type\":\"WebSite\",\"@id\":\"https:\/\/zsp1chojna.pl\/#website\",\"url\":\"https:\/\/zsp1chojna.pl\/\",\"name\":\"ZSP w Chojnie\",\"description\":\"\",\"publisher\":{\"@id\":\"https:\/\/zsp1chojna.pl\/#organization\"},\"potentialAction\":[{\"@type\":\"SearchAction\",\"target\":{\"@type\":\"EntryPoint\",\"urlTemplate\":\"https:\/\/zsp1chojna.pl\/?s={search_term_string}\"},\"query-input\":\"required name=search_term_string\"}],\"inLanguage\":\"pl-PL\"},{\"@type\":\"Organization\",\"@id\":\"https:\/\/zsp1chojna.pl\/#organization\",\"name\":\"ZSP w Chojnie\",\"url\":\"https:\/\/zsp1chojna.pl\/\",\"logo\":{\"@type\":\"ImageObject\",\"inLanguage\":\"pl-PL\",\"@id\":\"https:\/\/zsp1chojna.pl\/#\/schema\/logo\/image\/\",\"url\":\"https:\/\/zsp1chojna.pl\/wp-content\/uploads\/2023\/08\/cropped-cropped-cropped-Logo-biale-napis-na-3-wiersze_504-1.png\",\"contentUrl\":\"https:\/\/zsp1chojna.pl\/wp-content\/uploads\/2023\/08\/cropped-cropped-cropped-Logo-biale-napis-na-3-wiersze_504-1.png\",\"width\":504,\"height\":167,\"caption\":\"ZSP w Chojnie\"},\"image\":{\"@id\":\"https:\/\/zsp1chojna.pl\/#\/schema\/logo\/image\/\"}}]}<\/script>\n<!-- \/ Yoast SEO plugin. -->","yoast_head_json":{"title":"Rok 2012 - technik informatyk - ZSP w Chojnie","robots":{"index":"index","follow":"follow","max-snippet":"max-snippet:-1","max-image-preview":"max-image-preview:large","max-video-preview":"max-video-preview:-1"},"canonical":"https:\/\/zsp1chojna.pl\/?page_id=10981","og_locale":"pl_PL","og_type":"article","og_title":"Rok 2012 - technik informatyk - ZSP w Chojnie","og_description":"Wychowawca mgr Kamila G\u00f3ra Banasik MateuszBlicharz WeronikaButoka PiotrChe\u0142stowski DariuszCieplak Pawe\u0142Cie\u015blik BartoszDominiak MateuszDudek Pawe\u0142Durka KrystianDwu\u017cnik IreneuszFajfer Jaros\u0142awG\u0105sior \u0141ukaszGil AleksandraKa\u0142u\u017cniak RemigiuszKury\u0142owicz MonikaKrzy\u017canowski PatrykMarciniak \u0141ukaszMarek AdamOszurko PatrycjaPohorecki Rafa\u0142Sawicki MateuszSiwiera PatrykS\u0142upski PatrykSowi\u0144ski MateuszSyczewski Damian\u015anioszek [&hellip;]","og_url":"https:\/\/zsp1chojna.pl\/?page_id=10981","og_site_name":"ZSP w Chojnie","article_modified_time":"2024-10-28T09:18:33+00:00","twitter_card":"summary_large_image","schema":{"@context":"https:\/\/schema.org","@graph":[{"@type":"WebPage","@id":"https:\/\/zsp1chojna.pl\/?page_id=10981","url":"https:\/\/zsp1chojna.pl\/?page_id=10981","name":"Rok 2012 - technik informatyk - ZSP w Chojnie","isPartOf":{"@id":"https:\/\/zsp1chojna.pl\/#website"},"datePublished":"2024-10-28T09:06:49+00:00","dateModified":"2024-10-28T09:18:33+00:00","breadcrumb":{"@id":"https:\/\/zsp1chojna.pl\/?page_id=10981#breadcrumb"},"inLanguage":"pl-PL","potentialAction":[{"@type":"ReadAction","target":["https:\/\/zsp1chojna.pl\/?page_id=10981"]}]},{"@type":"BreadcrumbList","@id":"https:\/\/zsp1chojna.pl\/?page_id=10981#breadcrumb","itemListElement":[{"@type":"ListItem","position":1,"name":"Home","item":"https:\/\/zsp1chojna.pl\/"},{"@type":"ListItem","position":2,"name":"Rok 2012 &#8211; technik informatyk"}]},{"@type":"WebSite","@id":"https:\/\/zsp1chojna.pl\/#website","url":"https:\/\/zsp1chojna.pl\/","name":"ZSP w Chojnie","description":"","publisher":{"@id":"https:\/\/zsp1chojna.pl\/#organization"},"potentialAction":[{"@type":"SearchAction","target":{"@type":"EntryPoint","urlTemplate":"https:\/\/zsp1chojna.pl\/?s={search_term_string}"},"query-input":"required name=search_term_string"}],"inLanguage":"pl-PL"},{"@type":"Organization","@id":"https:\/\/zsp1chojna.pl\/#organization","name":"ZSP w Chojnie","url":"https:\/\/zsp1chojna.pl\/","logo":{"@type":"ImageObject","inLanguage":"pl-PL","@id":"https:\/\/zsp1chojna.pl\/#\/schema\/logo\/image\/","url":"https:\/\/zsp1chojna.pl\/wp-content\/uploads\/2023\/08\/cropped-cropped-cropped-Logo-biale-napis-na-3-wiersze_504-1.png","contentUrl":"https:\/\/zsp1chojna.pl\/wp-content\/uploads\/2023\/08\/cropped-cropped-cropped-Logo-biale-napis-na-3-wiersze_504-1.png","width":504,"height":167,"caption":"ZSP w Chojnie"},"image":{"@id":"https:\/\/zsp1chojna.pl\/#\/schema\/logo\/image\/"}}]}},"_links":{"self":[{"href":"https:\/\/zsp1chojna.pl\/index.php?rest_route=\/wp\/v2\/pages\/10981","targetHints":{"allow":["GET"]}}],"collection":[{"href":"https:\/\/zsp1chojna.pl\/index.php?rest_route=\/wp\/v2\/pages"}],"about":[{"href":"https:\/\/zsp1chojna.pl\/index.php?rest_route=\/wp\/v2\/types\/page"}],"author":[{"embeddable":true,"href":"https:\/\/zsp1chojna.pl\/index.php?rest_route=\/wp\/v2\/users\/9"}],"replies":[{"embeddable":true,"href":"https:\/\/zsp1chojna.pl\/index.php?rest_route=%2Fwp%2Fv2%2Fcomments&post=10981"}],"version-history":[{"count":2,"href":"https:\/\/zsp1chojna.pl\/index.php?rest_route=\/wp\/v2\/pages\/10981\/revisions"}],"predecessor-version":[{"id":11041,"href":"https:\/\/zsp1chojna.pl\/index.php?rest_route=\/wp\/v2\/pages\/10981\/revisions\/11041"}],"wp:attachment":[{"href":"https:\/\/zsp1chojna.pl\/index.php?rest_route=%2Fwp%2Fv2%2Fmedia&parent=10981"}],"curies":[{"name":"wp","href":"https:\/\/api.w.org\/{rel}","templated":true}]}}

<p><strong>Wychowawca mgr Kamila Góra</strong><br><br>Banasik Mateusz<br>Blicharz Weronika<br>Butoka Piotr<br>Chełstowski Dariusz<br>Cieplak Paweł<br>Cieślik Bartosz<br>Dominiak Mateusz<br>Dudek Paweł<br>Durka Krystian<br>Dwużnik Ireneusz<br>Fajfer Jarosław<br>Gąsior Łukasz<br>Gil Aleksandra<br>Kałużniak Remigiusz<br>Kuryłowicz Monika<br>Krzyżanowski Patryk<br>Marciniak Łukasz<br>Marek Adam<br>Oszurko Patrycja<br>Pohorecki Rafał<br>Sawicki Mateusz<br>Siwiera Patryk<br>Słupski Patryk<br>Sowiński Mateusz<br>Syczewski Damian<br>Śnioszek Patryk<br>Frosik Katarzyna</p>

<p>Wychowawca mgr Kamila Góra Banasik MateuszBlicharz WeronikaButoka PiotrChełstowski DariuszCieplak PawełCieślik BartoszDominiak MateuszDudek PawełDurka KrystianDwużnik IreneuszFajfer JarosławGąsior ŁukaszGil AleksandraKałużniak RemigiuszKuryłowicz MonikaKrzyżanowski PatrykMarciniak ŁukaszMarek AdamOszurko PatrycjaPohorecki RafałSawicki MateuszSiwiera PatrykSłupski PatrykSowiński MateuszSyczewski DamianŚnioszek [&hellip;]</p>

<!-- This site is optimized with the Yoast SEO plugin v20.13 - https://yoast.com/wordpress/plugins/seo/ -->
<title>Rok 2012 - technik informatyk - ZSP w Chojnie</title>
<meta name="robots" content="index, follow, max-snippet:-1, max-image-preview:large, max-video-preview:-1" />
<link rel="canonical" href="https://zsp1chojna.pl/?page_id=10981" />
<meta property="og:locale" content="pl_PL" />
<meta property="og:type" content="article" />
<meta property="og:title" content="Rok 2012 - technik informatyk - ZSP w Chojnie" />
<meta property="og:description" content="Wychowawca mgr Kamila Góra Banasik MateuszBlicharz WeronikaButoka PiotrChełstowski DariuszCieplak PawełCieślik BartoszDominiak MateuszDudek PawełDurka KrystianDwużnik IreneuszFajfer JarosławGąsior ŁukaszGil AleksandraKałużniak RemigiuszKuryłowicz MonikaKrzyżanowski PatrykMarciniak ŁukaszMarek AdamOszurko PatrycjaPohorecki RafałSawicki MateuszSiwiera PatrykSłupski PatrykSowiński MateuszSyczewski DamianŚnioszek [&hellip;]" />
<meta property="og:url" content="https://zsp1chojna.pl/?page_id=10981" />
<meta property="og:site_name" content="ZSP w Chojnie" />
<meta property="article:modified_time" content="2024-10-28T09:18:33+00:00" />
<meta name="twitter:card" content="summary_large_image" />
<script type="application/ld+json" class="yoast-schema-graph">{"@context":"https://schema.org","@graph":[{"@type":"WebPage","@id":"https://zsp1chojna.pl/?page_id=10981","url":"https://zsp1chojna.pl/?page_id=10981","name":"Rok 2012 - technik informatyk - ZSP w Chojnie","isPartOf":{"@id":"https://zsp1chojna.pl/#website"},"datePublished":"2024-10-28T09:06:49+00:00","dateModified":"2024-10-28T09:18:33+00:00","breadcrumb":{"@id":"https://zsp1chojna.pl/?page_id=10981#breadcrumb"},"inLanguage":"pl-PL","potentialAction":[{"@type":"ReadAction","target":["https://zsp1chojna.pl/?page_id=10981"]}]},{"@type":"BreadcrumbList","@id":"https://zsp1chojna.pl/?page_id=10981#breadcrumb","itemListElement":[{"@type":"ListItem","position":1,"name":"Home","item":"https://zsp1chojna.pl/"},{"@type":"ListItem","position":2,"name":"Rok 2012 &#8211; technik informatyk"}]},{"@type":"WebSite","@id":"https://zsp1chojna.pl/#website","url":"https://zsp1chojna.pl/","name":"ZSP w Chojnie","description":"","publisher":{"@id":"https://zsp1chojna.pl/#organization"},"potentialAction":[{"@type":"SearchAction","target":{"@type":"EntryPoint","urlTemplate":"https://zsp1chojna.pl/?s={search_term_string}"},"query-input":"required name=search_term_string"}],"inLanguage":"pl-PL"},{"@type":"Organization","@id":"https://zsp1chojna.pl/#organization","name":"ZSP w Chojnie","url":"https://zsp1chojna.pl/","logo":{"@type":"ImageObject","inLanguage":"pl-PL","@id":"https://zsp1chojna.pl/#/schema/logo/image/","url":"https://zsp1chojna.pl/wp-content/uploads/2023/08/cropped-cropped-cropped-Logo-biale-napis-na-3-wiersze_504-1.png","contentUrl":"https://zsp1chojna.pl/wp-content/uploads/2023/08/cropped-cropped-cropped-Logo-biale-napis-na-3-wiersze_504-1.png","width":504,"height":167,"caption":"ZSP w Chojnie"},"image":{"@id":"https://zsp1chojna.pl/#/schema/logo/image/"}}]}</script>
<!-- / Yoast SEO plugin. -->

Wychowawca mgr Kamila Góra Banasik MateuszBlicharz WeronikaButoka PiotrChełstowski DariuszCieplak PawełCieślik BartoszDominiak MateuszDudek PawełDurka KrystianDwużnik IreneuszFajfer JarosławGąsior ŁukaszGil AleksandraKałużniak RemigiuszKuryłowicz MonikaKrzyżanowski PatrykMarciniak ŁukaszMarek AdamOszurko PatrycjaPohorecki RafałSawicki MateuszSiwiera PatrykSłupski PatrykSowiński MateuszSyczewski DamianŚnioszek [&hellip;]
