{"id":10946,"date":"2024-10-28T10:00:48","date_gmt":"2024-10-28T09:00:48","guid":{"rendered":"https:\/\/zsp1chojna.pl\/?page_id=10946"},"modified":"2024-10-28T10:18:10","modified_gmt":"2024-10-28T09:18:10","slug":"rok-2015-technikum-informatyczne","status":"publish","type":"page","link":"https:\/\/zsp1chojna.pl\/?page_id=10946","title":{"rendered":"Rok 2015 &#8211; technik informatyk"},"content":{"rendered":"\n<p><strong>Wychowawca mgr\u00a0Gustaw Cedro<\/strong><br><br>Deptuch Rafa\u0142<br>Gli\u0144ski Grzegorz<br>Judt Bart\u0142omiej<br>Karpiak Piotr<br>K\u0142apouch Jakub<br>Kupidura Artur<br>Lechowski Maciej<br>Malecki Wojciech<br>Malewicz Zbigniew<br>Noga Kamil<br>Og\u00f3rek Mateusz<br>Pietrzykowski Tomasz<br>Rafalski Adrian<br>Szymczyk B\u0142a\u017cej<br>Tomaszewski Rados\u0142aw<br>Wa\u0144czurowski Maciej<br>Wilczy\u0144ski Bart\u0142omiej<br>Zielonka Pawe\u0142<\/p>\n","protected":false},"excerpt":{"rendered":"<p>Wychowawca mgr\u00a0Gustaw Cedro Deptuch Rafa\u0142Gli\u0144ski GrzegorzJudt Bart\u0142omiejKarpiak PiotrK\u0142apouch JakubKupidura ArturLechowski MaciejMalecki WojciechMalewicz ZbigniewNoga KamilOg\u00f3rek MateuszPietrzykowski TomaszRafalski AdrianSzymczyk B\u0142a\u017cejTomaszewski Rados\u0142awWa\u0144czurowski MaciejWilczy\u0144ski Bart\u0142omiejZielonka Pawe\u0142<\/p>\n","protected":false},"author":9,"featured_media":0,"parent":0,"menu_order":0,"comment_status":"closed","ping_status":"closed","template":"","meta":{"footnotes":""},"class_list":["post-10946","page","type-page","status-publish","hentry"],"yoast_head":"<!-- This site is optimized with the Yoast SEO plugin v20.13 - https:\/\/yoast.com\/wordpress\/plugins\/seo\/ -->\n<title>Rok 2015 - technik informatyk - ZSP w Chojnie<\/title>\n<meta name=\"robots\" content=\"index, follow, max-snippet:-1, max-image-preview:large, max-video-preview:-1\" \/>\n<link rel=\"canonical\" href=\"https:\/\/zsp1chojna.pl\/?page_id=10946\" \/>\n<meta property=\"og:locale\" content=\"pl_PL\" \/>\n<meta property=\"og:type\" content=\"article\" \/>\n<meta property=\"og:title\" content=\"Rok 2015 - technik informatyk - ZSP w Chojnie\" \/>\n<meta property=\"og:description\" content=\"Wychowawca mgr\u00a0Gustaw Cedro Deptuch Rafa\u0142Gli\u0144ski GrzegorzJudt Bart\u0142omiejKarpiak PiotrK\u0142apouch JakubKupidura ArturLechowski MaciejMalecki WojciechMalewicz ZbigniewNoga KamilOg\u00f3rek MateuszPietrzykowski TomaszRafalski AdrianSzymczyk B\u0142a\u017cejTomaszewski Rados\u0142awWa\u0144czurowski MaciejWilczy\u0144ski Bart\u0142omiejZielonka Pawe\u0142\" \/>\n<meta property=\"og:url\" content=\"https:\/\/zsp1chojna.pl\/?page_id=10946\" \/>\n<meta property=\"og:site_name\" content=\"ZSP w Chojnie\" \/>\n<meta property=\"article:modified_time\" content=\"2024-10-28T09:18:10+00:00\" \/>\n<meta name=\"twitter:card\" content=\"summary_large_image\" \/>\n<meta name=\"twitter:label1\" content=\"Szacowany czas czytania\" \/>\n\t<meta name=\"twitter:data1\" content=\"1 minuta\" \/>\n<script type=\"application\/ld+json\" class=\"yoast-schema-graph\">{\"@context\":\"https:\/\/schema.org\",\"@graph\":[{\"@type\":\"WebPage\",\"@id\":\"https:\/\/zsp1chojna.pl\/?page_id=10946\",\"url\":\"https:\/\/zsp1chojna.pl\/?page_id=10946\",\"name\":\"Rok 2015 - technik informatyk - ZSP w Chojnie\",\"isPartOf\":{\"@id\":\"https:\/\/zsp1chojna.pl\/#website\"},\"datePublished\":\"2024-10-28T09:00:48+00:00\",\"dateModified\":\"2024-10-28T09:18:10+00:00\",\"breadcrumb\":{\"@id\":\"https:\/\/zsp1chojna.pl\/?page_id=10946#breadcrumb\"},\"inLanguage\":\"pl-PL\",\"potentialAction\":[{\"@type\":\"ReadAction\",\"target\":[\"https:\/\/zsp1chojna.pl\/?page_id=10946\"]}]},{\"@type\":\"BreadcrumbList\",\"@id\":\"https:\/\/zsp1chojna.pl\/?page_id=10946#breadcrumb\",\"itemListElement\":[{\"@type\":\"ListItem\",\"position\":1,\"name\":\"Home\",\"item\":\"https:\/\/zsp1chojna.pl\/\"},{\"@type\":\"ListItem\",\"position\":2,\"name\":\"Rok 2015 &#8211; technik informatyk\"}]},{\"@type\":\"WebSite\",\"@id\":\"https:\/\/zsp1chojna.pl\/#website\",\"url\":\"https:\/\/zsp1chojna.pl\/\",\"name\":\"ZSP w Chojnie\",\"description\":\"\",\"publisher\":{\"@id\":\"https:\/\/zsp1chojna.pl\/#organization\"},\"potentialAction\":[{\"@type\":\"SearchAction\",\"target\":{\"@type\":\"EntryPoint\",\"urlTemplate\":\"https:\/\/zsp1chojna.pl\/?s={search_term_string}\"},\"query-input\":\"required name=search_term_string\"}],\"inLanguage\":\"pl-PL\"},{\"@type\":\"Organization\",\"@id\":\"https:\/\/zsp1chojna.pl\/#organization\",\"name\":\"ZSP w Chojnie\",\"url\":\"https:\/\/zsp1chojna.pl\/\",\"logo\":{\"@type\":\"ImageObject\",\"inLanguage\":\"pl-PL\",\"@id\":\"https:\/\/zsp1chojna.pl\/#\/schema\/logo\/image\/\",\"url\":\"https:\/\/zsp1chojna.pl\/wp-content\/uploads\/2023\/08\/cropped-cropped-cropped-Logo-biale-napis-na-3-wiersze_504-1.png\",\"contentUrl\":\"https:\/\/zsp1chojna.pl\/wp-content\/uploads\/2023\/08\/cropped-cropped-cropped-Logo-biale-napis-na-3-wiersze_504-1.png\",\"width\":504,\"height\":167,\"caption\":\"ZSP w Chojnie\"},\"image\":{\"@id\":\"https:\/\/zsp1chojna.pl\/#\/schema\/logo\/image\/\"}}]}<\/script>\n<!-- \/ Yoast SEO plugin. -->","yoast_head_json":{"title":"Rok 2015 - technik informatyk - ZSP w Chojnie","robots":{"index":"index","follow":"follow","max-snippet":"max-snippet:-1","max-image-preview":"max-image-preview:large","max-video-preview":"max-video-preview:-1"},"canonical":"https:\/\/zsp1chojna.pl\/?page_id=10946","og_locale":"pl_PL","og_type":"article","og_title":"Rok 2015 - technik informatyk - ZSP w Chojnie","og_description":"Wychowawca mgr\u00a0Gustaw Cedro Deptuch Rafa\u0142Gli\u0144ski GrzegorzJudt Bart\u0142omiejKarpiak PiotrK\u0142apouch JakubKupidura ArturLechowski MaciejMalecki WojciechMalewicz ZbigniewNoga KamilOg\u00f3rek MateuszPietrzykowski TomaszRafalski AdrianSzymczyk B\u0142a\u017cejTomaszewski Rados\u0142awWa\u0144czurowski MaciejWilczy\u0144ski Bart\u0142omiejZielonka Pawe\u0142","og_url":"https:\/\/zsp1chojna.pl\/?page_id=10946","og_site_name":"ZSP w Chojnie","article_modified_time":"2024-10-28T09:18:10+00:00","twitter_card":"summary_large_image","twitter_misc":{"Szacowany czas czytania":"1 minuta"},"schema":{"@context":"https:\/\/schema.org","@graph":[{"@type":"WebPage","@id":"https:\/\/zsp1chojna.pl\/?page_id=10946","url":"https:\/\/zsp1chojna.pl\/?page_id=10946","name":"Rok 2015 - technik informatyk - ZSP w Chojnie","isPartOf":{"@id":"https:\/\/zsp1chojna.pl\/#website"},"datePublished":"2024-10-28T09:00:48+00:00","dateModified":"2024-10-28T09:18:10+00:00","breadcrumb":{"@id":"https:\/\/zsp1chojna.pl\/?page_id=10946#breadcrumb"},"inLanguage":"pl-PL","potentialAction":[{"@type":"ReadAction","target":["https:\/\/zsp1chojna.pl\/?page_id=10946"]}]},{"@type":"BreadcrumbList","@id":"https:\/\/zsp1chojna.pl\/?page_id=10946#breadcrumb","itemListElement":[{"@type":"ListItem","position":1,"name":"Home","item":"https:\/\/zsp1chojna.pl\/"},{"@type":"ListItem","position":2,"name":"Rok 2015 &#8211; technik informatyk"}]},{"@type":"WebSite","@id":"https:\/\/zsp1chojna.pl\/#website","url":"https:\/\/zsp1chojna.pl\/","name":"ZSP w Chojnie","description":"","publisher":{"@id":"https:\/\/zsp1chojna.pl\/#organization"},"potentialAction":[{"@type":"SearchAction","target":{"@type":"EntryPoint","urlTemplate":"https:\/\/zsp1chojna.pl\/?s={search_term_string}"},"query-input":"required name=search_term_string"}],"inLanguage":"pl-PL"},{"@type":"Organization","@id":"https:\/\/zsp1chojna.pl\/#organization","name":"ZSP w Chojnie","url":"https:\/\/zsp1chojna.pl\/","logo":{"@type":"ImageObject","inLanguage":"pl-PL","@id":"https:\/\/zsp1chojna.pl\/#\/schema\/logo\/image\/","url":"https:\/\/zsp1chojna.pl\/wp-content\/uploads\/2023\/08\/cropped-cropped-cropped-Logo-biale-napis-na-3-wiersze_504-1.png","contentUrl":"https:\/\/zsp1chojna.pl\/wp-content\/uploads\/2023\/08\/cropped-cropped-cropped-Logo-biale-napis-na-3-wiersze_504-1.png","width":504,"height":167,"caption":"ZSP w Chojnie"},"image":{"@id":"https:\/\/zsp1chojna.pl\/#\/schema\/logo\/image\/"}}]}},"_links":{"self":[{"href":"https:\/\/zsp1chojna.pl\/index.php?rest_route=\/wp\/v2\/pages\/10946","targetHints":{"allow":["GET"]}}],"collection":[{"href":"https:\/\/zsp1chojna.pl\/index.php?rest_route=\/wp\/v2\/pages"}],"about":[{"href":"https:\/\/zsp1chojna.pl\/index.php?rest_route=\/wp\/v2\/types\/page"}],"author":[{"embeddable":true,"href":"https:\/\/zsp1chojna.pl\/index.php?rest_route=\/wp\/v2\/users\/9"}],"replies":[{"embeddable":true,"href":"https:\/\/zsp1chojna.pl\/index.php?rest_route=%2Fwp%2Fv2%2Fcomments&post=10946"}],"version-history":[{"count":2,"href":"https:\/\/zsp1chojna.pl\/index.php?rest_route=\/wp\/v2\/pages\/10946\/revisions"}],"predecessor-version":[{"id":11040,"href":"https:\/\/zsp1chojna.pl\/index.php?rest_route=\/wp\/v2\/pages\/10946\/revisions\/11040"}],"wp:attachment":[{"href":"https:\/\/zsp1chojna.pl\/index.php?rest_route=%2Fwp%2Fv2%2Fmedia&parent=10946"}],"curies":[{"name":"wp","href":"https:\/\/api.w.org\/{rel}","templated":true}]}}

<p><strong>Wychowawca mgr Gustaw Cedro</strong><br><br>Deptuch Rafał<br>Gliński Grzegorz<br>Judt Bartłomiej<br>Karpiak Piotr<br>Kłapouch Jakub<br>Kupidura Artur<br>Lechowski Maciej<br>Malecki Wojciech<br>Malewicz Zbigniew<br>Noga Kamil<br>Ogórek Mateusz<br>Pietrzykowski Tomasz<br>Rafalski Adrian<br>Szymczyk Błażej<br>Tomaszewski Radosław<br>Wańczurowski Maciej<br>Wilczyński Bartłomiej<br>Zielonka Paweł</p>

<p>Wychowawca mgr Gustaw Cedro Deptuch RafałGliński GrzegorzJudt BartłomiejKarpiak PiotrKłapouch JakubKupidura ArturLechowski MaciejMalecki WojciechMalewicz ZbigniewNoga KamilOgórek MateuszPietrzykowski TomaszRafalski AdrianSzymczyk BłażejTomaszewski RadosławWańczurowski MaciejWilczyński BartłomiejZielonka Paweł</p>

<!-- This site is optimized with the Yoast SEO plugin v20.13 - https://yoast.com/wordpress/plugins/seo/ -->
<title>Rok 2015 - technik informatyk - ZSP w Chojnie</title>
<meta name="robots" content="index, follow, max-snippet:-1, max-image-preview:large, max-video-preview:-1" />
<link rel="canonical" href="https://zsp1chojna.pl/?page_id=10946" />
<meta property="og:locale" content="pl_PL" />
<meta property="og:type" content="article" />
<meta property="og:title" content="Rok 2015 - technik informatyk - ZSP w Chojnie" />
<meta property="og:description" content="Wychowawca mgr Gustaw Cedro Deptuch RafałGliński GrzegorzJudt BartłomiejKarpiak PiotrKłapouch JakubKupidura ArturLechowski MaciejMalecki WojciechMalewicz ZbigniewNoga KamilOgórek MateuszPietrzykowski TomaszRafalski AdrianSzymczyk BłażejTomaszewski RadosławWańczurowski MaciejWilczyński BartłomiejZielonka Paweł" />
<meta property="og:url" content="https://zsp1chojna.pl/?page_id=10946" />
<meta property="og:site_name" content="ZSP w Chojnie" />
<meta property="article:modified_time" content="2024-10-28T09:18:10+00:00" />
<meta name="twitter:card" content="summary_large_image" />
<meta name="twitter:label1" content="Szacowany czas czytania" />
	<meta name="twitter:data1" content="1 minuta" />
<script type="application/ld+json" class="yoast-schema-graph">{"@context":"https://schema.org","@graph":[{"@type":"WebPage","@id":"https://zsp1chojna.pl/?page_id=10946","url":"https://zsp1chojna.pl/?page_id=10946","name":"Rok 2015 - technik informatyk - ZSP w Chojnie","isPartOf":{"@id":"https://zsp1chojna.pl/#website"},"datePublished":"2024-10-28T09:00:48+00:00","dateModified":"2024-10-28T09:18:10+00:00","breadcrumb":{"@id":"https://zsp1chojna.pl/?page_id=10946#breadcrumb"},"inLanguage":"pl-PL","potentialAction":[{"@type":"ReadAction","target":["https://zsp1chojna.pl/?page_id=10946"]}]},{"@type":"BreadcrumbList","@id":"https://zsp1chojna.pl/?page_id=10946#breadcrumb","itemListElement":[{"@type":"ListItem","position":1,"name":"Home","item":"https://zsp1chojna.pl/"},{"@type":"ListItem","position":2,"name":"Rok 2015 &#8211; technik informatyk"}]},{"@type":"WebSite","@id":"https://zsp1chojna.pl/#website","url":"https://zsp1chojna.pl/","name":"ZSP w Chojnie","description":"","publisher":{"@id":"https://zsp1chojna.pl/#organization"},"potentialAction":[{"@type":"SearchAction","target":{"@type":"EntryPoint","urlTemplate":"https://zsp1chojna.pl/?s={search_term_string}"},"query-input":"required name=search_term_string"}],"inLanguage":"pl-PL"},{"@type":"Organization","@id":"https://zsp1chojna.pl/#organization","name":"ZSP w Chojnie","url":"https://zsp1chojna.pl/","logo":{"@type":"ImageObject","inLanguage":"pl-PL","@id":"https://zsp1chojna.pl/#/schema/logo/image/","url":"https://zsp1chojna.pl/wp-content/uploads/2023/08/cropped-cropped-cropped-Logo-biale-napis-na-3-wiersze_504-1.png","contentUrl":"https://zsp1chojna.pl/wp-content/uploads/2023/08/cropped-cropped-cropped-Logo-biale-napis-na-3-wiersze_504-1.png","width":504,"height":167,"caption":"ZSP w Chojnie"},"image":{"@id":"https://zsp1chojna.pl/#/schema/logo/image/"}}]}</script>
<!-- / Yoast SEO plugin. -->

Wychowawca mgr Gustaw Cedro Deptuch RafałGliński GrzegorzJudt BartłomiejKarpiak PiotrKłapouch JakubKupidura ArturLechowski MaciejMalecki WojciechMalewicz ZbigniewNoga KamilOgórek MateuszPietrzykowski TomaszRafalski AdrianSzymczyk BłażejTomaszewski RadosławWańczurowski MaciejWilczyński BartłomiejZielonka Paweł
