{"id":10939,"date":"2024-10-28T09:59:19","date_gmt":"2024-10-28T08:59:19","guid":{"rendered":"https:\/\/zsp1chojna.pl\/?page_id=10939"},"modified":"2024-10-28T09:59:21","modified_gmt":"2024-10-28T08:59:21","slug":"rok-2016-technik-informatyk","status":"publish","type":"page","link":"https:\/\/zsp1chojna.pl\/?page_id=10939","title":{"rendered":"Rok 2016 &#8211; technik informatyk"},"content":{"rendered":"\n<p><strong>Wychowawca mgr\u00a0Leszek Lejman<\/strong><br><br>D\u0142ubak Bartosz<br>Fyk Adrian<br>Gil Micha\u0142<br>G\u00f3rski Bartosz<br>G\u00f3rski Mateusz<br>Kalinowski Gracjan<br>Klag Daniel<br>Krystofiak Alicja<br>Martynowicz Patryk<br>Orszulak Bart\u0142omiej<br>Paliwoda Jakub<br>Radymniak Przemys\u0142aw<br>Skiba Bart\u0142omiej<br>Straszewski Rados\u0142aw<br>Strzelec Pawe\u0142<br>W\u00f3jtowicz Rados\u0142aw<br>\u017bak Przemys\u0142aw<\/p>\n","protected":false},"excerpt":{"rendered":"<p>Wychowawca mgr\u00a0Leszek Lejman D\u0142ubak BartoszFyk AdrianGil Micha\u0142G\u00f3rski BartoszG\u00f3rski MateuszKalinowski GracjanKlag DanielKrystofiak AlicjaMartynowicz PatrykOrszulak Bart\u0142omiejPaliwoda JakubRadymniak Przemys\u0142awSkiba Bart\u0142omiejStraszewski Rados\u0142awStrzelec Pawe\u0142W\u00f3jtowicz Rados\u0142aw\u017bak Przemys\u0142aw<\/p>\n","protected":false},"author":9,"featured_media":0,"parent":0,"menu_order":0,"comment_status":"closed","ping_status":"closed","template":"","meta":{"footnotes":""},"class_list":["post-10939","page","type-page","status-publish","hentry"],"yoast_head":"<!-- This site is optimized with the Yoast SEO plugin v20.13 - https:\/\/yoast.com\/wordpress\/plugins\/seo\/ -->\n<title>Rok 2016 - technik informatyk - ZSP w Chojnie<\/title>\n<meta name=\"robots\" content=\"index, follow, max-snippet:-1, max-image-preview:large, max-video-preview:-1\" \/>\n<link rel=\"canonical\" href=\"https:\/\/zsp1chojna.pl\/?page_id=10939\" \/>\n<meta property=\"og:locale\" content=\"pl_PL\" \/>\n<meta property=\"og:type\" content=\"article\" \/>\n<meta property=\"og:title\" content=\"Rok 2016 - technik informatyk - ZSP w Chojnie\" \/>\n<meta property=\"og:description\" content=\"Wychowawca mgr\u00a0Leszek Lejman D\u0142ubak BartoszFyk AdrianGil Micha\u0142G\u00f3rski BartoszG\u00f3rski MateuszKalinowski GracjanKlag DanielKrystofiak AlicjaMartynowicz PatrykOrszulak Bart\u0142omiejPaliwoda JakubRadymniak Przemys\u0142awSkiba Bart\u0142omiejStraszewski Rados\u0142awStrzelec Pawe\u0142W\u00f3jtowicz Rados\u0142aw\u017bak Przemys\u0142aw\" \/>\n<meta property=\"og:url\" content=\"https:\/\/zsp1chojna.pl\/?page_id=10939\" \/>\n<meta property=\"og:site_name\" content=\"ZSP w Chojnie\" \/>\n<meta property=\"article:modified_time\" content=\"2024-10-28T08:59:21+00:00\" \/>\n<meta name=\"twitter:card\" content=\"summary_large_image\" \/>\n<meta name=\"twitter:label1\" content=\"Szacowany czas czytania\" \/>\n\t<meta name=\"twitter:data1\" content=\"1 minuta\" \/>\n<script type=\"application\/ld+json\" class=\"yoast-schema-graph\">{\"@context\":\"https:\/\/schema.org\",\"@graph\":[{\"@type\":\"WebPage\",\"@id\":\"https:\/\/zsp1chojna.pl\/?page_id=10939\",\"url\":\"https:\/\/zsp1chojna.pl\/?page_id=10939\",\"name\":\"Rok 2016 - technik informatyk - ZSP w Chojnie\",\"isPartOf\":{\"@id\":\"https:\/\/zsp1chojna.pl\/#website\"},\"datePublished\":\"2024-10-28T08:59:19+00:00\",\"dateModified\":\"2024-10-28T08:59:21+00:00\",\"breadcrumb\":{\"@id\":\"https:\/\/zsp1chojna.pl\/?page_id=10939#breadcrumb\"},\"inLanguage\":\"pl-PL\",\"potentialAction\":[{\"@type\":\"ReadAction\",\"target\":[\"https:\/\/zsp1chojna.pl\/?page_id=10939\"]}]},{\"@type\":\"BreadcrumbList\",\"@id\":\"https:\/\/zsp1chojna.pl\/?page_id=10939#breadcrumb\",\"itemListElement\":[{\"@type\":\"ListItem\",\"position\":1,\"name\":\"Home\",\"item\":\"https:\/\/zsp1chojna.pl\/\"},{\"@type\":\"ListItem\",\"position\":2,\"name\":\"Rok 2016 &#8211; technik informatyk\"}]},{\"@type\":\"WebSite\",\"@id\":\"https:\/\/zsp1chojna.pl\/#website\",\"url\":\"https:\/\/zsp1chojna.pl\/\",\"name\":\"ZSP w Chojnie\",\"description\":\"\",\"publisher\":{\"@id\":\"https:\/\/zsp1chojna.pl\/#organization\"},\"potentialAction\":[{\"@type\":\"SearchAction\",\"target\":{\"@type\":\"EntryPoint\",\"urlTemplate\":\"https:\/\/zsp1chojna.pl\/?s={search_term_string}\"},\"query-input\":\"required name=search_term_string\"}],\"inLanguage\":\"pl-PL\"},{\"@type\":\"Organization\",\"@id\":\"https:\/\/zsp1chojna.pl\/#organization\",\"name\":\"ZSP w Chojnie\",\"url\":\"https:\/\/zsp1chojna.pl\/\",\"logo\":{\"@type\":\"ImageObject\",\"inLanguage\":\"pl-PL\",\"@id\":\"https:\/\/zsp1chojna.pl\/#\/schema\/logo\/image\/\",\"url\":\"https:\/\/zsp1chojna.pl\/wp-content\/uploads\/2023\/08\/cropped-cropped-cropped-Logo-biale-napis-na-3-wiersze_504-1.png\",\"contentUrl\":\"https:\/\/zsp1chojna.pl\/wp-content\/uploads\/2023\/08\/cropped-cropped-cropped-Logo-biale-napis-na-3-wiersze_504-1.png\",\"width\":504,\"height\":167,\"caption\":\"ZSP w Chojnie\"},\"image\":{\"@id\":\"https:\/\/zsp1chojna.pl\/#\/schema\/logo\/image\/\"}}]}<\/script>\n<!-- \/ Yoast SEO plugin. -->","yoast_head_json":{"title":"Rok 2016 - technik informatyk - ZSP w Chojnie","robots":{"index":"index","follow":"follow","max-snippet":"max-snippet:-1","max-image-preview":"max-image-preview:large","max-video-preview":"max-video-preview:-1"},"canonical":"https:\/\/zsp1chojna.pl\/?page_id=10939","og_locale":"pl_PL","og_type":"article","og_title":"Rok 2016 - technik informatyk - ZSP w Chojnie","og_description":"Wychowawca mgr\u00a0Leszek Lejman D\u0142ubak BartoszFyk AdrianGil Micha\u0142G\u00f3rski BartoszG\u00f3rski MateuszKalinowski GracjanKlag DanielKrystofiak AlicjaMartynowicz PatrykOrszulak Bart\u0142omiejPaliwoda JakubRadymniak Przemys\u0142awSkiba Bart\u0142omiejStraszewski Rados\u0142awStrzelec Pawe\u0142W\u00f3jtowicz Rados\u0142aw\u017bak Przemys\u0142aw","og_url":"https:\/\/zsp1chojna.pl\/?page_id=10939","og_site_name":"ZSP w Chojnie","article_modified_time":"2024-10-28T08:59:21+00:00","twitter_card":"summary_large_image","twitter_misc":{"Szacowany czas czytania":"1 minuta"},"schema":{"@context":"https:\/\/schema.org","@graph":[{"@type":"WebPage","@id":"https:\/\/zsp1chojna.pl\/?page_id=10939","url":"https:\/\/zsp1chojna.pl\/?page_id=10939","name":"Rok 2016 - technik informatyk - ZSP w Chojnie","isPartOf":{"@id":"https:\/\/zsp1chojna.pl\/#website"},"datePublished":"2024-10-28T08:59:19+00:00","dateModified":"2024-10-28T08:59:21+00:00","breadcrumb":{"@id":"https:\/\/zsp1chojna.pl\/?page_id=10939#breadcrumb"},"inLanguage":"pl-PL","potentialAction":[{"@type":"ReadAction","target":["https:\/\/zsp1chojna.pl\/?page_id=10939"]}]},{"@type":"BreadcrumbList","@id":"https:\/\/zsp1chojna.pl\/?page_id=10939#breadcrumb","itemListElement":[{"@type":"ListItem","position":1,"name":"Home","item":"https:\/\/zsp1chojna.pl\/"},{"@type":"ListItem","position":2,"name":"Rok 2016 &#8211; technik informatyk"}]},{"@type":"WebSite","@id":"https:\/\/zsp1chojna.pl\/#website","url":"https:\/\/zsp1chojna.pl\/","name":"ZSP w Chojnie","description":"","publisher":{"@id":"https:\/\/zsp1chojna.pl\/#organization"},"potentialAction":[{"@type":"SearchAction","target":{"@type":"EntryPoint","urlTemplate":"https:\/\/zsp1chojna.pl\/?s={search_term_string}"},"query-input":"required name=search_term_string"}],"inLanguage":"pl-PL"},{"@type":"Organization","@id":"https:\/\/zsp1chojna.pl\/#organization","name":"ZSP w Chojnie","url":"https:\/\/zsp1chojna.pl\/","logo":{"@type":"ImageObject","inLanguage":"pl-PL","@id":"https:\/\/zsp1chojna.pl\/#\/schema\/logo\/image\/","url":"https:\/\/zsp1chojna.pl\/wp-content\/uploads\/2023\/08\/cropped-cropped-cropped-Logo-biale-napis-na-3-wiersze_504-1.png","contentUrl":"https:\/\/zsp1chojna.pl\/wp-content\/uploads\/2023\/08\/cropped-cropped-cropped-Logo-biale-napis-na-3-wiersze_504-1.png","width":504,"height":167,"caption":"ZSP w Chojnie"},"image":{"@id":"https:\/\/zsp1chojna.pl\/#\/schema\/logo\/image\/"}}]}},"_links":{"self":[{"href":"https:\/\/zsp1chojna.pl\/index.php?rest_route=\/wp\/v2\/pages\/10939","targetHints":{"allow":["GET"]}}],"collection":[{"href":"https:\/\/zsp1chojna.pl\/index.php?rest_route=\/wp\/v2\/pages"}],"about":[{"href":"https:\/\/zsp1chojna.pl\/index.php?rest_route=\/wp\/v2\/types\/page"}],"author":[{"embeddable":true,"href":"https:\/\/zsp1chojna.pl\/index.php?rest_route=\/wp\/v2\/users\/9"}],"replies":[{"embeddable":true,"href":"https:\/\/zsp1chojna.pl\/index.php?rest_route=%2Fwp%2Fv2%2Fcomments&post=10939"}],"version-history":[{"count":1,"href":"https:\/\/zsp1chojna.pl\/index.php?rest_route=\/wp\/v2\/pages\/10939\/revisions"}],"predecessor-version":[{"id":10943,"href":"https:\/\/zsp1chojna.pl\/index.php?rest_route=\/wp\/v2\/pages\/10939\/revisions\/10943"}],"wp:attachment":[{"href":"https:\/\/zsp1chojna.pl\/index.php?rest_route=%2Fwp%2Fv2%2Fmedia&parent=10939"}],"curies":[{"name":"wp","href":"https:\/\/api.w.org\/{rel}","templated":true}]}}

<p><strong>Wychowawca mgr Leszek Lejman</strong><br><br>Dłubak Bartosz<br>Fyk Adrian<br>Gil Michał<br>Górski Bartosz<br>Górski Mateusz<br>Kalinowski Gracjan<br>Klag Daniel<br>Krystofiak Alicja<br>Martynowicz Patryk<br>Orszulak Bartłomiej<br>Paliwoda Jakub<br>Radymniak Przemysław<br>Skiba Bartłomiej<br>Straszewski Radosław<br>Strzelec Paweł<br>Wójtowicz Radosław<br>Żak Przemysław</p>

<p>Wychowawca mgr Leszek Lejman Dłubak BartoszFyk AdrianGil MichałGórski BartoszGórski MateuszKalinowski GracjanKlag DanielKrystofiak AlicjaMartynowicz PatrykOrszulak BartłomiejPaliwoda JakubRadymniak PrzemysławSkiba BartłomiejStraszewski RadosławStrzelec PawełWójtowicz RadosławŻak Przemysław</p>

<!-- This site is optimized with the Yoast SEO plugin v20.13 - https://yoast.com/wordpress/plugins/seo/ -->
<title>Rok 2016 - technik informatyk - ZSP w Chojnie</title>
<meta name="robots" content="index, follow, max-snippet:-1, max-image-preview:large, max-video-preview:-1" />
<link rel="canonical" href="https://zsp1chojna.pl/?page_id=10939" />
<meta property="og:locale" content="pl_PL" />
<meta property="og:type" content="article" />
<meta property="og:title" content="Rok 2016 - technik informatyk - ZSP w Chojnie" />
<meta property="og:description" content="Wychowawca mgr Leszek Lejman Dłubak BartoszFyk AdrianGil MichałGórski BartoszGórski MateuszKalinowski GracjanKlag DanielKrystofiak AlicjaMartynowicz PatrykOrszulak BartłomiejPaliwoda JakubRadymniak PrzemysławSkiba BartłomiejStraszewski RadosławStrzelec PawełWójtowicz RadosławŻak Przemysław" />
<meta property="og:url" content="https://zsp1chojna.pl/?page_id=10939" />
<meta property="og:site_name" content="ZSP w Chojnie" />
<meta property="article:modified_time" content="2024-10-28T08:59:21+00:00" />
<meta name="twitter:card" content="summary_large_image" />
<meta name="twitter:label1" content="Szacowany czas czytania" />
	<meta name="twitter:data1" content="1 minuta" />
<script type="application/ld+json" class="yoast-schema-graph">{"@context":"https://schema.org","@graph":[{"@type":"WebPage","@id":"https://zsp1chojna.pl/?page_id=10939","url":"https://zsp1chojna.pl/?page_id=10939","name":"Rok 2016 - technik informatyk - ZSP w Chojnie","isPartOf":{"@id":"https://zsp1chojna.pl/#website"},"datePublished":"2024-10-28T08:59:19+00:00","dateModified":"2024-10-28T08:59:21+00:00","breadcrumb":{"@id":"https://zsp1chojna.pl/?page_id=10939#breadcrumb"},"inLanguage":"pl-PL","potentialAction":[{"@type":"ReadAction","target":["https://zsp1chojna.pl/?page_id=10939"]}]},{"@type":"BreadcrumbList","@id":"https://zsp1chojna.pl/?page_id=10939#breadcrumb","itemListElement":[{"@type":"ListItem","position":1,"name":"Home","item":"https://zsp1chojna.pl/"},{"@type":"ListItem","position":2,"name":"Rok 2016 &#8211; technik informatyk"}]},{"@type":"WebSite","@id":"https://zsp1chojna.pl/#website","url":"https://zsp1chojna.pl/","name":"ZSP w Chojnie","description":"","publisher":{"@id":"https://zsp1chojna.pl/#organization"},"potentialAction":[{"@type":"SearchAction","target":{"@type":"EntryPoint","urlTemplate":"https://zsp1chojna.pl/?s={search_term_string}"},"query-input":"required name=search_term_string"}],"inLanguage":"pl-PL"},{"@type":"Organization","@id":"https://zsp1chojna.pl/#organization","name":"ZSP w Chojnie","url":"https://zsp1chojna.pl/","logo":{"@type":"ImageObject","inLanguage":"pl-PL","@id":"https://zsp1chojna.pl/#/schema/logo/image/","url":"https://zsp1chojna.pl/wp-content/uploads/2023/08/cropped-cropped-cropped-Logo-biale-napis-na-3-wiersze_504-1.png","contentUrl":"https://zsp1chojna.pl/wp-content/uploads/2023/08/cropped-cropped-cropped-Logo-biale-napis-na-3-wiersze_504-1.png","width":504,"height":167,"caption":"ZSP w Chojnie"},"image":{"@id":"https://zsp1chojna.pl/#/schema/logo/image/"}}]}</script>
<!-- / Yoast SEO plugin. -->

Wychowawca mgr Leszek Lejman Dłubak BartoszFyk AdrianGil MichałGórski BartoszGórski MateuszKalinowski GracjanKlag DanielKrystofiak AlicjaMartynowicz PatrykOrszulak BartłomiejPaliwoda JakubRadymniak PrzemysławSkiba BartłomiejStraszewski RadosławStrzelec PawełWójtowicz RadosławŻak Przemysław
