{"id":10929,"date":"2024-10-28T10:01:46","date_gmt":"2024-10-28T09:01:46","guid":{"rendered":"https:\/\/zsp1chojna.pl\/?page_id=10929"},"modified":"2024-10-28T10:18:34","modified_gmt":"2024-10-28T09:18:34","slug":"2009-technik-hotelarstwa","status":"publish","type":"page","link":"https:\/\/zsp1chojna.pl\/?page_id=10929","title":{"rendered":"Rok 2009 &#8211; technik hotelarstwa"},"content":{"rendered":"<style>.kadence-column10929_0800a5-2c > .kt-inside-inner-col,.kadence-column10929_0800a5-2c > .kt-inside-inner-col:before{border-top-left-radius:0px;border-top-right-radius:0px;border-bottom-right-radius:0px;border-bottom-left-radius:0px;}.kadence-column10929_0800a5-2c > .kt-inside-inner-col:before{opacity:0.3;}.kadence-column10929_0800a5-2c{position:relative;}<\/style>\n<div class=\"wp-block-kadence-column kadence-column10929_0800a5-2c\"><div class=\"kt-inside-inner-col\">\n<div class=\"wp-block-columns is-layout-flex wp-container-core-columns-is-layout-9d6595d7 wp-block-columns-is-layout-flex\">\n<div class=\"wp-block-column is-layout-flow wp-block-column-is-layout-flow\">\n<p><strong>klasa IV a\u00a0<\/strong><br><strong>Wychowawca mgr\u00a0Barbara Oleksy<\/strong><\/p>\n\n\n\n<p>Dza\u0142ba Ma\u0142gorzata<br>Frontczak Katarzyna<br>Glanert Sadra \u017baneta<br>Komosi\u0144ska Alicja<br>Kuczy\u0144ska Katarzyna<br>Kurpiel Agnieszka<br>Malec Monika<br>Marciniak Magda Maria<br>Mazurkiewicz Paulina<br>M\u0105dro Katarzyna Joanna<br>Michalak Sebastian<br>Mielec Paulina<br>Mikos Ma\u0142gorzata<br>Musia\u0142owska Karolina Monika<br>Or\u0142owska Karolina<br>Po\u017cyczka Magdalena<br>Rokicka Paulina Maria<br>Romacka Katarzyna<br>Sikora Karol<br>S\u0142awi\u0144ski Pawe\u0142 Roman<br>Snopek Aneta Ewa<br>Szpek Patryk<br>Tarnowska Daria Emilia<br>Woynowska Anna Maria<\/p>\n<\/div>\n\n\n\n<div class=\"wp-block-column is-layout-flow wp-block-column-is-layout-flow\">\n<p><strong>klasa IV b<br>Wychowawca mgr\u00a0Waldemar Mas\u0142owski<\/strong><\/p>\n\n\n\n<p>Baster Ilona<br>Brodowski Hubert<br>Chodkiewicz Jolanta<br>Jab\u0142o\u0144ska Justyna<br>Ka\u0107kiewicz Katarzyna<br>Kucharska Justyna<br>Kukurowski Dominik<br>Kupidura Justyna<br>Lewandowska Marta<br>\u0141oniewska Aneta<br>Mokrzycka Patrycja<br>Mr\u00f3z El\u017cbieta<br>Nowaczyk Mariusz<br>Piotrowska Urszula<br>Przyby\u0142a Natalia<br>S\u0142awi\u0144ska Katarzyna<br>Wilczy\u0144ski Rafa\u0142<br>Wis\u0142awska Magdalena<br>Wr\u00f3bel Adam<\/p>\n<\/div>\n<\/div>\n<\/div><\/div>\n","protected":false},"excerpt":{"rendered":"<p>klasa IV a\u00a0Wychowawca mgr\u00a0Barbara Oleksy Dza\u0142ba Ma\u0142gorzataFrontczak KatarzynaGlanert Sadra \u017banetaKomosi\u0144ska AlicjaKuczy\u0144ska KatarzynaKurpiel AgnieszkaMalec MonikaMarciniak Magda MariaMazurkiewicz PaulinaM\u0105dro Katarzyna JoannaMichalak SebastianMielec PaulinaMikos Ma\u0142gorzataMusia\u0142owska Karolina MonikaOr\u0142owska KarolinaPo\u017cyczka MagdalenaRokicka Paulina MariaRomacka KatarzynaSikora KarolS\u0142awi\u0144ski [&hellip;]<\/p>\n","protected":false},"author":8,"featured_media":0,"parent":0,"menu_order":0,"comment_status":"closed","ping_status":"closed","template":"","meta":{"footnotes":""},"class_list":["post-10929","page","type-page","status-publish","hentry"],"yoast_head":"<!-- This site is optimized with the Yoast SEO plugin v20.13 - https:\/\/yoast.com\/wordpress\/plugins\/seo\/ -->\n<title>Rok 2009 - technik hotelarstwa - ZSP w Chojnie<\/title>\n<meta name=\"robots\" content=\"index, follow, max-snippet:-1, max-image-preview:large, max-video-preview:-1\" \/>\n<link rel=\"canonical\" href=\"https:\/\/zsp1chojna.pl\/?page_id=10929\" \/>\n<meta property=\"og:locale\" content=\"pl_PL\" \/>\n<meta property=\"og:type\" content=\"article\" \/>\n<meta property=\"og:title\" content=\"Rok 2009 - technik hotelarstwa - ZSP w Chojnie\" \/>\n<meta property=\"og:description\" content=\"klasa IV a\u00a0Wychowawca mgr\u00a0Barbara Oleksy Dza\u0142ba Ma\u0142gorzataFrontczak KatarzynaGlanert Sadra \u017banetaKomosi\u0144ska AlicjaKuczy\u0144ska KatarzynaKurpiel AgnieszkaMalec MonikaMarciniak Magda MariaMazurkiewicz PaulinaM\u0105dro Katarzyna JoannaMichalak SebastianMielec PaulinaMikos Ma\u0142gorzataMusia\u0142owska Karolina MonikaOr\u0142owska KarolinaPo\u017cyczka MagdalenaRokicka Paulina MariaRomacka KatarzynaSikora KarolS\u0142awi\u0144ski [&hellip;]\" \/>\n<meta property=\"og:url\" content=\"https:\/\/zsp1chojna.pl\/?page_id=10929\" \/>\n<meta property=\"og:site_name\" content=\"ZSP w Chojnie\" \/>\n<meta property=\"article:modified_time\" content=\"2024-10-28T09:18:34+00:00\" \/>\n<meta name=\"twitter:card\" content=\"summary_large_image\" \/>\n<meta name=\"twitter:label1\" content=\"Szacowany czas czytania\" \/>\n\t<meta name=\"twitter:data1\" content=\"1 minuta\" \/>\n<script type=\"application\/ld+json\" class=\"yoast-schema-graph\">{\"@context\":\"https:\/\/schema.org\",\"@graph\":[{\"@type\":\"WebPage\",\"@id\":\"https:\/\/zsp1chojna.pl\/?page_id=10929\",\"url\":\"https:\/\/zsp1chojna.pl\/?page_id=10929\",\"name\":\"Rok 2009 - technik hotelarstwa - ZSP w Chojnie\",\"isPartOf\":{\"@id\":\"https:\/\/zsp1chojna.pl\/#website\"},\"datePublished\":\"2024-10-28T09:01:46+00:00\",\"dateModified\":\"2024-10-28T09:18:34+00:00\",\"breadcrumb\":{\"@id\":\"https:\/\/zsp1chojna.pl\/?page_id=10929#breadcrumb\"},\"inLanguage\":\"pl-PL\",\"potentialAction\":[{\"@type\":\"ReadAction\",\"target\":[\"https:\/\/zsp1chojna.pl\/?page_id=10929\"]}]},{\"@type\":\"BreadcrumbList\",\"@id\":\"https:\/\/zsp1chojna.pl\/?page_id=10929#breadcrumb\",\"itemListElement\":[{\"@type\":\"ListItem\",\"position\":1,\"name\":\"Home\",\"item\":\"https:\/\/zsp1chojna.pl\/\"},{\"@type\":\"ListItem\",\"position\":2,\"name\":\"Rok 2009 &#8211; technik hotelarstwa\"}]},{\"@type\":\"WebSite\",\"@id\":\"https:\/\/zsp1chojna.pl\/#website\",\"url\":\"https:\/\/zsp1chojna.pl\/\",\"name\":\"ZSP w Chojnie\",\"description\":\"\",\"publisher\":{\"@id\":\"https:\/\/zsp1chojna.pl\/#organization\"},\"potentialAction\":[{\"@type\":\"SearchAction\",\"target\":{\"@type\":\"EntryPoint\",\"urlTemplate\":\"https:\/\/zsp1chojna.pl\/?s={search_term_string}\"},\"query-input\":\"required name=search_term_string\"}],\"inLanguage\":\"pl-PL\"},{\"@type\":\"Organization\",\"@id\":\"https:\/\/zsp1chojna.pl\/#organization\",\"name\":\"ZSP w Chojnie\",\"url\":\"https:\/\/zsp1chojna.pl\/\",\"logo\":{\"@type\":\"ImageObject\",\"inLanguage\":\"pl-PL\",\"@id\":\"https:\/\/zsp1chojna.pl\/#\/schema\/logo\/image\/\",\"url\":\"https:\/\/zsp1chojna.pl\/wp-content\/uploads\/2023\/08\/cropped-cropped-cropped-Logo-biale-napis-na-3-wiersze_504-1.png\",\"contentUrl\":\"https:\/\/zsp1chojna.pl\/wp-content\/uploads\/2023\/08\/cropped-cropped-cropped-Logo-biale-napis-na-3-wiersze_504-1.png\",\"width\":504,\"height\":167,\"caption\":\"ZSP w Chojnie\"},\"image\":{\"@id\":\"https:\/\/zsp1chojna.pl\/#\/schema\/logo\/image\/\"}}]}<\/script>\n<!-- \/ Yoast SEO plugin. -->","yoast_head_json":{"title":"Rok 2009 - technik hotelarstwa - ZSP w Chojnie","robots":{"index":"index","follow":"follow","max-snippet":"max-snippet:-1","max-image-preview":"max-image-preview:large","max-video-preview":"max-video-preview:-1"},"canonical":"https:\/\/zsp1chojna.pl\/?page_id=10929","og_locale":"pl_PL","og_type":"article","og_title":"Rok 2009 - technik hotelarstwa - ZSP w Chojnie","og_description":"klasa IV a\u00a0Wychowawca mgr\u00a0Barbara Oleksy Dza\u0142ba Ma\u0142gorzataFrontczak KatarzynaGlanert Sadra \u017banetaKomosi\u0144ska AlicjaKuczy\u0144ska KatarzynaKurpiel AgnieszkaMalec MonikaMarciniak Magda MariaMazurkiewicz PaulinaM\u0105dro Katarzyna JoannaMichalak SebastianMielec PaulinaMikos Ma\u0142gorzataMusia\u0142owska Karolina MonikaOr\u0142owska KarolinaPo\u017cyczka MagdalenaRokicka Paulina MariaRomacka KatarzynaSikora KarolS\u0142awi\u0144ski [&hellip;]","og_url":"https:\/\/zsp1chojna.pl\/?page_id=10929","og_site_name":"ZSP w Chojnie","article_modified_time":"2024-10-28T09:18:34+00:00","twitter_card":"summary_large_image","twitter_misc":{"Szacowany czas czytania":"1 minuta"},"schema":{"@context":"https:\/\/schema.org","@graph":[{"@type":"WebPage","@id":"https:\/\/zsp1chojna.pl\/?page_id=10929","url":"https:\/\/zsp1chojna.pl\/?page_id=10929","name":"Rok 2009 - technik hotelarstwa - ZSP w Chojnie","isPartOf":{"@id":"https:\/\/zsp1chojna.pl\/#website"},"datePublished":"2024-10-28T09:01:46+00:00","dateModified":"2024-10-28T09:18:34+00:00","breadcrumb":{"@id":"https:\/\/zsp1chojna.pl\/?page_id=10929#breadcrumb"},"inLanguage":"pl-PL","potentialAction":[{"@type":"ReadAction","target":["https:\/\/zsp1chojna.pl\/?page_id=10929"]}]},{"@type":"BreadcrumbList","@id":"https:\/\/zsp1chojna.pl\/?page_id=10929#breadcrumb","itemListElement":[{"@type":"ListItem","position":1,"name":"Home","item":"https:\/\/zsp1chojna.pl\/"},{"@type":"ListItem","position":2,"name":"Rok 2009 &#8211; technik hotelarstwa"}]},{"@type":"WebSite","@id":"https:\/\/zsp1chojna.pl\/#website","url":"https:\/\/zsp1chojna.pl\/","name":"ZSP w Chojnie","description":"","publisher":{"@id":"https:\/\/zsp1chojna.pl\/#organization"},"potentialAction":[{"@type":"SearchAction","target":{"@type":"EntryPoint","urlTemplate":"https:\/\/zsp1chojna.pl\/?s={search_term_string}"},"query-input":"required name=search_term_string"}],"inLanguage":"pl-PL"},{"@type":"Organization","@id":"https:\/\/zsp1chojna.pl\/#organization","name":"ZSP w Chojnie","url":"https:\/\/zsp1chojna.pl\/","logo":{"@type":"ImageObject","inLanguage":"pl-PL","@id":"https:\/\/zsp1chojna.pl\/#\/schema\/logo\/image\/","url":"https:\/\/zsp1chojna.pl\/wp-content\/uploads\/2023\/08\/cropped-cropped-cropped-Logo-biale-napis-na-3-wiersze_504-1.png","contentUrl":"https:\/\/zsp1chojna.pl\/wp-content\/uploads\/2023\/08\/cropped-cropped-cropped-Logo-biale-napis-na-3-wiersze_504-1.png","width":504,"height":167,"caption":"ZSP w Chojnie"},"image":{"@id":"https:\/\/zsp1chojna.pl\/#\/schema\/logo\/image\/"}}]}},"_links":{"self":[{"href":"https:\/\/zsp1chojna.pl\/index.php?rest_route=\/wp\/v2\/pages\/10929","targetHints":{"allow":["GET"]}}],"collection":[{"href":"https:\/\/zsp1chojna.pl\/index.php?rest_route=\/wp\/v2\/pages"}],"about":[{"href":"https:\/\/zsp1chojna.pl\/index.php?rest_route=\/wp\/v2\/types\/page"}],"author":[{"embeddable":true,"href":"https:\/\/zsp1chojna.pl\/index.php?rest_route=\/wp\/v2\/users\/8"}],"replies":[{"embeddable":true,"href":"https:\/\/zsp1chojna.pl\/index.php?rest_route=%2Fwp%2Fv2%2Fcomments&post=10929"}],"version-history":[{"count":2,"href":"https:\/\/zsp1chojna.pl\/index.php?rest_route=\/wp\/v2\/pages\/10929\/revisions"}],"predecessor-version":[{"id":11043,"href":"https:\/\/zsp1chojna.pl\/index.php?rest_route=\/wp\/v2\/pages\/10929\/revisions\/11043"}],"wp:attachment":[{"href":"https:\/\/zsp1chojna.pl\/index.php?rest_route=%2Fwp%2Fv2%2Fmedia&parent=10929"}],"curies":[{"name":"wp","href":"https:\/\/api.w.org\/{rel}","templated":true}]}}