{"id":10876,"date":"2024-10-28T09:37:46","date_gmt":"2024-10-28T08:37:46","guid":{"rendered":"https:\/\/zsp1chojna.pl\/?page_id=10876"},"modified":"2024-10-28T09:37:47","modified_gmt":"2024-10-28T08:37:47","slug":"rok-2013","status":"publish","type":"page","link":"https:\/\/zsp1chojna.pl\/?page_id=10876","title":{"rendered":"Rok 2013"},"content":{"rendered":"<style>.kadence-column10876_748c53-03 > .kt-inside-inner-col,.kadence-column10876_748c53-03 > .kt-inside-inner-col:before{border-top-left-radius:0px;border-top-right-radius:0px;border-bottom-right-radius:0px;border-bottom-left-radius:0px;}.kadence-column10876_748c53-03 > .kt-inside-inner-col:before{opacity:0.3;}.kadence-column10876_748c53-03{position:relative;}<\/style>\n<div class=\"wp-block-kadence-column kadence-column10876_748c53-03\"><div class=\"kt-inside-inner-col\">\n<div class=\"wp-block-columns is-layout-flex wp-container-core-columns-is-layout-9d6595d7 wp-block-columns-is-layout-flex\">\n<div class=\"wp-block-column is-layout-flow wp-block-column-is-layout-flow\">\n<p><strong>klasa III a<\/strong><br><strong>Wychowawca mgr\u00a0Renata Czubak<\/strong><\/p>\n\n\n\n<p>Bach\u00f3w Joanna<br>Bylewska Karolina<br>Chrobak Beata<br>Czajkowska Kamila<br>Denys Agata<br>J\u0119drzejak Natalia<br>Juiszyn Konrad<br>Kamela Izabela<br>Kapias Justyna<br>Ko\u0142odziejczyk Mateusz<br>Kowalczuk Patrycja<br>Kroczek Joanna<br>Kurdziel Paula<br>Latusek Zuzanna<br>Litra Adrianna<br>Mak\u00f3wka Joanna<br>Ma\u0142achowicz Justyna<br>Michalczyszyn Ewa<br>Misiura Joanna<br>Ostromecka Magdalena<br>Pasiud Klaudia<br>Przyby\u0142a Karolina<br>Pociej Tomasz<br>Rojkowska Karolina<br>Sokulski Micha\u0142<br>Sowa Klaudia<br>Stamblewska Joanna<br>Szwech\u0142owicz Justyna<br>Widziaj\u0142o Katarzyna<br>Wojewoda Justyna<br>Wojta\u015b Magdalena<\/p>\n<\/div>\n\n\n\n<div class=\"wp-block-column is-layout-flow wp-block-column-is-layout-flow\">\n<p><strong>klasa III b<\/strong><br><strong>Wychowawca mgr\u00a0Anna Krzemi\u0144ska<\/strong><\/p>\n\n\n\n<p>B\u0119dzak Paulina<br>Bierka Patrycja<br>Czerniawski Damian<br>Drewniak Magda<br>Duma\u0144ska Monika<br>Gotfryd Konrad<br>Jarz\u0105b Micha\u0142<br>Jesionek Adriana<br>Ju\u015bci\u0144ska Marta<br>Kasu\u0142a Sandra<br>K\u0142onowski Adam<br>Ko\u0142odziejczyk Kamila<br>Kowalczyk Adrianna<br>Krempu\u0142a Alicja<br>Krzemi\u0144ski Jakub<br>Krzosek Dominika<br>Kuchyt Karolina<br>Lorenc Patryk<br>Majchrzyk Marta<br>Ma\u0142ysa Krzysztof<br>Ocha\u0142 Marta<br>Sarecki Kamil<br>Sawicki Jakub<br>Soska Paulina<br>Szajnowski Maciej<br>Szot Andrzej<br>Wo\u017aniak Dawid<br>Wroniecki Jan<br>Zazulak Paulina<br>Zgoda Katarzyna<\/p>\n<\/div>\n<\/div>\n<\/div><\/div>\n\n\n<style>.kadence-column10876_8c98b1-fc > .kt-inside-inner-col,.kadence-column10876_8c98b1-fc > .kt-inside-inner-col:before{border-top-left-radius:0px;border-top-right-radius:0px;border-bottom-right-radius:0px;border-bottom-left-radius:0px;}.kadence-column10876_8c98b1-fc > .kt-inside-inner-col:before{opacity:0.3;}.kadence-column10876_8c98b1-fc{position:relative;}<\/style>\n<div class=\"wp-block-kadence-column kadence-column10876_8c98b1-fc\"><div class=\"kt-inside-inner-col\">\n<div class=\"wp-block-columns is-layout-flex wp-container-core-columns-is-layout-9d6595d7 wp-block-columns-is-layout-flex\">\n<div class=\"wp-block-column is-layout-flow wp-block-column-is-layout-flow\">\n<p><strong>klasa III c<\/strong><br><strong>Wychowawca mgr\u00a0Grzegorz Michasiuk<\/strong><\/p>\n\n\n\n<p>Bara\u0144ski \u0141ukasz<br>Darul Ma\u0142gorzata<br>Dobrowolski Sebastian<br>Fifer Agnieszka<br>Fira Jolanta<br>Flis Dawid<br>Jakubowski Jakub<br>Jastrz\u0119bski Patryk<br>J\u0119drzejek Kinga<br>Kasprzyk Patrycja<br>Klimczak Marcin<br>Kloczkowski Tomasz<br>Kowalczuk Mateusz<br>Kuca Pawe\u0142<br>Nockowski \u0141ukasz<br>Pawlak Dawid<br>Perli\u0144ski Przemys\u0142aw<br>Pohorecki Jakub<br>Pohorecki Patryk<br>Prus Anna<br>Salecki Jakub<br>Serafin Karolina<br>Skro\u0144ska Sara<br>Szafra\u0144ski Marek<br>To\u0142\u0142oczko Bartosz<br>Tracz Adam<br>Trubicki Szymon<br>Tutka Dawid<br>W\u0119gier Wojciech<br>Zab\u0142ocki Wadim<\/p>\n<\/div>\n\n\n\n<div class=\"wp-block-column is-layout-flow wp-block-column-is-layout-flow\">\n<p><strong>klasa III d<\/strong><br><strong>Wychowawca mgr\u00a0Danuta Perz<\/strong><\/p>\n\n\n\n<p>Borkowska Anna<br>Brzoska Agata<br>Cysewski Marek<br>Granda Natalia<br>Grzesik Sylwia<br>Jaz Zuzanna<br>Kaberow Sebastian<br>Ka\u0142du\u0144ska Justyna<br>Kiepura Micha\u0142<br>Kita Ewelina<br>Klimczak Anna<br>K\u0142apouch Milena<br>Krzy\u017canowska Karolina<br>\u0141azowik Mateusz<br>Marciniak Marta<br>Orszulak Natalia<br>Pietrzak Martyna<br>Podbereski Bartosz<br>Rejdak Dominika<br>Serafin Paulina<br>Szeliga Monika<br>Szemiot Katarzyna<br>Wierzbicki Mateusz<br>Wo\u017anica Jowita<br>\u017barkowska Karolina<br>Muraszka \u0141ukasz<br>Kulas Wojciech<\/p>\n<\/div>\n<\/div>\n<\/div><\/div>\n","protected":false},"excerpt":{"rendered":"<p>klasa III aWychowawca mgr\u00a0Renata Czubak Bach\u00f3w JoannaBylewska KarolinaChrobak BeataCzajkowska KamilaDenys AgataJ\u0119drzejak NataliaJuiszyn KonradKamela IzabelaKapias JustynaKo\u0142odziejczyk MateuszKowalczuk PatrycjaKroczek JoannaKurdziel PaulaLatusek ZuzannaLitra AdriannaMak\u00f3wka JoannaMa\u0142achowicz JustynaMichalczyszyn EwaMisiura JoannaOstromecka MagdalenaPasiud KlaudiaPrzyby\u0142a KarolinaPociej TomaszRojkowska KarolinaSokulski [&hellip;]<\/p>\n","protected":false},"author":8,"featured_media":0,"parent":0,"menu_order":0,"comment_status":"closed","ping_status":"closed","template":"","meta":{"footnotes":""},"class_list":["post-10876","page","type-page","status-publish","hentry"],"yoast_head":"<!-- This site is optimized with the Yoast SEO plugin v20.13 - https:\/\/yoast.com\/wordpress\/plugins\/seo\/ -->\n<title>Rok 2013 - ZSP w Chojnie<\/title>\n<meta name=\"robots\" content=\"index, follow, max-snippet:-1, max-image-preview:large, max-video-preview:-1\" \/>\n<link rel=\"canonical\" href=\"https:\/\/zsp1chojna.pl\/?page_id=10876\" \/>\n<meta property=\"og:locale\" content=\"pl_PL\" \/>\n<meta property=\"og:type\" content=\"article\" \/>\n<meta property=\"og:title\" content=\"Rok 2013 - ZSP w Chojnie\" \/>\n<meta property=\"og:description\" content=\"klasa III aWychowawca mgr\u00a0Renata Czubak Bach\u00f3w JoannaBylewska KarolinaChrobak BeataCzajkowska KamilaDenys AgataJ\u0119drzejak NataliaJuiszyn KonradKamela IzabelaKapias JustynaKo\u0142odziejczyk MateuszKowalczuk PatrycjaKroczek JoannaKurdziel PaulaLatusek ZuzannaLitra AdriannaMak\u00f3wka JoannaMa\u0142achowicz JustynaMichalczyszyn EwaMisiura JoannaOstromecka MagdalenaPasiud KlaudiaPrzyby\u0142a KarolinaPociej TomaszRojkowska KarolinaSokulski [&hellip;]\" \/>\n<meta property=\"og:url\" content=\"https:\/\/zsp1chojna.pl\/?page_id=10876\" \/>\n<meta property=\"og:site_name\" content=\"ZSP w Chojnie\" \/>\n<meta property=\"article:modified_time\" content=\"2024-10-28T08:37:47+00:00\" \/>\n<meta name=\"twitter:card\" content=\"summary_large_image\" \/>\n<meta name=\"twitter:label1\" content=\"Szacowany czas czytania\" \/>\n\t<meta name=\"twitter:data1\" content=\"2 minuty\" \/>\n<script type=\"application\/ld+json\" class=\"yoast-schema-graph\">{\"@context\":\"https:\/\/schema.org\",\"@graph\":[{\"@type\":\"WebPage\",\"@id\":\"https:\/\/zsp1chojna.pl\/?page_id=10876\",\"url\":\"https:\/\/zsp1chojna.pl\/?page_id=10876\",\"name\":\"Rok 2013 - ZSP w Chojnie\",\"isPartOf\":{\"@id\":\"https:\/\/zsp1chojna.pl\/#website\"},\"datePublished\":\"2024-10-28T08:37:46+00:00\",\"dateModified\":\"2024-10-28T08:37:47+00:00\",\"breadcrumb\":{\"@id\":\"https:\/\/zsp1chojna.pl\/?page_id=10876#breadcrumb\"},\"inLanguage\":\"pl-PL\",\"potentialAction\":[{\"@type\":\"ReadAction\",\"target\":[\"https:\/\/zsp1chojna.pl\/?page_id=10876\"]}]},{\"@type\":\"BreadcrumbList\",\"@id\":\"https:\/\/zsp1chojna.pl\/?page_id=10876#breadcrumb\",\"itemListElement\":[{\"@type\":\"ListItem\",\"position\":1,\"name\":\"Home\",\"item\":\"https:\/\/zsp1chojna.pl\/\"},{\"@type\":\"ListItem\",\"position\":2,\"name\":\"Rok 2013\"}]},{\"@type\":\"WebSite\",\"@id\":\"https:\/\/zsp1chojna.pl\/#website\",\"url\":\"https:\/\/zsp1chojna.pl\/\",\"name\":\"ZSP w Chojnie\",\"description\":\"\",\"publisher\":{\"@id\":\"https:\/\/zsp1chojna.pl\/#organization\"},\"potentialAction\":[{\"@type\":\"SearchAction\",\"target\":{\"@type\":\"EntryPoint\",\"urlTemplate\":\"https:\/\/zsp1chojna.pl\/?s={search_term_string}\"},\"query-input\":\"required name=search_term_string\"}],\"inLanguage\":\"pl-PL\"},{\"@type\":\"Organization\",\"@id\":\"https:\/\/zsp1chojna.pl\/#organization\",\"name\":\"ZSP w Chojnie\",\"url\":\"https:\/\/zsp1chojna.pl\/\",\"logo\":{\"@type\":\"ImageObject\",\"inLanguage\":\"pl-PL\",\"@id\":\"https:\/\/zsp1chojna.pl\/#\/schema\/logo\/image\/\",\"url\":\"https:\/\/zsp1chojna.pl\/wp-content\/uploads\/2023\/08\/cropped-cropped-cropped-Logo-biale-napis-na-3-wiersze_504-1.png\",\"contentUrl\":\"https:\/\/zsp1chojna.pl\/wp-content\/uploads\/2023\/08\/cropped-cropped-cropped-Logo-biale-napis-na-3-wiersze_504-1.png\",\"width\":504,\"height\":167,\"caption\":\"ZSP w Chojnie\"},\"image\":{\"@id\":\"https:\/\/zsp1chojna.pl\/#\/schema\/logo\/image\/\"}}]}<\/script>\n<!-- \/ Yoast SEO plugin. -->","yoast_head_json":{"title":"Rok 2013 - ZSP w Chojnie","robots":{"index":"index","follow":"follow","max-snippet":"max-snippet:-1","max-image-preview":"max-image-preview:large","max-video-preview":"max-video-preview:-1"},"canonical":"https:\/\/zsp1chojna.pl\/?page_id=10876","og_locale":"pl_PL","og_type":"article","og_title":"Rok 2013 - ZSP w Chojnie","og_description":"klasa III aWychowawca mgr\u00a0Renata Czubak Bach\u00f3w JoannaBylewska KarolinaChrobak BeataCzajkowska KamilaDenys AgataJ\u0119drzejak NataliaJuiszyn KonradKamela IzabelaKapias JustynaKo\u0142odziejczyk MateuszKowalczuk PatrycjaKroczek JoannaKurdziel PaulaLatusek ZuzannaLitra AdriannaMak\u00f3wka JoannaMa\u0142achowicz JustynaMichalczyszyn EwaMisiura JoannaOstromecka MagdalenaPasiud KlaudiaPrzyby\u0142a KarolinaPociej TomaszRojkowska KarolinaSokulski [&hellip;]","og_url":"https:\/\/zsp1chojna.pl\/?page_id=10876","og_site_name":"ZSP w Chojnie","article_modified_time":"2024-10-28T08:37:47+00:00","twitter_card":"summary_large_image","twitter_misc":{"Szacowany czas czytania":"2 minuty"},"schema":{"@context":"https:\/\/schema.org","@graph":[{"@type":"WebPage","@id":"https:\/\/zsp1chojna.pl\/?page_id=10876","url":"https:\/\/zsp1chojna.pl\/?page_id=10876","name":"Rok 2013 - ZSP w Chojnie","isPartOf":{"@id":"https:\/\/zsp1chojna.pl\/#website"},"datePublished":"2024-10-28T08:37:46+00:00","dateModified":"2024-10-28T08:37:47+00:00","breadcrumb":{"@id":"https:\/\/zsp1chojna.pl\/?page_id=10876#breadcrumb"},"inLanguage":"pl-PL","potentialAction":[{"@type":"ReadAction","target":["https:\/\/zsp1chojna.pl\/?page_id=10876"]}]},{"@type":"BreadcrumbList","@id":"https:\/\/zsp1chojna.pl\/?page_id=10876#breadcrumb","itemListElement":[{"@type":"ListItem","position":1,"name":"Home","item":"https:\/\/zsp1chojna.pl\/"},{"@type":"ListItem","position":2,"name":"Rok 2013"}]},{"@type":"WebSite","@id":"https:\/\/zsp1chojna.pl\/#website","url":"https:\/\/zsp1chojna.pl\/","name":"ZSP w Chojnie","description":"","publisher":{"@id":"https:\/\/zsp1chojna.pl\/#organization"},"potentialAction":[{"@type":"SearchAction","target":{"@type":"EntryPoint","urlTemplate":"https:\/\/zsp1chojna.pl\/?s={search_term_string}"},"query-input":"required name=search_term_string"}],"inLanguage":"pl-PL"},{"@type":"Organization","@id":"https:\/\/zsp1chojna.pl\/#organization","name":"ZSP w Chojnie","url":"https:\/\/zsp1chojna.pl\/","logo":{"@type":"ImageObject","inLanguage":"pl-PL","@id":"https:\/\/zsp1chojna.pl\/#\/schema\/logo\/image\/","url":"https:\/\/zsp1chojna.pl\/wp-content\/uploads\/2023\/08\/cropped-cropped-cropped-Logo-biale-napis-na-3-wiersze_504-1.png","contentUrl":"https:\/\/zsp1chojna.pl\/wp-content\/uploads\/2023\/08\/cropped-cropped-cropped-Logo-biale-napis-na-3-wiersze_504-1.png","width":504,"height":167,"caption":"ZSP w Chojnie"},"image":{"@id":"https:\/\/zsp1chojna.pl\/#\/schema\/logo\/image\/"}}]}},"_links":{"self":[{"href":"https:\/\/zsp1chojna.pl\/index.php?rest_route=\/wp\/v2\/pages\/10876","targetHints":{"allow":["GET"]}}],"collection":[{"href":"https:\/\/zsp1chojna.pl\/index.php?rest_route=\/wp\/v2\/pages"}],"about":[{"href":"https:\/\/zsp1chojna.pl\/index.php?rest_route=\/wp\/v2\/types\/page"}],"author":[{"embeddable":true,"href":"https:\/\/zsp1chojna.pl\/index.php?rest_route=\/wp\/v2\/users\/8"}],"replies":[{"embeddable":true,"href":"https:\/\/zsp1chojna.pl\/index.php?rest_route=%2Fwp%2Fv2%2Fcomments&post=10876"}],"version-history":[{"count":1,"href":"https:\/\/zsp1chojna.pl\/index.php?rest_route=\/wp\/v2\/pages\/10876\/revisions"}],"predecessor-version":[{"id":10882,"href":"https:\/\/zsp1chojna.pl\/index.php?rest_route=\/wp\/v2\/pages\/10876\/revisions\/10882"}],"wp:attachment":[{"href":"https:\/\/zsp1chojna.pl\/index.php?rest_route=%2Fwp%2Fv2%2Fmedia&parent=10876"}],"curies":[{"name":"wp","href":"https:\/\/api.w.org\/{rel}","templated":true}]}}