{"id":10845,"date":"2024-10-28T09:27:36","date_gmt":"2024-10-28T08:27:36","guid":{"rendered":"https:\/\/zsp1chojna.pl\/?page_id=10845"},"modified":"2024-10-28T09:27:37","modified_gmt":"2024-10-28T08:27:37","slug":"rok-2015","status":"publish","type":"page","link":"https:\/\/zsp1chojna.pl\/?page_id=10845","title":{"rendered":"Rok 2015"},"content":{"rendered":"<style>.kadence-column10845_8d0863-57 > .kt-inside-inner-col,.kadence-column10845_8d0863-57 > .kt-inside-inner-col:before{border-top-left-radius:0px;border-top-right-radius:0px;border-bottom-right-radius:0px;border-bottom-left-radius:0px;}.kadence-column10845_8d0863-57 > .kt-inside-inner-col:before{opacity:0.3;}.kadence-column10845_8d0863-57{position:relative;}<\/style>\n<div class=\"wp-block-kadence-column kadence-column10845_8d0863-57\"><div class=\"kt-inside-inner-col\">\n<div class=\"wp-block-columns is-layout-flex wp-container-core-columns-is-layout-9d6595d7 wp-block-columns-is-layout-flex\">\n<div class=\"wp-block-column is-layout-flow wp-block-column-is-layout-flow\">\n<p><strong>klasa III a<br>Wychowawca mgr Norbert Ole\u015bk\u00f3w<\/strong><\/p>\n\n\n\n<p>B\u0142\u0119cki Wojciech<br>Cie\u015blak Aneta<br>Dere\u0144 Karolina<br>Drozdowska Monika<br>Fira Sara<br>Galant Pawe\u0142<br>Grzeg\u00f3rzek Paulina<br>Jackowska Alicja<br>Janicki Tadeusz<br>Jasek Natalia<br>Ju\u015bci\u0144ska Katarzyna<br>Ko\u0142odziej Ma\u0142gorzata<br>Kowalska Sara<br>Marczak Karolina<br>Mr\u00f3z Kamil<br>Piotrowska Malwina<br>Po\u0142ukord Natalia<br>Prus Justyna<br>Rowi\u0144ska Klaudia<br>S\u0142owik Karolina<br>Truong Dong Lin<br>Trz\u0119siel Daniel<br>W\u0105tor Kamil<\/p>\n<\/div>\n\n\n\n<div class=\"wp-block-column is-layout-flow wp-block-column-is-layout-flow\">\n<p><strong>klasa III b<br>Wychowawca mgr Krzysztof Po\u015bniak<\/strong><\/p>\n\n\n\n<p>Cedro Maciej<br>Chmurzy\u0144ski Micha\u0142<br>Dumicz Miko\u0142aj<br>Gajowska Wiktoria<br>Korban Piotr<br>Lejmanowicz Justyna<br>Lorenc Bartosz<br>Makowska Kornelia<br>Matuszewska Ma\u0142gorzata<br>Mo\u0107ko Klaudia<br>Momot Adrianna<br>Musia\u0142 Kinga<br>Myszogl\u0105d Paulina<br>Nyczaj Bartosz<br>Przybylska Katarzyna<br>Sobczak Justyna<br>Sok\u00f3lski Jakub<br>Stefa\u0144ska Dominika<br>Szkudlarek Kamila<br>Szpilska Karina<br>\u015aliwi\u0144ska Natalia<br>Truszczy\u0144ski Kamil<br>W\u0105cha\u0142a Dawid<br>Zaj\u0105c Kamil<br>Zatorski Micha\u0142<br>Zi\u0119tek Aleksandra<br>Zubala Bartosz<br>\u017belichowski Rafa\u0142<br>Trafankowska Magdalena<\/p>\n<\/div>\n<\/div>\n<\/div><\/div>\n\n\n<style>.kadence-column10845_c2e2e7-93 > .kt-inside-inner-col,.kadence-column10845_c2e2e7-93 > .kt-inside-inner-col:before{border-top-left-radius:0px;border-top-right-radius:0px;border-bottom-right-radius:0px;border-bottom-left-radius:0px;}.kadence-column10845_c2e2e7-93 > .kt-inside-inner-col:before{opacity:0.3;}.kadence-column10845_c2e2e7-93{position:relative;}<\/style>\n<div class=\"wp-block-kadence-column kadence-column10845_c2e2e7-93\"><div class=\"kt-inside-inner-col\">\n<div class=\"wp-block-columns is-layout-flex wp-container-core-columns-is-layout-9d6595d7 wp-block-columns-is-layout-flex\">\n<div class=\"wp-block-column is-layout-flow wp-block-column-is-layout-flow\">\n<p><strong>klasa III c<\/strong><br><strong>Wychowawca mgr\u00a0Wojciech Krupa<\/strong><\/p>\n\n\n\n<p>Adamski Dawid<br>Cisek Alicja<br>Czuchrowska Kinga<br>Fifer Katarzyna<br>G\u0142adkowska Karolina<br>Ka\u0142u\u017ca Adam<br>Ku\u015b Magdalena<br>Kwa\u015bniewski Mateusz<br>Litwin Damian<br>Matuszewski David<br>Nied\u017awiecka Sylwia<br>Olsza\u0144ska Agata<br>Potapi\u0144ska Agnieszka<br>P\u00f3\u0142torak Anna<br>R\u0105czkowski Patryk<br>Rebizak Karolina<br>Sobo\u0144 Dawid<br>Szewczyk Przemys\u0142aw<br>Szwech\u0142owicz Sebastian<br>Tomala Patryk<br>Trubicka Katarzyna<br>Walkowiak Jakub<br>Widzi\u0144ska Judyta<br>Wyrwi\u0144ska Emilia<br>Kulas Kaja<\/p>\n<\/div>\n\n\n\n<div class=\"wp-block-column is-layout-flow wp-block-column-is-layout-flow\">\n<p><strong>klasa III d<br>Wychowawca mgr\u00a0Agata Motyl<\/strong><\/p>\n\n\n\n<p>Ba\u0142a Damian<br>B\u0119dzak Amelia<br>Braszka Arleta Aleksandra<br>Czerniawska Martyna<br>Danelski Krzysztof Adam<br>Drab Aleksandra<br>Drab Anna<br>G\u00f3rniak Agnieszka<br>Hnatiuk Daria<br>Ho\u0142ota Kamil<br>Jakubowska Adrianna<br>Jarz\u0105bek Jolanta<br>Klimela Zuzanna Anna<br>Knowa Karolina<br>Matusiak Piotr Andrzej<br>Nowaczyk Przemys\u0142aw<br>Nowak Marcin<br>Panicz Paulina<br>Pier\u00f3g Agata<br>Politowska Natalia Daria<br>Prus Dominik Jacek<br>Sobczak Grzegorz \u0141ukasz<br>Szachnowska Katarzyna<br>Szot Miros\u0142aw<br>To\u0142\u0142oczko Kamila Janina<br>To\u0142\u0142oczko Sandra Maria<br>Walentowicz Dominika<br>Pela Aleksandra<\/p>\n<\/div>\n<\/div>\n<\/div><\/div>\n","protected":false},"excerpt":{"rendered":"<p>klasa III aWychowawca mgr Norbert Ole\u015bk\u00f3w B\u0142\u0119cki WojciechCie\u015blak AnetaDere\u0144 KarolinaDrozdowska MonikaFira SaraGalant Pawe\u0142Grzeg\u00f3rzek PaulinaJackowska AlicjaJanicki TadeuszJasek NataliaJu\u015bci\u0144ska KatarzynaKo\u0142odziej Ma\u0142gorzataKowalska SaraMarczak KarolinaMr\u00f3z KamilPiotrowska MalwinaPo\u0142ukord NataliaPrus JustynaRowi\u0144ska KlaudiaS\u0142owik KarolinaTruong Dong LinTrz\u0119siel DanielW\u0105tor [&hellip;]<\/p>\n","protected":false},"author":8,"featured_media":0,"parent":0,"menu_order":0,"comment_status":"closed","ping_status":"closed","template":"","meta":{"footnotes":""},"class_list":["post-10845","page","type-page","status-publish","hentry"],"yoast_head":"<!-- This site is optimized with the Yoast SEO plugin v20.13 - https:\/\/yoast.com\/wordpress\/plugins\/seo\/ -->\n<title>Rok 2015 - ZSP w Chojnie<\/title>\n<meta name=\"robots\" content=\"index, follow, max-snippet:-1, max-image-preview:large, max-video-preview:-1\" \/>\n<link rel=\"canonical\" href=\"https:\/\/zsp1chojna.pl\/?page_id=10845\" \/>\n<meta property=\"og:locale\" content=\"pl_PL\" \/>\n<meta property=\"og:type\" content=\"article\" \/>\n<meta property=\"og:title\" content=\"Rok 2015 - ZSP w Chojnie\" \/>\n<meta property=\"og:description\" content=\"klasa III aWychowawca mgr Norbert Ole\u015bk\u00f3w B\u0142\u0119cki WojciechCie\u015blak AnetaDere\u0144 KarolinaDrozdowska MonikaFira SaraGalant Pawe\u0142Grzeg\u00f3rzek PaulinaJackowska AlicjaJanicki TadeuszJasek NataliaJu\u015bci\u0144ska KatarzynaKo\u0142odziej Ma\u0142gorzataKowalska SaraMarczak KarolinaMr\u00f3z KamilPiotrowska MalwinaPo\u0142ukord NataliaPrus JustynaRowi\u0144ska KlaudiaS\u0142owik KarolinaTruong Dong LinTrz\u0119siel DanielW\u0105tor [&hellip;]\" \/>\n<meta property=\"og:url\" content=\"https:\/\/zsp1chojna.pl\/?page_id=10845\" \/>\n<meta property=\"og:site_name\" content=\"ZSP w Chojnie\" \/>\n<meta property=\"article:modified_time\" content=\"2024-10-28T08:27:37+00:00\" \/>\n<meta name=\"twitter:card\" content=\"summary_large_image\" \/>\n<meta name=\"twitter:label1\" content=\"Szacowany czas czytania\" \/>\n\t<meta name=\"twitter:data1\" content=\"2 minuty\" \/>\n<script type=\"application\/ld+json\" class=\"yoast-schema-graph\">{\"@context\":\"https:\/\/schema.org\",\"@graph\":[{\"@type\":\"WebPage\",\"@id\":\"https:\/\/zsp1chojna.pl\/?page_id=10845\",\"url\":\"https:\/\/zsp1chojna.pl\/?page_id=10845\",\"name\":\"Rok 2015 - ZSP w Chojnie\",\"isPartOf\":{\"@id\":\"https:\/\/zsp1chojna.pl\/#website\"},\"datePublished\":\"2024-10-28T08:27:36+00:00\",\"dateModified\":\"2024-10-28T08:27:37+00:00\",\"breadcrumb\":{\"@id\":\"https:\/\/zsp1chojna.pl\/?page_id=10845#breadcrumb\"},\"inLanguage\":\"pl-PL\",\"potentialAction\":[{\"@type\":\"ReadAction\",\"target\":[\"https:\/\/zsp1chojna.pl\/?page_id=10845\"]}]},{\"@type\":\"BreadcrumbList\",\"@id\":\"https:\/\/zsp1chojna.pl\/?page_id=10845#breadcrumb\",\"itemListElement\":[{\"@type\":\"ListItem\",\"position\":1,\"name\":\"Home\",\"item\":\"https:\/\/zsp1chojna.pl\/\"},{\"@type\":\"ListItem\",\"position\":2,\"name\":\"Rok 2015\"}]},{\"@type\":\"WebSite\",\"@id\":\"https:\/\/zsp1chojna.pl\/#website\",\"url\":\"https:\/\/zsp1chojna.pl\/\",\"name\":\"ZSP w Chojnie\",\"description\":\"\",\"publisher\":{\"@id\":\"https:\/\/zsp1chojna.pl\/#organization\"},\"potentialAction\":[{\"@type\":\"SearchAction\",\"target\":{\"@type\":\"EntryPoint\",\"urlTemplate\":\"https:\/\/zsp1chojna.pl\/?s={search_term_string}\"},\"query-input\":\"required name=search_term_string\"}],\"inLanguage\":\"pl-PL\"},{\"@type\":\"Organization\",\"@id\":\"https:\/\/zsp1chojna.pl\/#organization\",\"name\":\"ZSP w Chojnie\",\"url\":\"https:\/\/zsp1chojna.pl\/\",\"logo\":{\"@type\":\"ImageObject\",\"inLanguage\":\"pl-PL\",\"@id\":\"https:\/\/zsp1chojna.pl\/#\/schema\/logo\/image\/\",\"url\":\"https:\/\/zsp1chojna.pl\/wp-content\/uploads\/2023\/08\/cropped-cropped-cropped-Logo-biale-napis-na-3-wiersze_504-1.png\",\"contentUrl\":\"https:\/\/zsp1chojna.pl\/wp-content\/uploads\/2023\/08\/cropped-cropped-cropped-Logo-biale-napis-na-3-wiersze_504-1.png\",\"width\":504,\"height\":167,\"caption\":\"ZSP w Chojnie\"},\"image\":{\"@id\":\"https:\/\/zsp1chojna.pl\/#\/schema\/logo\/image\/\"}}]}<\/script>\n<!-- \/ Yoast SEO plugin. -->","yoast_head_json":{"title":"Rok 2015 - ZSP w Chojnie","robots":{"index":"index","follow":"follow","max-snippet":"max-snippet:-1","max-image-preview":"max-image-preview:large","max-video-preview":"max-video-preview:-1"},"canonical":"https:\/\/zsp1chojna.pl\/?page_id=10845","og_locale":"pl_PL","og_type":"article","og_title":"Rok 2015 - ZSP w Chojnie","og_description":"klasa III aWychowawca mgr Norbert Ole\u015bk\u00f3w B\u0142\u0119cki WojciechCie\u015blak AnetaDere\u0144 KarolinaDrozdowska MonikaFira SaraGalant Pawe\u0142Grzeg\u00f3rzek PaulinaJackowska AlicjaJanicki TadeuszJasek NataliaJu\u015bci\u0144ska KatarzynaKo\u0142odziej Ma\u0142gorzataKowalska SaraMarczak KarolinaMr\u00f3z KamilPiotrowska MalwinaPo\u0142ukord NataliaPrus JustynaRowi\u0144ska KlaudiaS\u0142owik KarolinaTruong Dong LinTrz\u0119siel DanielW\u0105tor [&hellip;]","og_url":"https:\/\/zsp1chojna.pl\/?page_id=10845","og_site_name":"ZSP w Chojnie","article_modified_time":"2024-10-28T08:27:37+00:00","twitter_card":"summary_large_image","twitter_misc":{"Szacowany czas czytania":"2 minuty"},"schema":{"@context":"https:\/\/schema.org","@graph":[{"@type":"WebPage","@id":"https:\/\/zsp1chojna.pl\/?page_id=10845","url":"https:\/\/zsp1chojna.pl\/?page_id=10845","name":"Rok 2015 - ZSP w Chojnie","isPartOf":{"@id":"https:\/\/zsp1chojna.pl\/#website"},"datePublished":"2024-10-28T08:27:36+00:00","dateModified":"2024-10-28T08:27:37+00:00","breadcrumb":{"@id":"https:\/\/zsp1chojna.pl\/?page_id=10845#breadcrumb"},"inLanguage":"pl-PL","potentialAction":[{"@type":"ReadAction","target":["https:\/\/zsp1chojna.pl\/?page_id=10845"]}]},{"@type":"BreadcrumbList","@id":"https:\/\/zsp1chojna.pl\/?page_id=10845#breadcrumb","itemListElement":[{"@type":"ListItem","position":1,"name":"Home","item":"https:\/\/zsp1chojna.pl\/"},{"@type":"ListItem","position":2,"name":"Rok 2015"}]},{"@type":"WebSite","@id":"https:\/\/zsp1chojna.pl\/#website","url":"https:\/\/zsp1chojna.pl\/","name":"ZSP w Chojnie","description":"","publisher":{"@id":"https:\/\/zsp1chojna.pl\/#organization"},"potentialAction":[{"@type":"SearchAction","target":{"@type":"EntryPoint","urlTemplate":"https:\/\/zsp1chojna.pl\/?s={search_term_string}"},"query-input":"required name=search_term_string"}],"inLanguage":"pl-PL"},{"@type":"Organization","@id":"https:\/\/zsp1chojna.pl\/#organization","name":"ZSP w Chojnie","url":"https:\/\/zsp1chojna.pl\/","logo":{"@type":"ImageObject","inLanguage":"pl-PL","@id":"https:\/\/zsp1chojna.pl\/#\/schema\/logo\/image\/","url":"https:\/\/zsp1chojna.pl\/wp-content\/uploads\/2023\/08\/cropped-cropped-cropped-Logo-biale-napis-na-3-wiersze_504-1.png","contentUrl":"https:\/\/zsp1chojna.pl\/wp-content\/uploads\/2023\/08\/cropped-cropped-cropped-Logo-biale-napis-na-3-wiersze_504-1.png","width":504,"height":167,"caption":"ZSP w Chojnie"},"image":{"@id":"https:\/\/zsp1chojna.pl\/#\/schema\/logo\/image\/"}}]}},"_links":{"self":[{"href":"https:\/\/zsp1chojna.pl\/index.php?rest_route=\/wp\/v2\/pages\/10845","targetHints":{"allow":["GET"]}}],"collection":[{"href":"https:\/\/zsp1chojna.pl\/index.php?rest_route=\/wp\/v2\/pages"}],"about":[{"href":"https:\/\/zsp1chojna.pl\/index.php?rest_route=\/wp\/v2\/types\/page"}],"author":[{"embeddable":true,"href":"https:\/\/zsp1chojna.pl\/index.php?rest_route=\/wp\/v2\/users\/8"}],"replies":[{"embeddable":true,"href":"https:\/\/zsp1chojna.pl\/index.php?rest_route=%2Fwp%2Fv2%2Fcomments&post=10845"}],"version-history":[{"count":1,"href":"https:\/\/zsp1chojna.pl\/index.php?rest_route=\/wp\/v2\/pages\/10845\/revisions"}],"predecessor-version":[{"id":10857,"href":"https:\/\/zsp1chojna.pl\/index.php?rest_route=\/wp\/v2\/pages\/10845\/revisions\/10857"}],"wp:attachment":[{"href":"https:\/\/zsp1chojna.pl\/index.php?rest_route=%2Fwp%2Fv2%2Fmedia&parent=10845"}],"curies":[{"name":"wp","href":"https:\/\/api.w.org\/{rel}","templated":true}]}}

<style>.kadence-column10845_8d0863-57 > .kt-inside-inner-col,.kadence-column10845_8d0863-57 > .kt-inside-inner-col:before{border-top-left-radius:0px;border-top-right-radius:0px;border-bottom-right-radius:0px;border-bottom-left-radius:0px;}.kadence-column10845_8d0863-57 > .kt-inside-inner-col:before{opacity:0.3;}.kadence-column10845_8d0863-57{position:relative;}</style>
<div class="wp-block-kadence-column kadence-column10845_8d0863-57"><div class="kt-inside-inner-col">
<div class="wp-block-columns is-layout-flex wp-container-core-columns-is-layout-9d6595d7 wp-block-columns-is-layout-flex">
<div class="wp-block-column is-layout-flow wp-block-column-is-layout-flow">
<p><strong>klasa III a<br>Wychowawca mgr Norbert Oleśków</strong></p>



<p>Błęcki Wojciech<br>Cieślak Aneta<br>Dereń Karolina<br>Drozdowska Monika<br>Fira Sara<br>Galant Paweł<br>Grzegórzek Paulina<br>Jackowska Alicja<br>Janicki Tadeusz<br>Jasek Natalia<br>Juścińska Katarzyna<br>Kołodziej Małgorzata<br>Kowalska Sara<br>Marczak Karolina<br>Mróz Kamil<br>Piotrowska Malwina<br>Połukord Natalia<br>Prus Justyna<br>Rowińska Klaudia<br>Słowik Karolina<br>Truong Dong Lin<br>Trzęsiel Daniel<br>Wątor Kamil</p>
</div>



<div class="wp-block-column is-layout-flow wp-block-column-is-layout-flow">
<p><strong>klasa III b<br>Wychowawca mgr Krzysztof Pośniak</strong></p>



<p>Cedro Maciej<br>Chmurzyński Michał<br>Dumicz Mikołaj<br>Gajowska Wiktoria<br>Korban Piotr<br>Lejmanowicz Justyna<br>Lorenc Bartosz<br>Makowska Kornelia<br>Matuszewska Małgorzata<br>Moćko Klaudia<br>Momot Adrianna<br>Musiał Kinga<br>Myszogląd Paulina<br>Nyczaj Bartosz<br>Przybylska Katarzyna<br>Sobczak Justyna<br>Sokólski Jakub<br>Stefańska Dominika<br>Szkudlarek Kamila<br>Szpilska Karina<br>Śliwińska Natalia<br>Truszczyński Kamil<br>Wąchała Dawid<br>Zając Kamil<br>Zatorski Michał<br>Ziętek Aleksandra<br>Zubala Bartosz<br>Żelichowski Rafał<br>Trafankowska Magdalena</p>
</div>
</div>
</div></div>


<style>.kadence-column10845_c2e2e7-93 > .kt-inside-inner-col,.kadence-column10845_c2e2e7-93 > .kt-inside-inner-col:before{border-top-left-radius:0px;border-top-right-radius:0px;border-bottom-right-radius:0px;border-bottom-left-radius:0px;}.kadence-column10845_c2e2e7-93 > .kt-inside-inner-col:before{opacity:0.3;}.kadence-column10845_c2e2e7-93{position:relative;}</style>
<div class="wp-block-kadence-column kadence-column10845_c2e2e7-93"><div class="kt-inside-inner-col">
<div class="wp-block-columns is-layout-flex wp-container-core-columns-is-layout-9d6595d7 wp-block-columns-is-layout-flex">
<div class="wp-block-column is-layout-flow wp-block-column-is-layout-flow">
<p><strong>klasa III c</strong><br><strong>Wychowawca mgr Wojciech Krupa</strong></p>



<p>Adamski Dawid<br>Cisek Alicja<br>Czuchrowska Kinga<br>Fifer Katarzyna<br>Gładkowska Karolina<br>Kałuża Adam<br>Kuś Magdalena<br>Kwaśniewski Mateusz<br>Litwin Damian<br>Matuszewski David<br>Niedźwiecka Sylwia<br>Olszańska Agata<br>Potapińska Agnieszka<br>Półtorak Anna<br>Rączkowski Patryk<br>Rebizak Karolina<br>Soboń Dawid<br>Szewczyk Przemysław<br>Szwechłowicz Sebastian<br>Tomala Patryk<br>Trubicka Katarzyna<br>Walkowiak Jakub<br>Widzińska Judyta<br>Wyrwińska Emilia<br>Kulas Kaja</p>
</div>



<div class="wp-block-column is-layout-flow wp-block-column-is-layout-flow">
<p><strong>klasa III d<br>Wychowawca mgr Agata Motyl</strong></p>



<p>Bała Damian<br>Będzak Amelia<br>Braszka Arleta Aleksandra<br>Czerniawska Martyna<br>Danelski Krzysztof Adam<br>Drab Aleksandra<br>Drab Anna<br>Górniak Agnieszka<br>Hnatiuk Daria<br>Hołota Kamil<br>Jakubowska Adrianna<br>Jarząbek Jolanta<br>Klimela Zuzanna Anna<br>Knowa Karolina<br>Matusiak Piotr Andrzej<br>Nowaczyk Przemysław<br>Nowak Marcin<br>Panicz Paulina<br>Pieróg Agata<br>Politowska Natalia Daria<br>Prus Dominik Jacek<br>Sobczak Grzegorz Łukasz<br>Szachnowska Katarzyna<br>Szot Mirosław<br>Tołłoczko Kamila Janina<br>Tołłoczko Sandra Maria<br>Walentowicz Dominika<br>Pela Aleksandra</p>
</div>
</div>
</div></div>

<p>klasa III aWychowawca mgr Norbert Oleśków Błęcki WojciechCieślak AnetaDereń KarolinaDrozdowska MonikaFira SaraGalant PawełGrzegórzek PaulinaJackowska AlicjaJanicki TadeuszJasek NataliaJuścińska KatarzynaKołodziej MałgorzataKowalska SaraMarczak KarolinaMróz KamilPiotrowska MalwinaPołukord NataliaPrus JustynaRowińska KlaudiaSłowik KarolinaTruong Dong LinTrzęsiel DanielWątor [&hellip;]</p>

<!-- This site is optimized with the Yoast SEO plugin v20.13 - https://yoast.com/wordpress/plugins/seo/ -->
<title>Rok 2015 - ZSP w Chojnie</title>
<meta name="robots" content="index, follow, max-snippet:-1, max-image-preview:large, max-video-preview:-1" />
<link rel="canonical" href="https://zsp1chojna.pl/?page_id=10845" />
<meta property="og:locale" content="pl_PL" />
<meta property="og:type" content="article" />
<meta property="og:title" content="Rok 2015 - ZSP w Chojnie" />
<meta property="og:description" content="klasa III aWychowawca mgr Norbert Oleśków Błęcki WojciechCieślak AnetaDereń KarolinaDrozdowska MonikaFira SaraGalant PawełGrzegórzek PaulinaJackowska AlicjaJanicki TadeuszJasek NataliaJuścińska KatarzynaKołodziej MałgorzataKowalska SaraMarczak KarolinaMróz KamilPiotrowska MalwinaPołukord NataliaPrus JustynaRowińska KlaudiaSłowik KarolinaTruong Dong LinTrzęsiel DanielWątor [&hellip;]" />
<meta property="og:url" content="https://zsp1chojna.pl/?page_id=10845" />
<meta property="og:site_name" content="ZSP w Chojnie" />
<meta property="article:modified_time" content="2024-10-28T08:27:37+00:00" />
<meta name="twitter:card" content="summary_large_image" />
<meta name="twitter:label1" content="Szacowany czas czytania" />
	<meta name="twitter:data1" content="2 minuty" />
<script type="application/ld+json" class="yoast-schema-graph">{"@context":"https://schema.org","@graph":[{"@type":"WebPage","@id":"https://zsp1chojna.pl/?page_id=10845","url":"https://zsp1chojna.pl/?page_id=10845","name":"Rok 2015 - ZSP w Chojnie","isPartOf":{"@id":"https://zsp1chojna.pl/#website"},"datePublished":"2024-10-28T08:27:36+00:00","dateModified":"2024-10-28T08:27:37+00:00","breadcrumb":{"@id":"https://zsp1chojna.pl/?page_id=10845#breadcrumb"},"inLanguage":"pl-PL","potentialAction":[{"@type":"ReadAction","target":["https://zsp1chojna.pl/?page_id=10845"]}]},{"@type":"BreadcrumbList","@id":"https://zsp1chojna.pl/?page_id=10845#breadcrumb","itemListElement":[{"@type":"ListItem","position":1,"name":"Home","item":"https://zsp1chojna.pl/"},{"@type":"ListItem","position":2,"name":"Rok 2015"}]},{"@type":"WebSite","@id":"https://zsp1chojna.pl/#website","url":"https://zsp1chojna.pl/","name":"ZSP w Chojnie","description":"","publisher":{"@id":"https://zsp1chojna.pl/#organization"},"potentialAction":[{"@type":"SearchAction","target":{"@type":"EntryPoint","urlTemplate":"https://zsp1chojna.pl/?s={search_term_string}"},"query-input":"required name=search_term_string"}],"inLanguage":"pl-PL"},{"@type":"Organization","@id":"https://zsp1chojna.pl/#organization","name":"ZSP w Chojnie","url":"https://zsp1chojna.pl/","logo":{"@type":"ImageObject","inLanguage":"pl-PL","@id":"https://zsp1chojna.pl/#/schema/logo/image/","url":"https://zsp1chojna.pl/wp-content/uploads/2023/08/cropped-cropped-cropped-Logo-biale-napis-na-3-wiersze_504-1.png","contentUrl":"https://zsp1chojna.pl/wp-content/uploads/2023/08/cropped-cropped-cropped-Logo-biale-napis-na-3-wiersze_504-1.png","width":504,"height":167,"caption":"ZSP w Chojnie"},"image":{"@id":"https://zsp1chojna.pl/#/schema/logo/image/"}}]}</script>
<!-- / Yoast SEO plugin. -->

klasa III aWychowawca mgr Norbert Oleśków Błęcki WojciechCieślak AnetaDereń KarolinaDrozdowska MonikaFira SaraGalant PawełGrzegórzek PaulinaJackowska AlicjaJanicki TadeuszJasek NataliaJuścińska KatarzynaKołodziej MałgorzataKowalska SaraMarczak KarolinaMróz KamilPiotrowska MalwinaPołukord NataliaPrus JustynaRowińska KlaudiaSłowik KarolinaTruong Dong LinTrzęsiel DanielWątor [&hellip;]
