{"id":10815,"date":"2024-10-28T09:13:19","date_gmt":"2024-10-28T08:13:19","guid":{"rendered":"https:\/\/zsp1chojna.pl\/?page_id=10815"},"modified":"2024-10-28T09:13:20","modified_gmt":"2024-10-28T08:13:20","slug":"rok-1991","status":"publish","type":"page","link":"https:\/\/zsp1chojna.pl\/?page_id=10815","title":{"rendered":"Rok 1991"},"content":{"rendered":"<style>.kadence-column10815_ad5f94-d6 > .kt-inside-inner-col,.kadence-column10815_ad5f94-d6 > .kt-inside-inner-col:before{border-top-left-radius:0px;border-top-right-radius:0px;border-bottom-right-radius:0px;border-bottom-left-radius:0px;}.kadence-column10815_ad5f94-d6 > .kt-inside-inner-col:before{opacity:0.3;}.kadence-column10815_ad5f94-d6{position:relative;}<\/style>\n<div class=\"wp-block-kadence-column kadence-column10815_ad5f94-d6\"><div class=\"kt-inside-inner-col\">\n<div class=\"wp-block-columns is-layout-flex wp-container-core-columns-is-layout-9d6595d7 wp-block-columns-is-layout-flex\">\n<div class=\"wp-block-column is-layout-flow wp-block-column-is-layout-flow\">\n<p>Baranowska Monika<br>Barticzka Bogus\u0142aw<br>Bartkowska Dorota<br>Bednarczuk Marta<br>Bielnis Ewa<br>Bojsarowicz Edyta<br>Boratczuk Artur<br>Demko Urszula<br>Fili\u0144ska Agata<br>Fr\u0105ckowiak Aneta<br>Gabryszak Beata<br>Gajowski Robert<br>Gli\u0144ska Maria<br>Grabczyk Edyta<br>Gregu\u0142a Dorota<br>Gronek Anna<br>Jakubiak Joanna<br>Jankowska Anna<br>Jesionek Piotr<br>J\u0119druszkiewicz Izabela<br>J\u0119drzejczak Przemys\u0142aw<br>Juzyszyn Piotr<br>Juzyszyn Ryszard<br>K\u0119cka Eryka<br>Kierul Anna<br>Klisowski Dariusz<br>Kukla Agnieszka<br>Kusiak Gra\u017cyna<br>Martynowicz Ma\u0142gorzata<br>Ma\u015blanek \u017baneta<br>Matoszko Ma\u0142gorzata<br>Mazur Wioletta<br>Miecznikowska Renata<br>Migacz Sylwia<\/p>\n<\/div>\n\n\n\n<div class=\"wp-block-column is-layout-flow wp-block-column-is-layout-flow\">\n<p>Miko\u0142ajczyk Anna<br>Miler Pawe\u0142<br>Nied\u017awiecka Anna<br>Nita Rados\u0142aw<br>Ogonowska Renata<br>Owsianiska Danuta<br>Pawluk Marzena<br>Piasecka Aneta<br>Pierzcha\u0142a Konrad<br>Podyma Joanna<br>Prus Beata<br>Przybylski Jaros\u0142aw<br>Remis Ewelina<br>Ruchniak Anna<br>Rusek El\u017cbieta<br>Sawka Witold<br>Szczerbicka Beata<br>Szmagaj Marcin<br>Szott Tomasz Pawe\u0142<br>Szulc Sebastian<br>Szyd\u0142owska Jadwiga<br>Szyszka Krystian<br>Tyrcha Joanna<br>Wawrzyniak Aurelia<br>Wieder Izabela<br>Wilk Piotr<br>Witkowska Marlena<br>Wnuk Marcin<br>Wo\u017aniak Krzysztof<br>Wysoki\u0144ska Sylwia<br>Zalewska Iwona<br>Zarzycka Bernadeta<br>Zubala Rados\u0142aw<br>\u017bebrowski Piotr<br>\u017burawski Artur<\/p>\n<\/div>\n<\/div>\n<\/div><\/div>\n","protected":false},"excerpt":{"rendered":"<p>Baranowska MonikaBarticzka Bogus\u0142awBartkowska DorotaBednarczuk MartaBielnis EwaBojsarowicz EdytaBoratczuk ArturDemko UrszulaFili\u0144ska AgataFr\u0105ckowiak AnetaGabryszak BeataGajowski RobertGli\u0144ska MariaGrabczyk EdytaGregu\u0142a DorotaGronek AnnaJakubiak JoannaJankowska AnnaJesionek PiotrJ\u0119druszkiewicz IzabelaJ\u0119drzejczak Przemys\u0142awJuzyszyn PiotrJuzyszyn RyszardK\u0119cka ErykaKierul AnnaKlisowski DariuszKukla AgnieszkaKusiak Gra\u017cynaMartynowicz Ma\u0142gorzataMa\u015blanek [&hellip;]<\/p>\n","protected":false},"author":10,"featured_media":0,"parent":0,"menu_order":0,"comment_status":"closed","ping_status":"closed","template":"","meta":{"footnotes":""},"class_list":["post-10815","page","type-page","status-publish","hentry"],"yoast_head":"<!-- This site is optimized with the Yoast SEO plugin v20.13 - https:\/\/yoast.com\/wordpress\/plugins\/seo\/ -->\n<title>Rok 1991 - ZSP w Chojnie<\/title>\n<meta name=\"robots\" content=\"index, follow, max-snippet:-1, max-image-preview:large, max-video-preview:-1\" \/>\n<link rel=\"canonical\" href=\"https:\/\/zsp1chojna.pl\/?page_id=10815\" \/>\n<meta property=\"og:locale\" content=\"pl_PL\" \/>\n<meta property=\"og:type\" content=\"article\" \/>\n<meta property=\"og:title\" content=\"Rok 1991 - ZSP w Chojnie\" \/>\n<meta property=\"og:description\" content=\"Baranowska MonikaBarticzka Bogus\u0142awBartkowska DorotaBednarczuk MartaBielnis EwaBojsarowicz EdytaBoratczuk ArturDemko UrszulaFili\u0144ska AgataFr\u0105ckowiak AnetaGabryszak BeataGajowski RobertGli\u0144ska MariaGrabczyk EdytaGregu\u0142a DorotaGronek AnnaJakubiak JoannaJankowska AnnaJesionek PiotrJ\u0119druszkiewicz IzabelaJ\u0119drzejczak Przemys\u0142awJuzyszyn PiotrJuzyszyn RyszardK\u0119cka ErykaKierul AnnaKlisowski DariuszKukla AgnieszkaKusiak Gra\u017cynaMartynowicz Ma\u0142gorzataMa\u015blanek [&hellip;]\" \/>\n<meta property=\"og:url\" content=\"https:\/\/zsp1chojna.pl\/?page_id=10815\" \/>\n<meta property=\"og:site_name\" content=\"ZSP w Chojnie\" \/>\n<meta property=\"article:modified_time\" content=\"2024-10-28T08:13:20+00:00\" \/>\n<meta name=\"twitter:card\" content=\"summary_large_image\" \/>\n<meta name=\"twitter:label1\" content=\"Szacowany czas czytania\" \/>\n\t<meta name=\"twitter:data1\" content=\"1 minuta\" \/>\n<script type=\"application\/ld+json\" class=\"yoast-schema-graph\">{\"@context\":\"https:\/\/schema.org\",\"@graph\":[{\"@type\":\"WebPage\",\"@id\":\"https:\/\/zsp1chojna.pl\/?page_id=10815\",\"url\":\"https:\/\/zsp1chojna.pl\/?page_id=10815\",\"name\":\"Rok 1991 - ZSP w Chojnie\",\"isPartOf\":{\"@id\":\"https:\/\/zsp1chojna.pl\/#website\"},\"datePublished\":\"2024-10-28T08:13:19+00:00\",\"dateModified\":\"2024-10-28T08:13:20+00:00\",\"breadcrumb\":{\"@id\":\"https:\/\/zsp1chojna.pl\/?page_id=10815#breadcrumb\"},\"inLanguage\":\"pl-PL\",\"potentialAction\":[{\"@type\":\"ReadAction\",\"target\":[\"https:\/\/zsp1chojna.pl\/?page_id=10815\"]}]},{\"@type\":\"BreadcrumbList\",\"@id\":\"https:\/\/zsp1chojna.pl\/?page_id=10815#breadcrumb\",\"itemListElement\":[{\"@type\":\"ListItem\",\"position\":1,\"name\":\"Home\",\"item\":\"https:\/\/zsp1chojna.pl\/\"},{\"@type\":\"ListItem\",\"position\":2,\"name\":\"Rok 1991\"}]},{\"@type\":\"WebSite\",\"@id\":\"https:\/\/zsp1chojna.pl\/#website\",\"url\":\"https:\/\/zsp1chojna.pl\/\",\"name\":\"ZSP w Chojnie\",\"description\":\"\",\"publisher\":{\"@id\":\"https:\/\/zsp1chojna.pl\/#organization\"},\"potentialAction\":[{\"@type\":\"SearchAction\",\"target\":{\"@type\":\"EntryPoint\",\"urlTemplate\":\"https:\/\/zsp1chojna.pl\/?s={search_term_string}\"},\"query-input\":\"required name=search_term_string\"}],\"inLanguage\":\"pl-PL\"},{\"@type\":\"Organization\",\"@id\":\"https:\/\/zsp1chojna.pl\/#organization\",\"name\":\"ZSP w Chojnie\",\"url\":\"https:\/\/zsp1chojna.pl\/\",\"logo\":{\"@type\":\"ImageObject\",\"inLanguage\":\"pl-PL\",\"@id\":\"https:\/\/zsp1chojna.pl\/#\/schema\/logo\/image\/\",\"url\":\"https:\/\/zsp1chojna.pl\/wp-content\/uploads\/2023\/08\/cropped-cropped-cropped-Logo-biale-napis-na-3-wiersze_504-1.png\",\"contentUrl\":\"https:\/\/zsp1chojna.pl\/wp-content\/uploads\/2023\/08\/cropped-cropped-cropped-Logo-biale-napis-na-3-wiersze_504-1.png\",\"width\":504,\"height\":167,\"caption\":\"ZSP w Chojnie\"},\"image\":{\"@id\":\"https:\/\/zsp1chojna.pl\/#\/schema\/logo\/image\/\"}}]}<\/script>\n<!-- \/ Yoast SEO plugin. -->","yoast_head_json":{"title":"Rok 1991 - ZSP w Chojnie","robots":{"index":"index","follow":"follow","max-snippet":"max-snippet:-1","max-image-preview":"max-image-preview:large","max-video-preview":"max-video-preview:-1"},"canonical":"https:\/\/zsp1chojna.pl\/?page_id=10815","og_locale":"pl_PL","og_type":"article","og_title":"Rok 1991 - ZSP w Chojnie","og_description":"Baranowska MonikaBarticzka Bogus\u0142awBartkowska DorotaBednarczuk MartaBielnis EwaBojsarowicz EdytaBoratczuk ArturDemko UrszulaFili\u0144ska AgataFr\u0105ckowiak AnetaGabryszak BeataGajowski RobertGli\u0144ska MariaGrabczyk EdytaGregu\u0142a DorotaGronek AnnaJakubiak JoannaJankowska AnnaJesionek PiotrJ\u0119druszkiewicz IzabelaJ\u0119drzejczak Przemys\u0142awJuzyszyn PiotrJuzyszyn RyszardK\u0119cka ErykaKierul AnnaKlisowski DariuszKukla AgnieszkaKusiak Gra\u017cynaMartynowicz Ma\u0142gorzataMa\u015blanek [&hellip;]","og_url":"https:\/\/zsp1chojna.pl\/?page_id=10815","og_site_name":"ZSP w Chojnie","article_modified_time":"2024-10-28T08:13:20+00:00","twitter_card":"summary_large_image","twitter_misc":{"Szacowany czas czytania":"1 minuta"},"schema":{"@context":"https:\/\/schema.org","@graph":[{"@type":"WebPage","@id":"https:\/\/zsp1chojna.pl\/?page_id=10815","url":"https:\/\/zsp1chojna.pl\/?page_id=10815","name":"Rok 1991 - ZSP w Chojnie","isPartOf":{"@id":"https:\/\/zsp1chojna.pl\/#website"},"datePublished":"2024-10-28T08:13:19+00:00","dateModified":"2024-10-28T08:13:20+00:00","breadcrumb":{"@id":"https:\/\/zsp1chojna.pl\/?page_id=10815#breadcrumb"},"inLanguage":"pl-PL","potentialAction":[{"@type":"ReadAction","target":["https:\/\/zsp1chojna.pl\/?page_id=10815"]}]},{"@type":"BreadcrumbList","@id":"https:\/\/zsp1chojna.pl\/?page_id=10815#breadcrumb","itemListElement":[{"@type":"ListItem","position":1,"name":"Home","item":"https:\/\/zsp1chojna.pl\/"},{"@type":"ListItem","position":2,"name":"Rok 1991"}]},{"@type":"WebSite","@id":"https:\/\/zsp1chojna.pl\/#website","url":"https:\/\/zsp1chojna.pl\/","name":"ZSP w Chojnie","description":"","publisher":{"@id":"https:\/\/zsp1chojna.pl\/#organization"},"potentialAction":[{"@type":"SearchAction","target":{"@type":"EntryPoint","urlTemplate":"https:\/\/zsp1chojna.pl\/?s={search_term_string}"},"query-input":"required name=search_term_string"}],"inLanguage":"pl-PL"},{"@type":"Organization","@id":"https:\/\/zsp1chojna.pl\/#organization","name":"ZSP w Chojnie","url":"https:\/\/zsp1chojna.pl\/","logo":{"@type":"ImageObject","inLanguage":"pl-PL","@id":"https:\/\/zsp1chojna.pl\/#\/schema\/logo\/image\/","url":"https:\/\/zsp1chojna.pl\/wp-content\/uploads\/2023\/08\/cropped-cropped-cropped-Logo-biale-napis-na-3-wiersze_504-1.png","contentUrl":"https:\/\/zsp1chojna.pl\/wp-content\/uploads\/2023\/08\/cropped-cropped-cropped-Logo-biale-napis-na-3-wiersze_504-1.png","width":504,"height":167,"caption":"ZSP w Chojnie"},"image":{"@id":"https:\/\/zsp1chojna.pl\/#\/schema\/logo\/image\/"}}]}},"_links":{"self":[{"href":"https:\/\/zsp1chojna.pl\/index.php?rest_route=\/wp\/v2\/pages\/10815","targetHints":{"allow":["GET"]}}],"collection":[{"href":"https:\/\/zsp1chojna.pl\/index.php?rest_route=\/wp\/v2\/pages"}],"about":[{"href":"https:\/\/zsp1chojna.pl\/index.php?rest_route=\/wp\/v2\/types\/page"}],"author":[{"embeddable":true,"href":"https:\/\/zsp1chojna.pl\/index.php?rest_route=\/wp\/v2\/users\/10"}],"replies":[{"embeddable":true,"href":"https:\/\/zsp1chojna.pl\/index.php?rest_route=%2Fwp%2Fv2%2Fcomments&post=10815"}],"version-history":[{"count":1,"href":"https:\/\/zsp1chojna.pl\/index.php?rest_route=\/wp\/v2\/pages\/10815\/revisions"}],"predecessor-version":[{"id":10819,"href":"https:\/\/zsp1chojna.pl\/index.php?rest_route=\/wp\/v2\/pages\/10815\/revisions\/10819"}],"wp:attachment":[{"href":"https:\/\/zsp1chojna.pl\/index.php?rest_route=%2Fwp%2Fv2%2Fmedia&parent=10815"}],"curies":[{"name":"wp","href":"https:\/\/api.w.org\/{rel}","templated":true}]}}