{"id":10064,"date":"2024-07-03T13:38:46","date_gmt":"2024-07-03T11:38:46","guid":{"rendered":"https:\/\/zsp1chojna.pl\/?page_id=10064"},"modified":"2024-07-03T14:13:57","modified_gmt":"2024-07-03T12:13:57","slug":"2024-2","status":"publish","type":"page","link":"https:\/\/zsp1chojna.pl\/?page_id=10064","title":{"rendered":"Rok 2024 &#8211; technik informatyk"},"content":{"rendered":"\n<p><strong>Wychowawca mgr<\/strong> <strong>Renata Czubak<\/strong><\/p>\n\n\n\n<p>Bancewicz Jan<br>Bielak Kamil<br>Czynsz Igor<br>Koszuli\u0144ski Kacper<br>Koz\u0142owski Patryk<br>Kubik Krzysztof<br>Kwa\u015bniewski Mateusz<br>Lewandowski Bart\u0142omiej<br>Matuszewski Jakub<br>Misiun Kamil<br>Orszulak Martyna<br>Po\u015bniak Piotr<br>Rata\u0144czuk Micha\u0142<br>Szyszka Micha\u0142<br>\u015aliwa Jakub<br>\u015ami\u015bniewicz Mateusz<br>Wojdy\u0142a Maciej<br>Zawadzki Oskar<\/p>\n","protected":false},"excerpt":{"rendered":"<p>Wychowawca mgr Renata Czubak Bancewicz JanBielak KamilCzynsz IgorKoszuli\u0144ski KacperKoz\u0142owski PatrykKubik KrzysztofKwa\u015bniewski MateuszLewandowski Bart\u0142omiejMatuszewski JakubMisiun KamilOrszulak MartynaPo\u015bniak PiotrRata\u0144czuk Micha\u0142Szyszka Micha\u0142\u015aliwa Jakub\u015ami\u015bniewicz MateuszWojdy\u0142a MaciejZawadzki Oskar<\/p>\n","protected":false},"author":1,"featured_media":0,"parent":0,"menu_order":0,"comment_status":"closed","ping_status":"closed","template":"","meta":{"footnotes":""},"class_list":["post-10064","page","type-page","status-publish","hentry"],"yoast_head":"<!-- This site is optimized with the Yoast SEO plugin v20.13 - https:\/\/yoast.com\/wordpress\/plugins\/seo\/ -->\n<title>Rok 2024 - technik informatyk - ZSP w Chojnie<\/title>\n<meta name=\"robots\" content=\"index, follow, max-snippet:-1, max-image-preview:large, max-video-preview:-1\" \/>\n<link rel=\"canonical\" href=\"https:\/\/zsp1chojna.pl\/?page_id=10064\" \/>\n<meta property=\"og:locale\" content=\"pl_PL\" \/>\n<meta property=\"og:type\" content=\"article\" \/>\n<meta property=\"og:title\" content=\"Rok 2024 - technik informatyk - ZSP w Chojnie\" \/>\n<meta property=\"og:description\" content=\"Wychowawca mgr Renata Czubak Bancewicz JanBielak KamilCzynsz IgorKoszuli\u0144ski KacperKoz\u0142owski PatrykKubik KrzysztofKwa\u015bniewski MateuszLewandowski Bart\u0142omiejMatuszewski JakubMisiun KamilOrszulak MartynaPo\u015bniak PiotrRata\u0144czuk Micha\u0142Szyszka Micha\u0142\u015aliwa Jakub\u015ami\u015bniewicz MateuszWojdy\u0142a MaciejZawadzki Oskar\" \/>\n<meta property=\"og:url\" content=\"https:\/\/zsp1chojna.pl\/?page_id=10064\" \/>\n<meta property=\"og:site_name\" content=\"ZSP w Chojnie\" \/>\n<meta property=\"article:modified_time\" content=\"2024-07-03T12:13:57+00:00\" \/>\n<meta name=\"twitter:card\" content=\"summary_large_image\" \/>\n<script type=\"application\/ld+json\" class=\"yoast-schema-graph\">{\"@context\":\"https:\/\/schema.org\",\"@graph\":[{\"@type\":\"WebPage\",\"@id\":\"https:\/\/zsp1chojna.pl\/?page_id=10064\",\"url\":\"https:\/\/zsp1chojna.pl\/?page_id=10064\",\"name\":\"Rok 2024 - technik informatyk - ZSP w Chojnie\",\"isPartOf\":{\"@id\":\"https:\/\/zsp1chojna.pl\/#website\"},\"datePublished\":\"2024-07-03T11:38:46+00:00\",\"dateModified\":\"2024-07-03T12:13:57+00:00\",\"breadcrumb\":{\"@id\":\"https:\/\/zsp1chojna.pl\/?page_id=10064#breadcrumb\"},\"inLanguage\":\"pl-PL\",\"potentialAction\":[{\"@type\":\"ReadAction\",\"target\":[\"https:\/\/zsp1chojna.pl\/?page_id=10064\"]}]},{\"@type\":\"BreadcrumbList\",\"@id\":\"https:\/\/zsp1chojna.pl\/?page_id=10064#breadcrumb\",\"itemListElement\":[{\"@type\":\"ListItem\",\"position\":1,\"name\":\"Home\",\"item\":\"https:\/\/zsp1chojna.pl\/\"},{\"@type\":\"ListItem\",\"position\":2,\"name\":\"Rok 2024 &#8211; technik informatyk\"}]},{\"@type\":\"WebSite\",\"@id\":\"https:\/\/zsp1chojna.pl\/#website\",\"url\":\"https:\/\/zsp1chojna.pl\/\",\"name\":\"ZSP w Chojnie\",\"description\":\"\",\"publisher\":{\"@id\":\"https:\/\/zsp1chojna.pl\/#organization\"},\"potentialAction\":[{\"@type\":\"SearchAction\",\"target\":{\"@type\":\"EntryPoint\",\"urlTemplate\":\"https:\/\/zsp1chojna.pl\/?s={search_term_string}\"},\"query-input\":\"required name=search_term_string\"}],\"inLanguage\":\"pl-PL\"},{\"@type\":\"Organization\",\"@id\":\"https:\/\/zsp1chojna.pl\/#organization\",\"name\":\"ZSP w Chojnie\",\"url\":\"https:\/\/zsp1chojna.pl\/\",\"logo\":{\"@type\":\"ImageObject\",\"inLanguage\":\"pl-PL\",\"@id\":\"https:\/\/zsp1chojna.pl\/#\/schema\/logo\/image\/\",\"url\":\"https:\/\/zsp1chojna.pl\/wp-content\/uploads\/2023\/08\/cropped-cropped-cropped-Logo-biale-napis-na-3-wiersze_504-1.png\",\"contentUrl\":\"https:\/\/zsp1chojna.pl\/wp-content\/uploads\/2023\/08\/cropped-cropped-cropped-Logo-biale-napis-na-3-wiersze_504-1.png\",\"width\":504,\"height\":167,\"caption\":\"ZSP w Chojnie\"},\"image\":{\"@id\":\"https:\/\/zsp1chojna.pl\/#\/schema\/logo\/image\/\"}}]}<\/script>\n<!-- \/ Yoast SEO plugin. -->","yoast_head_json":{"title":"Rok 2024 - technik informatyk - ZSP w Chojnie","robots":{"index":"index","follow":"follow","max-snippet":"max-snippet:-1","max-image-preview":"max-image-preview:large","max-video-preview":"max-video-preview:-1"},"canonical":"https:\/\/zsp1chojna.pl\/?page_id=10064","og_locale":"pl_PL","og_type":"article","og_title":"Rok 2024 - technik informatyk - ZSP w Chojnie","og_description":"Wychowawca mgr Renata Czubak Bancewicz JanBielak KamilCzynsz IgorKoszuli\u0144ski KacperKoz\u0142owski PatrykKubik KrzysztofKwa\u015bniewski MateuszLewandowski Bart\u0142omiejMatuszewski JakubMisiun KamilOrszulak MartynaPo\u015bniak PiotrRata\u0144czuk Micha\u0142Szyszka Micha\u0142\u015aliwa Jakub\u015ami\u015bniewicz MateuszWojdy\u0142a MaciejZawadzki Oskar","og_url":"https:\/\/zsp1chojna.pl\/?page_id=10064","og_site_name":"ZSP w Chojnie","article_modified_time":"2024-07-03T12:13:57+00:00","twitter_card":"summary_large_image","schema":{"@context":"https:\/\/schema.org","@graph":[{"@type":"WebPage","@id":"https:\/\/zsp1chojna.pl\/?page_id=10064","url":"https:\/\/zsp1chojna.pl\/?page_id=10064","name":"Rok 2024 - technik informatyk - ZSP w Chojnie","isPartOf":{"@id":"https:\/\/zsp1chojna.pl\/#website"},"datePublished":"2024-07-03T11:38:46+00:00","dateModified":"2024-07-03T12:13:57+00:00","breadcrumb":{"@id":"https:\/\/zsp1chojna.pl\/?page_id=10064#breadcrumb"},"inLanguage":"pl-PL","potentialAction":[{"@type":"ReadAction","target":["https:\/\/zsp1chojna.pl\/?page_id=10064"]}]},{"@type":"BreadcrumbList","@id":"https:\/\/zsp1chojna.pl\/?page_id=10064#breadcrumb","itemListElement":[{"@type":"ListItem","position":1,"name":"Home","item":"https:\/\/zsp1chojna.pl\/"},{"@type":"ListItem","position":2,"name":"Rok 2024 &#8211; technik informatyk"}]},{"@type":"WebSite","@id":"https:\/\/zsp1chojna.pl\/#website","url":"https:\/\/zsp1chojna.pl\/","name":"ZSP w Chojnie","description":"","publisher":{"@id":"https:\/\/zsp1chojna.pl\/#organization"},"potentialAction":[{"@type":"SearchAction","target":{"@type":"EntryPoint","urlTemplate":"https:\/\/zsp1chojna.pl\/?s={search_term_string}"},"query-input":"required name=search_term_string"}],"inLanguage":"pl-PL"},{"@type":"Organization","@id":"https:\/\/zsp1chojna.pl\/#organization","name":"ZSP w Chojnie","url":"https:\/\/zsp1chojna.pl\/","logo":{"@type":"ImageObject","inLanguage":"pl-PL","@id":"https:\/\/zsp1chojna.pl\/#\/schema\/logo\/image\/","url":"https:\/\/zsp1chojna.pl\/wp-content\/uploads\/2023\/08\/cropped-cropped-cropped-Logo-biale-napis-na-3-wiersze_504-1.png","contentUrl":"https:\/\/zsp1chojna.pl\/wp-content\/uploads\/2023\/08\/cropped-cropped-cropped-Logo-biale-napis-na-3-wiersze_504-1.png","width":504,"height":167,"caption":"ZSP w Chojnie"},"image":{"@id":"https:\/\/zsp1chojna.pl\/#\/schema\/logo\/image\/"}}]}},"_links":{"self":[{"href":"https:\/\/zsp1chojna.pl\/index.php?rest_route=\/wp\/v2\/pages\/10064","targetHints":{"allow":["GET"]}}],"collection":[{"href":"https:\/\/zsp1chojna.pl\/index.php?rest_route=\/wp\/v2\/pages"}],"about":[{"href":"https:\/\/zsp1chojna.pl\/index.php?rest_route=\/wp\/v2\/types\/page"}],"author":[{"embeddable":true,"href":"https:\/\/zsp1chojna.pl\/index.php?rest_route=\/wp\/v2\/users\/1"}],"replies":[{"embeddable":true,"href":"https:\/\/zsp1chojna.pl\/index.php?rest_route=%2Fwp%2Fv2%2Fcomments&post=10064"}],"version-history":[{"count":7,"href":"https:\/\/zsp1chojna.pl\/index.php?rest_route=\/wp\/v2\/pages\/10064\/revisions"}],"predecessor-version":[{"id":14249,"href":"https:\/\/zsp1chojna.pl\/index.php?rest_route=\/wp\/v2\/pages\/10064\/revisions\/14249"}],"wp:attachment":[{"href":"https:\/\/zsp1chojna.pl\/index.php?rest_route=%2Fwp%2Fv2%2Fmedia&parent=10064"}],"curies":[{"name":"wp","href":"https:\/\/api.w.org\/{rel}","templated":true}]}}